895
CXUS53 KBIS 011751
CF6HEI
PRELIMINARY LOCAL CLIMATOLOGICAL DATA (WS FORM: F-6)
STATION: HETTINGER ND
MONTH: JULY
YEAR: 2020
LATITUDE: 46 0 N
LONGITUDE: 102 39 W
TEMPERATURE IN F: :PCPN: SNOW: WIND :SUNSHINE: SKY :PK WND
================================================================================
1 2 3 4 5 6A 6B 7 8 9 10 11 12 13 14 15 16 17 18
12Z AVG MX 2MIN
DY MAX MIN AVG DEP HDD CDD WTR SNW DPTH SPD SPD DIR MIN PSBL S-S WX SPD DR
================================================================================
1 83 49 66 0 0 1 0.00 M M 7.0 20 150 M M 0 1 29 200
2 92 56 74 8 0 9 T M M 12.5 30 170 M M 0 3 40 150
3 89 57 73 7 0 8 1.08 M M 13.5 35 110 M M 0 13 51 120
4 87 61 74 7 0 9 0.07 M M 11.2 29 300 M M 2 13 41 300
5 85 61 73 6 0 8 0.04 M M 8.5 24 30 M M 2 13 30 40
6 78 57 68 1 0 3 0.22 M M 7.5 24 90 M M 3 13 33 90
7 82 53 68 1 0 3 0.01 M M 12.6 36 320 M M 1 13 46 320
8 80 50 65 -3 0 0 0.00 M M 4.2 14 30 M M 0 1 20 20
9 79 47 63 -5 2 0 0.00 M M 9.8 25 300 M M 0 32 310
10 83 52 68 0 0 3 0.03 M M 9.5 20 50 M M 3 1 26 280
11 79 48 64 -4 1 0 0.00 M M 10.9 24 300 M M 0 33 300
12 87 52 70 2 0 5 0.00 M M 12.4 23 170 M M 0 35 160
13 81 57 69 1 0 4 0.00 M M 11.0 26 300 M M 1 34 300
14 76 43 60 -9 5 0 0.00 M M 7.7 18 210 M M 1 26 190
15 84 48 66 -3 0 1 0.00 M M 6.1 16 290 M M 1 23 300
16 86 46 66 -3 0 1 0.00 M M 6.6 15 140 M M 0 21 150
17 94 62 78 9 0 13 0.00 M M 10.4 24 320 M M 0 3 32 330
18 81 47 64 -5 1 0 T M M 12.7 28 290 M M 2 38 290
19 83 44 64 -5 1 0 0.00 M M 4.7 14 30 M M 1 19 30
20 74 51 63 -6 2 0 0.40 M M 8.0 21 300 M M 3 123 25 290
21 82 46 64 -6 1 0 0.00 M M 5.9 14 90 M M 3 12 19 330
22 87 60 74 4 0 9 T M M 14.4 23 120 M M 1 3 34 130
23 88 66 77 7 0 12 0.00 M M 12.3 25 130 M M 0 34 130
24 85 56 71 1 0 6 0.06 M M 3.5 14 320 M M 2 1 16 320
25 90 54 72 2 0 7 0.02 M M 7.6 26 70 M M 1 13 35 70
26 86 53 70 0 0 5 0.00 M M 6.3 15 320 M M 4 24 20
27 89 49 69 -1 0 4 0.00 M M 6.2 15 340 M M 1 22 30
28 85 52 69 -1 0 4 0.00 M M M M M M M M 27 160
29 81 58 70 0 0 5 0.00 M M 5.0 10 120 M M 2 12 130
30 88 53 71 1 0 6 0.01 M M 4.1 15 330 M M 1 13 20 330
31 89 51 70 0 0 5 0.01 M M 7.3 38 330 M M 2 13 51 330
================================================================================
SM 2613 1639 13 131 1.95 M 259.4 M 37
================================================================================
AV 84.3 52.9 8.6 FASTST M M 1 MAX(MPH)
MISC ----> # 38 330 # 51 120
================================================================================
NOTES:
# LAST OF SEVERAL OCCURRENCES
COLUMN 17 PEAK WIND IN M.P.H.
PRELIMINARY LOCAL CLIMATOLOGICAL DATA (WS FORM: F-6) , PAGE 2
STATION: HETTINGER ND
MONTH: JULY
YEAR: 2020
LATITUDE: 46 0 N
LONGITUDE: 102 39 W
[TEMPERATURE DATA] [PRECIPITATION DATA] SYMBOLS USED IN COLUMN 16
AVERAGE MONTHLY: 68.6 TOTAL FOR MONTH: 1.95 1 = FOG OR MIST
DPTR FM NORMAL: -0.0 DPTR FM NORMAL: -0.45 2 = FOG REDUCING VISIBILITY
HIGHEST: 94 ON 17 GRTST 24HR 1.08 ON 3- 3 TO 1/4 MILE OR LESS
LOWEST: 43 ON 14 3 = THUNDER
SNOW, ICE PELLETS, HAIL 4 = ICE PELLETS
TOTAL MONTH: M 5 = HAIL
GRTST 24HR M ON M 6 = FREEZING RAIN OR DRIZZLE
GRTST DEPTH: M ON M 7 = DUSTSTORM OR SANDSTORM:
VSBY 1/2 MILE OR LESS
8 = SMOKE OR HAZE
[NO. OF DAYS WITH] [WEATHER - DAYS WITH] 9 = BLOWING SNOW
X = TORNADO
MAX 32 OR BELOW: 0 0.01 INCH OR MORE: 11
MAX 90 OR ABOVE: 3 0.10 INCH OR MORE: 3
MIN 32 OR BELOW: 0 0.50 INCH OR MORE: 1
MIN 0 OR BELOW: 0 1.00 INCH OR MORE: 1
[HDD (BASE 65) ]
TOTAL THIS MO. 13 CLEAR (SCALE 0-3) 28
DPTR FM NORMAL -26 PTCLDY (SCALE 4-7) 2
TOTAL FM JUL 1 13 CLOUDY (SCALE 8-10) 0
DPTR FM NORMAL -26
[CDD (BASE 65) ]
TOTAL THIS MO. 131
DPTR FM NORMAL -19 [PRESSURE DATA]
TOTAL FM JAN 1 224 HIGHEST SLP 30.14 ON 27
DPTR FM NORMAL 24 LOWEST SLP 29.59 ON 7
[REMARKS]
USED COOP SITE DATA FOR PRECIPITATION ON 07/03
#FINAL-07-20#