000
CXUS54 KJAN 011414
CF6HEZ
PRELIMINARY LOCAL CLIMATOLOGICAL DATA (WS FORM: F-6)
STATION: NATCHEZ
MONTH: SEPTEMBER
YEAR: 2019
LATITUDE: 31 37 N
LONGITUDE: 91 15 W
TEMPERATURE IN F: :PCPN: SNOW: WIND :SUNSHINE: SKY :PK WND
================================================================================
1 2 3 4 5 6A 6B 7 8 9 10 11 12 13 14 15 16 17 18
12Z AVG MX 2MIN
DY MAX MIN AVG DEP HDD CDD WTR SNW DPTH SPD SPD DIR MIN PSBL S-S WX SPD DR
================================================================================
1 92 68 80 M 0 15 0.00 0.0 0 4.0 12 80 M M 1 20 40
2 92 68 80 M 0 15 0.00 0.0 0 4.7 14 30 M M 1 21 99
3 94 69 82 M 0 17 0.00 0.0 0 2.9 10 80 M M 1 8 M M
4 94 68 81 M 0 16 0.00 0.0 0 3.3 10 10 M M 0 M M
5 95 68 82 M 0 17 0.00 0.0 0 2.0 8 320 M M 0 8 M M
6 96 71 84 M 0 19 0.00 0.0 0 1.9 10 330 M M 0 8 M M
7 98 71 85 M 0 20 0.00 0.0 0 3.4 9 290 M M 0 M M
8 97 72 85 M 0 20 0.00 0.0 0 2.5 6 200 M M 0 1 M M
9 95 72 84 M 0 19 0.58 0.0 0 3.1 8 340 M M 1 38 M M
10 92 71 82 M 0 17 0.00 0.0 0 5.0 9 120 M M 1 M M
11 94 71 83 M 0 18 0.00 0.0 0 3.6 10 130 M M 1 1 M M
12 94 71 83 M 0 18 0.00 0.0 0 2.0 8 110 M M 1 1 M M
13 96 69 83 M 0 18 0.00 0.0 0 3.6 13 60 M M 3 17 60
14 96 70 83 M 0 18 0.00 0.0 0 4.7 12 90 M M 0 M M
15 94 69 82 M 0 17 0.00 0.0 0 4.4 13 50 M M 2 M M
16 95 68 82 M 0 17 0.00 0.0 0 5.1 12 140 M M 1 1 20 90
17 95 70 83 M 0 18 0.00 0.0 0 4.3 10 140 M M 1 M M
18 95 72 84 M 0 19 0.05 0.0 0 3.7 13 170 M M 2 3 22 160
19 90 71 81 M 0 16 0.00 0.0 0 4.1 10 170 M M 1 M M
20 91 72 82 M 0 17 0.00 0.0 0 6.2 14 130 M M 2 23 110
21 92 69 81 M 0 16 0.00 0.0 0 7.6 17 160 M M 3 24 160
22 91 71 81 M 0 16 0.00 0.0 0 5.4 12 160 M M 2 M M
23 89 70 80 M 0 15 0.00 0.0 0 3.2 8 260 M M 2 M M
24 92 68 80 M 0 15 0.00 0.0 0 3.3 7 290 M M 1 M M
25 92 68 80 M 0 15 0.00 0.0 0 3.5 10 220 M M 0 M M
26 91 66 79 M 0 14 0.00 0.0 0 2.9 9 130 M M 0 M M
27 91 67 79 M 0 14 0.00 0.0 0 4.7 14 140 M M 1 17 210
28 94 72 83 M 0 18 0.00 0.0 0 8.2 17 140 M M 1 21 140
29 94 68 81 M 0 16 0.00 0.0 0 4.2 10 110 M M 2 1 M M
30 93 70 82 M 0 17 0.00 0.0 0 4.7 14 150 M M 2 18 160
================================================================================
SM 2804 2090 0 507 0.63 0.0 122.2 M 33
================================================================================
AV 93.5 69.7 4.1 FASTST M M 1 MAX(MPH)
MISC ----> # 17 160 # 24 160
================================================================================
NOTES:
# LAST OF SEVERAL OCCURRENCES
COLUMN 17 PEAK WIND IN M.P.H.
PRELIMINARY LOCAL CLIMATOLOGICAL DATA (WS FORM: F-6) , PAGE 2
STATION: NATCHEZ
MONTH: SEPTEMBER
YEAR: 2019
LATITUDE: 31 37 N
LONGITUDE: 91 15 W
[TEMPERATURE DATA] [PRECIPITATION DATA] SYMBOLS USED IN COLUMN 16
AVERAGE MONTHLY: 81.6 TOTAL FOR MONTH: 0.63 1 = FOG OR MIST
DPTR FM NORMAL: M DPTR FM NORMAL: M 2 = FOG REDUCING VISIBILITY
HIGHEST: 98 ON 7 GRTST 24HR 0.58 ON 9- 9 TO 1/4 MILE OR LESS
LOWEST: 66 ON 26 3 = THUNDER
SNOW, ICE PELLETS, HAIL 4 = ICE PELLETS
TOTAL MONTH: 0.0 INCH 5 = HAIL
GRTST 24HR 0.0 6 = FREEZING RAIN OR DRIZZLE
GRTST DEPTH: 0 7 = DUSTSTORM OR SANDSTORM:
VSBY 1/2 MILE OR LESS
8 = SMOKE OR HAZE
[NO. OF DAYS WITH] [WEATHER - DAYS WITH] 9 = BLOWING SNOW
X = TORNADO
MAX 32 OR BELOW: 0 0.01 INCH OR MORE: 2
MAX 90 OR ABOVE: 29 0.10 INCH OR MORE: 1
MIN 32 OR BELOW: 0 0.50 INCH OR MORE: 1
MIN 0 OR BELOW: 0 1.00 INCH OR MORE: 0
[HDD (BASE 65) ]
TOTAL THIS MO. 0 CLEAR (SCALE 0-3) 29
DPTR FM NORMAL M PTCLDY (SCALE 4-7) 1
TOTAL FM JUL 1 0 CLOUDY (SCALE 8-10) 0
DPTR FM NORMAL M
[CDD (BASE 65) ]
TOTAL THIS MO. 507
DPTR FM NORMAL M [PRESSURE DATA]
TOTAL FM JAN 1 2408 HIGHEST SLP M ON M
DPTR FM NORMAL M LOWEST SLP M ON M
[REMARKS]
#FINAL-09-19#