000
CXUS51 KLWX 010915
CF6HGR
PRELIMINARY LOCAL CLIMATOLOGICAL DATA (WS FORM: F-6)
STATION: HAGERSTOWN MD
MONTH: FEBRUARY
YEAR: 2024
LATITUDE: 39 42 N
LONGITUDE: 77 43 W
TEMPERATURE IN F: :PCPN: SNOW: WIND :SUNSHINE: SKY :PK WND
================================================================================
1 2 3 4 5 6A 6B 7 8 9 10 11 12 13 14 15 16 17 18
12Z AVG MX 2MIN
DY MAX MIN AVG DEP HDD CDD WTR SNW DPTH SPD SPD DIR MIN PSBL S-S WX SPD DR
================================================================================
1 52 38 45 12 20 0 0.00 M M 6.6 16 270 M M 7 21 280
2 50 39 45 12 20 0 T M M 9.0 21 340 M M 10 27 350
3 50 30 40 7 25 0 0.00 M M 4.9 12 20 M M 2 17 20
4 52 26 39 5 26 0 0.00 M M 2.3 9 340 M M 0 11 340
5 47 28 38 4 27 0 0.00 M M 7.0 16 30 M M 0 20 20
6 44 26 35 1 30 0 0.00 M M 6.9 15 10 M M 0 20 350
7 49 24 37 3 28 0 0.00 M M 1.7 8 110 M M 0 10 110
8 53 30 42 8 23 0 0.00 M M 4.7 13 160 M M 0 15 160
9 64 37 51 17 14 0 T M M 4.2 10 140 M M 1 M M
10 65 48 57 23 8 0 T M M 5.6 14 190 M M 4 17 190
11 59 45 52 17 13 0 0.00 M M 4.3 14 340 M M 7 18 340
12 51 38 45 10 20 0 0.26 M M 3.5 10 50 M M 7 18 14 60
13 44 33 39 4 26 0 0.87 M M 11.5 28 310 M M 9 1 33 310
14 40 31 36 1 29 0 0.00 M M 11.0 26 300 M M 3 33 300
15 49 24 37 2 28 0 T M M 8.8 29 290 M M 2 36 290
16 45 32 39 3 26 0 T M M 9.5 31 290 M M 3 1 41 290
17 34 25 30 -6 35 0 0.10 M M 12.8 29 290 M M 8 12 36 290
18 46 21 34 -2 31 0 0.00 M M 10.0 23 270 M M 0 30 270
19 45 26 36 0 29 0 0.00 M M 4.5 13 350 M M 0 18 320
20 46 24 35 -1 30 0 0.00 M M 6.0 13 170 M M 0 17 190
21 48 26 37 0 28 0 0.00 M M 4.6 13 160 M M 0 18 17 170
22 40 33 37 0 28 0 0.69 M M 4.3 13 170 M M 6 13 17 170
23 51 38 45 8 20 0 0.03 M M 3.4 13 320 M M 5 12 14 320
24 44 29 37 0 28 0 0.01 M M 7.3 15 330 M M 5 1 19 30
25 46 25 36 -2 29 0 0.00 M M 6.8 16 160 M M 0 20 170
26 64 31 48 10 17 0 0.00 0.0 0 4.1 12 150 M M 1 16 150
27 57 37 47 9 18 0 T 0.0 0 7.1 22 160 M M 4 30 180
28 61 33 47 9 18 0 0.53 0.0 0 16.3 45 290 M M 8 13 61 280
29 44 27 36 -2 29 0 0.00 M M 11.3 26 290 M M 0 35 300
================================================================================
SM 1440 904 703 0 2.49 0.0 200.0 M 92
================================================================================
AV 49.7 31.2 6.9 FASTST M M 3 MAX(MPH)
MISC ----> 45 290 61 280
================================================================================
NOTES:
# LAST OF SEVERAL OCCURRENCES
COLUMN 17 PEAK WIND IN M.P.H.
PRELIMINARY LOCAL CLIMATOLOGICAL DATA (WS FORM: F-6) , PAGE 2
STATION: HAGERSTOWN MD
MONTH: FEBRUARY
YEAR: 2024
LATITUDE: 39 42 N
LONGITUDE: 77 43 W
[TEMPERATURE DATA] [PRECIPITATION DATA] SYMBOLS USED IN COLUMN 16
AVERAGE MONTHLY: 40.4 TOTAL FOR MONTH: 2.49 1 = FOG OR MIST
DPTR FM NORMAL: 4.9 DPTR FM NORMAL: 0.52 2 = FOG REDUCING VISIBILITY
HIGHEST: 65 ON 10 GRTST 24HR 1.13 ON 12-13 TO 1/4 MILE OR LESS
LOWEST: 21 ON 18 3 = THUNDER
SNOW, ICE PELLETS, HAIL 4 = ICE PELLETS
TOTAL MONTH: 0.0 INCH 5 = HAIL
GRTST 24HR 0.0 6 = FREEZING RAIN OR DRIZZLE
GRTST DEPTH: 0 7 = DUSTSTORM OR SANDSTORM:
VSBY 1/2 MILE OR LESS
8 = SMOKE OR HAZE
[NO. OF DAYS WITH] [WEATHER - DAYS WITH] 9 = BLOWING SNOW
X = TORNADO
MAX 32 OR BELOW: 0 0.01 INCH OR MORE: 7
MAX 90 OR ABOVE: 0 0.10 INCH OR MORE: 5
MIN 32 OR BELOW: 18 0.50 INCH OR MORE: 3
MIN 0 OR BELOW: 0 1.00 INCH OR MORE: 0
[HDD (BASE 65) ]
TOTAL THIS MO. 703 CLEAR (SCALE 0-3) 16
DPTR FM NORMAL -125 PTCLDY (SCALE 4-7) 11
TOTAL FM JUL 1 3219 CLOUDY (SCALE 8-10) 2
DPTR FM NORMAL -426
[CDD (BASE 65) ]
TOTAL THIS MO. 0
DPTR FM NORMAL 0 [PRESSURE DATA]
TOTAL FM JAN 1 0 HIGHEST SLP 30.52 ON 29
DPTR FM NORMAL 0 LOWEST SLP 29.46 ON 13
[REMARKS]
#FINAL-02-24#