000
CXUS56 KLOX 011255
CF6HHR
PRELIMINARY LOCAL CLIMATOLOGICAL DATA (WS FORM: F-6)
STATION: HAWTHORNE AIRPORT CA
MONTH: JANUARY
YEAR: 2024
LATITUDE: 33 55 N
LONGITUDE: 118 20 W
TEMPERATURE IN F: :PCPN: SNOW: WIND :SUNSHINE: SKY :PK WND
================================================================================
1 2 3 4 5 6A 6B 7 8 9 10 11 12 13 14 15 16 17 18
12Z AVG MX 2MIN
DY MAX MIN AVG DEP HDD CDD WTR SNW DPTH SPD SPD DIR MIN PSBL S-S WX SPD DR
================================================================================
1 68 51 60 2 5 0 0.00 M M 2.0 10 250 M M 0 18 15 250
2 66 50 58 0 7 0 0.00 M M 3.0 13 250 M M 0 16 230
3 63 53 58 0 7 0 0.18 M M 5.4 23 260 M M 4 1 31 250
4 68 50 59 1 6 0 0.00 M M 3.7 15 320 M M 0 30 320
5 67 47 57 -1 8 0 0.00 M M 2.2 12 250 M M 0 8 15 260
6 65 45 55 -3 10 0 0.00 M M 4.8 18 260 M M 0 8 27 260
7 60 50 55 -3 10 0 T M M 8.9 21 260 M M 1 39 340
8 61 44 53 -5 12 0 0.00 M M 2.4 14 350 M M 0 8 27 350
9 64 44 54 -4 11 0 0.00 M M 1.8 12 260 M M 0 8 14 250
10 62 46 54 -4 11 0 0.00 M M 2.7 14 260 M M 0 19 260
11 66 49 58 0 7 0 0.00 M M 5.8 25 270 M M 1 8 40 270
12 63 44 54 -4 11 0 0.00 M M 2.3 12 250 M M 0 8 14 260
13 63 45 54 -4 11 0 0.00 M M 2.3 13 260 M M 0 8 18 260
14 62 48 55 -3 10 0 0.00 M M 1.5 12 260 M M 3 17 260
15 64 48 56 -2 9 0 0.00 M M 2.2 12 250 M M 0 18 16 280
16 66 50 58 0 7 0 0.00 M M 2.4 15 250 M M 2 18 19 220
17 61 55 58 0 7 0 0.00 M M 2.0 8 250 M M 10 18 10 250
18 67 56 62 4 3 0 0.00 M M 3.3 12 250 M M 3 18 16 250
19 69 53 61 3 4 0 0.00 M M 2.8 10 250 M M 1 18 16 260
20 59 56 58 0 7 0 0.43 M M 4.7 13 90 M M 10 18 20 60
21 65 57 61 3 4 0 0.07 M M 3.5 9 110 M M 9 1 13 90
22 60 57 59 1 6 0 1.17 M M 4.9 16 100 M M 9 1 24 90
23 67 52 60 2 5 0 0.00 M M 3.4 17 250 M M 4 128 20 260
24 64 56 60 2 5 0 0.00 M M 2.8 8 230 M M 7 13 80
25 64 55 60 2 5 0 0.04 M M 3.2 15 250 M M 5 1 20 240
26 74 50 62 4 3 0 0.00 M M 1.9 9 260 M M 0 8 15 270
27 80 52 66 8 0 1 0.00 M M 1.3 12 260 M M 0 14 260
28 80 54 67 9 0 2 0.00 M M 1.7 12 250 M M 0 8 15 260
29 81 54 68 10 0 3 0.00 M M 2.6 13 250 M M 0 16 220
30 74 53 64 6 1 0 0.00 M M 2.1 12 260 M M 0 16 240
31 66 53 60 2 5 0 0.00 M M 5.0 14 90 M M 2 18 18 100
================================================================================
SM 2059 1577 197 6 1.89 M 98.6 M 71
================================================================================
AV 66.4 50.9 3.2 FASTST M M 2 MAX(MPH)
MISC ----> 25 270 40 270
================================================================================
NOTES:
# LAST OF SEVERAL OCCURRENCES
COLUMN 17 PEAK WIND IN M.P.H.
PRELIMINARY LOCAL CLIMATOLOGICAL DATA (WS FORM: F-6) , PAGE 2
STATION: HAWTHORNE AIRPORT CA
MONTH: JANUARY
YEAR: 2024
LATITUDE: 33 55 N
LONGITUDE: 118 20 W
[TEMPERATURE DATA] [PRECIPITATION DATA] SYMBOLS USED IN COLUMN 16
AVERAGE MONTHLY: 58.6 TOTAL FOR MONTH: 1.89 1 = FOG OR MIST
DPTR FM NORMAL: 0.3 DPTR FM NORMAL: -0.78 2 = FOG REDUCING VISIBILITY
HIGHEST: 81 ON 29 GRTST 24HR 1.17 ON 22-22 TO 1/4 MILE OR LESS
LOWEST: 44 ON 12, 9 3 = THUNDER
SNOW, ICE PELLETS, HAIL 4 = ICE PELLETS
TOTAL MONTH: M 5 = HAIL
GRTST 24HR M ON M 6 = FREEZING RAIN OR DRIZZLE
GRTST DEPTH: M ON M 7 = DUSTSTORM OR SANDSTORM:
VSBY 1/2 MILE OR LESS
8 = SMOKE OR HAZE
[NO. OF DAYS WITH] [WEATHER - DAYS WITH] 9 = BLOWING SNOW
X = TORNADO
MAX 32 OR BELOW: 0 0.01 INCH OR MORE: 5
MAX 90 OR ABOVE: 0 0.10 INCH OR MORE: 3
MIN 32 OR BELOW: 0 0.50 INCH OR MORE: 1
MIN 0 OR BELOW: 0 1.00 INCH OR MORE: 1
[HDD (BASE 65) ]
TOTAL THIS MO. 197 CLEAR (SCALE 0-3) 22
DPTR FM NORMAL -19 PTCLDY (SCALE 4-7) 5
TOTAL FM JUL 1 323 CLOUDY (SCALE 8-10) 4
DPTR FM NORMAL -259
[CDD (BASE 65) ]
TOTAL THIS MO. 6
DPTR FM NORMAL 0 [PRESSURE DATA]
TOTAL FM JAN 1 6 HIGHEST SLP 30.31 ON 8
DPTR FM NORMAL 0 LOWEST SLP 29.71 ON 22
[REMARKS]
#FINAL-01-24#