000
CXUS52 KGSP 010817
CF6HKY
PRELIMINARY LOCAL CLIMATOLOGICAL DATA (WS FORM: F-6)
STATION: HICKORY NC
MONTH: AUGUST
YEAR: 2020
LATITUDE: 35 45 N
LONGITUDE: 81 23 W
TEMPERATURE IN F: :PCPN: SNOW: WIND :SUNSHINE: SKY :PK WND
================================================================================
1 2 3 4 5 6A 6B 7 8 9 10 11 12 13 14 15 16 17 18
12Z AVG MX 2MIN
DY MAX MIN AVG DEP HDD CDD WTR SNW DPTH SPD SPD DIR MIN PSBL S-S WX SPD DR
================================================================================
1 88 69 79 2 0 14 0.00 M M 5.0 20 200 M M 1 1 24 200
2 88 71 80 3 0 15 0.06 M M 5.6 17 220 M M 1 38 24 210
3 80 68 74 -3 0 9 0.55 M M 4.8 17 320 M M 7 13 25 330
4 86 66 76 -1 0 11 0.79 M M 3.8 25 300 M M 5 13 32 280
5 88 67 78 1 0 13 2.00 M M 2.4 26 300 M M 6 123 36 210
6 87 67 77 0 0 12 0.52 M M 3.4 16 60 M M 7 13 24 50
7 83 68 76 -1 0 11 1.25 M M 1.8 29 150 M M 5 13 43 200
8 87 68 78 1 0 13 0.00 M M 3.2 13 10 M M 5 123 20 330
9 89 67 78 1 0 13 0.00 M M 2.5 7 210 M M 1 10 170
10 89 68 79 2 0 14 0.00 M M 2.2 10 230 M M 2 12 11 230
11 89 69 79 2 0 14 0.00 M M 1.9 15 230 M M 3 12 18 220
12 84 71 78 1 0 13 1.74 M M 3.2 18 190 M M 3 123 24 190
13 88 70 79 2 0 14 0.13 M M 3.3 20 20 M M 6 13 26 60
14 84 70 77 0 0 12 1.43 M M 2.9 13 20 M M 7 123 17 10
15 82 65 74 -3 0 9 2.87 M M 4.6 23 270 M M 8 1238 30 290
16 84 65 75 -2 0 10 0.00 M M 2.2 8 70 M M 5 12 50
17 84 68 76 -1 0 11 0.72 M M 1.6 14 20 M M 4 138 25 10
18 84 62 73 -3 0 8 0.00 M M 3.1 10 220 M M 1 12 220
19 84 67 76 0 0 11 0.52 M M 2.7 15 190 M M 3 13 22 190
20 80 67 74 -2 0 9 0.00 M M 5.7 10 50 M M 7 1 13 80
21 76 68 72 -4 0 7 0.97 M M 3.8 9 10 M M 9 1 13 350
22 84 70 77 1 0 12 0.00 M M 3.0 12 200 M M 6 1 18 200
23 84 67 76 0 0 11 0.07 M M 5.0 15 190 M M 4 1 21 210
24 82 69 76 0 0 11 T M M 3.2 12 200 M M 3 18 200
25 84 71 78 2 0 13 T M M 4.0 12 210 M M 4 1 16 220
26 90 69 80 4 0 15 0.00 M M 2.8 8 190 M M 0 11 260
27 90 69 80 5 0 15 0.00 M M 2.5 12 260 M M 0 1 16 270
28 88 73 81 6 0 16 0.10 M M 6.3 14 200 M M 1 13 20 180
29 87 73 80 5 0 15 0.14 M M 8.8 18 250 M M 4 1 23 270
30 85 68 77 2 0 12 0.00 M M 0.7 6 190 M M 1 1 8 200
31 82 69 76 2 0 11 0.77 M M 2.5 17 260 M M 7 13 26 250
================================================================================
SM 2640 2119 0 374 14.63 M 108.5 M 126
================================================================================
AV 85.2 68.4 3.5 FASTST M M 4 MAX(MPH)
MISC ----> 29 150 43 200
================================================================================
NOTES:
# LAST OF SEVERAL OCCURRENCES
COLUMN 17 PEAK WIND IN M.P.H.
PRELIMINARY LOCAL CLIMATOLOGICAL DATA (WS FORM: F-6) , PAGE 2
STATION: HICKORY NC
MONTH: AUGUST
YEAR: 2020
LATITUDE: 35 45 N
LONGITUDE: 81 23 W
[TEMPERATURE DATA] [PRECIPITATION DATA] SYMBOLS USED IN COLUMN 16
AVERAGE MONTHLY: 76.8 TOTAL FOR MONTH: 14.63 1 = FOG OR MIST
DPTR FM NORMAL: 0.4 DPTR FM NORMAL: 10.53 2 = FOG REDUCING VISIBILITY
HIGHEST: 90 ON 27,26 GRTST 24HR 4.30 ON 14-15 TO 1/4 MILE OR LESS
LOWEST: 62 ON 18 3 = THUNDER
SNOW, ICE PELLETS, HAIL 4 = ICE PELLETS
TOTAL MONTH: M 5 = HAIL
GRTST 24HR M ON M 6 = FREEZING RAIN OR DRIZZLE
GRTST DEPTH: M ON M 7 = DUSTSTORM OR SANDSTORM:
VSBY 1/2 MILE OR LESS
8 = SMOKE OR HAZE
[NO. OF DAYS WITH] [WEATHER - DAYS WITH] 9 = BLOWING SNOW
X = TORNADO
MAX 32 OR BELOW: 0 0.01 INCH OR MORE: 17
MAX 90 OR ABOVE: 2 0.10 INCH OR MORE: 15
MIN 32 OR BELOW: 0 0.50 INCH OR MORE: 12
MIN 0 OR BELOW: 0 1.00 INCH OR MORE: 5
[HDD (BASE 65) ]
TOTAL THIS MO. 0 CLEAR (SCALE 0-3) 12
DPTR FM NORMAL -1 PTCLDY (SCALE 4-7) 18
TOTAL FM JUL 1 0 CLOUDY (SCALE 8-10) 1
DPTR FM NORMAL 0
[CDD (BASE 65) ]
TOTAL THIS MO. 374
DPTR FM NORMAL 20 [PRESSURE DATA]
TOTAL FM JAN 1 1190 HIGHEST SLP 30.15 ON 24
DPTR FM NORMAL 26 LOWEST SLP 29.69 ON 29
[REMARKS]
#FINAL-08-20#