000
CXUS52 KGSP 010817
CF6HKY
PRELIMINARY LOCAL CLIMATOLOGICAL DATA (WS FORM: F-6)
STATION: HICKORY NC
MONTH: APRIL
YEAR: 2020
LATITUDE: 35 45 N
LONGITUDE: 81 23 W
TEMPERATURE IN F: :PCPN: SNOW: WIND :SUNSHINE: SKY :PK WND
================================================================================
1 2 3 4 5 6A 6B 7 8 9 10 11 12 13 14 15 16 17 18
12Z AVG MX 2MIN
DY MAX MIN AVG DEP HDD CDD WTR SNW DPTH SPD SPD DIR MIN PSBL S-S WX SPD DR
================================================================================
1 56 39 48 -6 17 0 0.00 M M 7.1 21 340 M M 5 29 330
2 63 37 50 -5 15 0 0.00 M M 7.5 16 310 M M 1 24 290
3 73 42 58 3 7 0 0.00 M M 6.0 16 300 M M 0 23 280
4 77 48 63 8 2 0 0.00 M M 3.2 9 50 M M 2 14 50
5 74 50 62 6 3 0 0.00 M M 3.9 10 200 M M 3 15 210
6 79 49 64 8 1 0 T M M 3.2 13 190 M M 2 17 190
7 78 53 66 10 0 1 0.01 M M 4.4 14 200 M M 3 21 210
8 84 56 70 14 0 5 0.00 M M 5.8 21 30 M M 1 30 30
9 77 55 66 9 0 1 0.01 M M 11.5 28 260 M M 1 3 39 300
10 58 43 51 -6 14 0 0.00 M M 8.4 26 310 M M 0 38 310
11 65 33 49 -8 16 0 0.00 M M 4.7 14 200 M M 0 20 190
12 65 46 56 -2 9 0 1.01 M M 3.4 16 310 M M 5 1 26 190
13 75 53 64 6 1 0 1.08 M M 11.7 32 210 M M 5 13 46 220
14 70 47 59 1 6 0 0.00 M M 4.3 12 360 M M 3 17 360
15 59 42 51 -7 14 0 0.00 M M 6.0 15 20 M M 2 23 60
16 65 33 49 -10 16 0 0.00 M M 4.6 21 310 M M 0 30 290
17 69 35 52 -7 13 0 0.00 M M 9.0 25 200 M M 0 33 190
18 67 46 57 -2 8 0 0.01 M M 8.0 21 310 M M 3 29 300
19 63 37 50 -9 15 0 0.01 M M 1.1 9 200 M M 3 10 200
20 69 49 59 -1 6 0 0.69 M M 5.2 14 280 M M 4 1 19 320
21 73 45 59 -1 6 0 0.00 M M 8.3 24 260 M M 3 35 260
22 70 49 60 0 5 0 0.00 M M 7.0 16 310 M M 0 25 330
23 59 50 55 -5 10 0 0.42 M M 3.2 13 200 M M 10 12 19 210
24 75 53 64 3 1 0 T M M 8.9 18 300 M M 5 1 27 210
25 60 50 55 -6 10 0 0.19 M M 4.0 14 90 M M 9 13 19 110
26 70 50 60 -1 5 0 0.00 M M 7.3 24 300 M M 7 1 38 320
27 70 47 59 -2 6 0 0.00 M M 7.6 20 310 M M 1 27 320
28 72 41 57 -5 8 0 0.00 M M 3.5 10 200 M M 1 15 190
29 76 51 64 2 1 0 1.85 M M 8.1 22 280 M M 5 1 30 260
30 63 48 56 -6 9 0 0.41 M M 3.8 9 300 M M 9 1 13 300
================================================================================
SM 2074 1377 224 7 5.69 M 180.7 M 93
================================================================================
AV 69.1 45.9 6.0 FASTST M M 3 MAX(MPH)
MISC ----> # 32 210 # 46 220
================================================================================
NOTES:
# LAST OF SEVERAL OCCURRENCES
COLUMN 17 PEAK WIND IN M.P.H.
PRELIMINARY LOCAL CLIMATOLOGICAL DATA (WS FORM: F-6) , PAGE 2
STATION: HICKORY NC
MONTH: APRIL
YEAR: 2020
LATITUDE: 35 45 N
LONGITUDE: 81 23 W
[TEMPERATURE DATA] [PRECIPITATION DATA] SYMBOLS USED IN COLUMN 16
AVERAGE MONTHLY: 57.5 TOTAL FOR MONTH: 5.69 1 = FOG OR MIST
DPTR FM NORMAL: -0.9 DPTR FM NORMAL: 1.98 2 = FOG REDUCING VISIBILITY
HIGHEST: 84 ON 8 GRTST 24HR 1.85 ON 29-29 TO 1/4 MILE OR LESS
LOWEST: 33 ON 16,11 3 = THUNDER
SNOW, ICE PELLETS, HAIL 4 = ICE PELLETS
TOTAL MONTH: M 5 = HAIL
GRTST 24HR M ON M 6 = FREEZING RAIN OR DRIZZLE
GRTST DEPTH: M ON M 7 = DUSTSTORM OR SANDSTORM:
VSBY 1/2 MILE OR LESS
8 = SMOKE OR HAZE
[NO. OF DAYS WITH] [WEATHER - DAYS WITH] 9 = BLOWING SNOW
X = TORNADO
MAX 32 OR BELOW: 0 0.01 INCH OR MORE: 11
MAX 90 OR ABOVE: 0 0.10 INCH OR MORE: 7
MIN 32 OR BELOW: 0 0.50 INCH OR MORE: 4
MIN 0 OR BELOW: 0 1.00 INCH OR MORE: 3
[HDD (BASE 65) ]
TOTAL THIS MO. 224 CLEAR (SCALE 0-3) 20
DPTR FM NORMAL 2 PTCLDY (SCALE 4-7) 7
TOTAL FM JUL 1 2995 CLOUDY (SCALE 8-10) 3
DPTR FM NORMAL -554
[CDD (BASE 65) ]
TOTAL THIS MO. 7
DPTR FM NORMAL -19 [PRESSURE DATA]
TOTAL FM JAN 1 33 HIGHEST SLP 30.24 ON 17
DPTR FM NORMAL 4 LOWEST SLP 29.49 ON 9
[REMARKS]
#FINAL-04-20#