000
CXUS51 KPBZ 010730
CF6HLG
PRELIMINARY LOCAL CLIMATOLOGICAL DATA (WS FORM: F-6)
STATION: WHEELING WV
MONTH: JULY
YEAR: 2021
LATITUDE: 40 10 N
LONGITUDE: 80 39 W
TEMPERATURE IN F: :PCPN: SNOW: WIND :SUNSHINE: SKY :PK WND
================================================================================
1 2 3 4 5 6A 6B 7 8 9 10 11 12 13 14 15 16 17 18
12Z AVG MX 2MIN
DY MAX MIN AVG DEP HDD CDD WTR SNW DPTH SPD SPD DIR MIN PSBL S-S WX SPD DR
================================================================================
1 73 64 69 -3 0 4 0.49 M M 5.3 16 10 M M 9 12 21 350
2 72 57 65 -7 0 0 0.25 M M 8.3 30 340 M M 4 8 39 360
3 77 55 66 -6 0 1 0.00 M M 6.1 16 280 M M 5 12 21 270
4 83 62 73 1 0 8 0.00 M M 5.3 10 220 M M 5 14 210
5 87 64 76 3 0 11 0.00 M M 5.8 14 190 M M 1 12 19 230
6 89 73 81 8 0 16 0.00 M M 6.0 15 240 M M 1 1 19 250
7 88 68 78 5 0 13 0.49 M M 4.9 23 340 M M 3 138 31 330
8 81 67 74 1 0 9 0.50 M M 6.9 18 210 M M 6 1 23 180
9 79 61 70 -3 0 5 0.00 M M 6.6 17 310 M M 5 1 23 270
10 76 55 66 -7 0 1 0.00 M M 2.4 9 110 M M 2 12 11 260
11 85 63 74 1 0 9 0.52 M M 6.7 22 250 M M 6 13 33 240
12 85 70 78 5 0 13 0.03 M M 5.6 15 220 M M 7 13 21 220
13 84 69 77 4 0 12 0.33 M M 9.6 21 180 M M 4 13 29 170
14 84 69 77 4 0 12 0.00 M M 6.9 14 270 M M 4 19 230
15 85 68 77 4 0 12 0.00 M M 8.4 17 300 M M 2 1 26 300
16 87 68 78 5 0 13 0.11 M M 6.6 20 310 M M 3 13 26 200
17 80 64 72 -1 0 7 0.17 M M 8.6 18 320 M M 6 13 25 310
18 81 59 70 -3 0 5 0.00 M M 5.7 14 340 M M 2 17 330
19 82 61 72 -1 0 7 0.00 M M 2.1 8 330 M M 3 12 13 310
20 83 62 73 0 0 8 0.00 M M 2.3 7 240 M M 4 128 M M
21 79 63 71 -2 0 6 0.00 M M 7.3 15 330 M M 4 1 21 300
22 77 54 66 -7 0 1 0.00 M M 2.7 9 330 M M 2 12 14 290
23 79 57 68 -5 0 3 0.00 M M 1.4 6 260 M M 1 1 M M
24 82 63 73 0 0 8 0.00 M M 5.4 8 210 M M 2 M M
25 84 73 79 6 0 14 0.00 M M 5.9 8 210 M M 5 M M
26 87 65 76 3 0 11 0.00 M M 4.4 16 340 M M 1 12 21 320
27 87 58 73 0 0 8 0.00 M M 2.7 13 270 M M 0 1 15 280
28 87 64 76 3 0 11 0.00 M M 4.1 13 280 M M 1 1 17 330
29 83 65 74 1 0 9 0.04 M M 7.0 17 230 M M 4 13 23 230
30 80 63 72 -1 0 7 0.01 M M 8.2 18 320 M M 5 12 23 340
31 77 56 67 -6 0 2 0.00 M M 3.4 14 210 M M 0 1 17 220
================================================================================
SM 2543 1960 0 246 2.94 M 172.6 M 107
================================================================================
AV 82.0 63.2 5.6 FASTST M M 3 MAX(MPH)
MISC ----> 30 340 39 360
================================================================================
NOTES:
# LAST OF SEVERAL OCCURRENCES
COLUMN 17 PEAK WIND IN M.P.H.
PRELIMINARY LOCAL CLIMATOLOGICAL DATA (WS FORM: F-6) , PAGE 2
STATION: WHEELING WV
MONTH: JULY
YEAR: 2021
LATITUDE: 40 10 N
LONGITUDE: 80 39 W
[TEMPERATURE DATA] [PRECIPITATION DATA] SYMBOLS USED IN COLUMN 16
AVERAGE MONTHLY: 72.6 TOTAL FOR MONTH: 2.94 1 = FOG OR MIST
DPTR FM NORMAL: -0.5 DPTR FM NORMAL: -0.41 2 = FOG REDUCING VISIBILITY
HIGHEST: 89 ON 6 GRTST 24HR 1.71 ON 30- 1 TO 1/4 MILE OR LESS
LOWEST: 54 ON 22 3 = THUNDER
SNOW, ICE PELLETS, HAIL 4 = ICE PELLETS
TOTAL MONTH: M 5 = HAIL
GRTST 24HR M ON M 6 = FREEZING RAIN OR DRIZZLE
GRTST DEPTH: M ON M 7 = DUSTSTORM OR SANDSTORM:
VSBY 1/2 MILE OR LESS
8 = SMOKE OR HAZE
[NO. OF DAYS WITH] [WEATHER - DAYS WITH] 9 = BLOWING SNOW
X = TORNADO
MAX 32 OR BELOW: 0 0.01 INCH OR MORE: 11
MAX 90 OR ABOVE: 0 0.10 INCH OR MORE: 8
MIN 32 OR BELOW: 0 0.50 INCH OR MORE: 2
MIN 0 OR BELOW: 0 1.00 INCH OR MORE: 0
[HDD (BASE 65) ]
TOTAL THIS MO. 0 CLEAR (SCALE 0-3) 13
DPTR FM NORMAL -3 PTCLDY (SCALE 4-7) 17
TOTAL FM JUL 1 0 CLOUDY (SCALE 8-10) 1
DPTR FM NORMAL 0
[CDD (BASE 65) ]
TOTAL THIS MO. 246
DPTR FM NORMAL -8 [PRESSURE DATA]
TOTAL FM JAN 1 560 HIGHEST SLP 30.23 ON 22
DPTR FM NORMAL 93 LOWEST SLP 29.83 ON 29
[REMARKS]
#FINAL-07-21#