000
CXUS51 KPBZ 010730
CF6HLG
PRELIMINARY LOCAL CLIMATOLOGICAL DATA (WS FORM: F-6)
STATION: WHEELING WV
MONTH: APRIL
YEAR: 2021
LATITUDE: 40 10 N
LONGITUDE: 80 39 W
TEMPERATURE IN F: :PCPN: SNOW: WIND :SUNSHINE: SKY :PK WND
================================================================================
1 2 3 4 5 6A 6B 7 8 9 10 11 12 13 14 15 16 17 18
12Z AVG MX 2MIN
DY MAX MIN AVG DEP HDD CDD WTR SNW DPTH SPD SPD DIR MIN PSBL S-S WX SPD DR
================================================================================
1 37 24 31 -15 34 0 T M M 13.1 24 310 M M 8 18 33 300
2 41 21 31 -16 34 0 0.00 M M 8.4 21 320 M M 3 27 280
3 56 25 41 -6 24 0 0.00 M M 8.5 17 210 M M 1 24 220
4 68 46 57 10 8 0 0.00 M M 9.1 18 320 M M 0 25 300
5 72 40 56 8 9 0 T M M 3.6 17 250 M M 3 21 250
6 77 48 63 15 2 0 0.00 M M 4.9 18 250 M M 0 23 250
7 80 56 68 20 0 3 0.00 M M 5.4 13 260 M M 2 8 18 260
8 84 59 72 23 0 7 0.10 M M 10.4 25 110 M M 4 3 31 190
9 75 57 66 17 0 1 0.02 M M 8.0 18 110 M M 4 1 24 200
10 81 56 69 19 0 4 0.73 M M 11.6 28 190 M M 3 1 36 180
11 65 51 58 8 7 0 0.01 M M 10.1 23 220 M M 8 1 34 220
12 55 49 52 2 13 0 0.04 M M 7.1 20 240 M M 10 1 26 250
13 69 48 59 8 6 0 T M M 5.3 14 280 M M 3 1 18 280
14 62 48 55 4 10 0 T M M 5.6 17 220 M M 6 22 220
15 48 40 44 -7 21 0 T M M 9.6 20 280 M M 8 29 250
16 47 40 44 -8 21 0 T M M 8.7 17 280 M M 10 23 270
17 55 38 47 -5 18 0 T M M 4.3 10 260 M M 6 16 290
18 61 34 48 -4 17 0 T M M 4.9 22 260 M M 5 28 250
19 65 38 52 -1 13 0 0.00 M M 5.2 17 260 M M 3 1 24 250
20 66 38 52 -1 13 0 0.00 M M 8.8 20 350 M M 2 26 350
21 41 32 37 -16 28 0 0.12 M M 9.5 25 300 M M 9 128 33 290
22 47 31 39 -15 26 0 T M M 11.3 22 280 M M 8 31 260
23 59 34 47 -7 18 0 0.00 M M 8.5 18 260 M M 0 25 260
24 58 37 48 -6 17 0 0.09 M M 5.1 17 130 M M 5 1 21 130
25 62 41 52 -2 13 0 0.02 M M 8.6 21 320 M M 7 1 28 290
26 63 31 47 -8 18 0 0.00 M M 4.7 12 120 M M 0 14 230
27 83 45 64 9 1 0 0.00 M M 10.1 22 220 M M 0 29 230
28 79 65 72 17 0 7 T M M 10.2 20 230 M M 4 3 27 220
29 69 52 61 5 4 0 0.95 M M 12.7 29 220 M M 10 1 39 210
30 59 43 51 -5 14 0 0.05 M M 13.7 28 290 M M 6 1 38 320
================================================================================
SM 1884 1267 389 22 2.13 M 247.0 M 138
================================================================================
AV 62.8 42.2 8.2 FASTST M M 5 MAX(MPH)
MISC ----> 29 220 39 210
================================================================================
NOTES:
# LAST OF SEVERAL OCCURRENCES
COLUMN 17 PEAK WIND IN M.P.H.
PRELIMINARY LOCAL CLIMATOLOGICAL DATA (WS FORM: F-6) , PAGE 2
STATION: WHEELING WV
MONTH: APRIL
YEAR: 2021
LATITUDE: 40 10 N
LONGITUDE: 80 39 W
[TEMPERATURE DATA] [PRECIPITATION DATA] SYMBOLS USED IN COLUMN 16
AVERAGE MONTHLY: 52.5 TOTAL FOR MONTH: 2.13 1 = FOG OR MIST
DPTR FM NORMAL: 1.1 DPTR FM NORMAL: -0.95 2 = FOG REDUCING VISIBILITY
HIGHEST: 84 ON 8 GRTST 24HR 0.95 ON 28-29 TO 1/4 MILE OR LESS
LOWEST: 21 ON 2 3 = THUNDER
SNOW, ICE PELLETS, HAIL 4 = ICE PELLETS
TOTAL MONTH: M 5 = HAIL
GRTST 24HR M ON M 6 = FREEZING RAIN OR DRIZZLE
GRTST DEPTH: M ON M 7 = DUSTSTORM OR SANDSTORM:
VSBY 1/2 MILE OR LESS
8 = SMOKE OR HAZE
[NO. OF DAYS WITH] [WEATHER - DAYS WITH] 9 = BLOWING SNOW
X = TORNADO
MAX 32 OR BELOW: 0 0.01 INCH OR MORE: 10
MAX 90 OR ABOVE: 0 0.10 INCH OR MORE: 4
MIN 32 OR BELOW: 6 0.50 INCH OR MORE: 2
MIN 0 OR BELOW: 0 1.00 INCH OR MORE: 0
[HDD (BASE 65) ]
TOTAL THIS MO. 389 CLEAR (SCALE 0-3) 13
DPTR FM NORMAL -29 PTCLDY (SCALE 4-7) 11
TOTAL FM JUL 1 4776 CLOUDY (SCALE 8-10) 6
DPTR FM NORMAL -584
[CDD (BASE 65) ]
TOTAL THIS MO. 22
DPTR FM NORMAL 13 [PRESSURE DATA]
TOTAL FM JAN 1 22 HIGHEST SLP 30.49 ON 3
DPTR FM NORMAL 12 LOWEST SLP 29.46 ON 11
[REMARKS]
#FINAL-04-21#