210
CXUS54 KMAF 011210
CF6HOB
PRELIMINARY LOCAL CLIMATOLOGICAL DATA (WS FORM: F-6)
STATION: LEA AIRPORT, HOBBS
MONTH: JANUARY
YEAR: 2021
LATITUDE: 32 40 N
LONGITUDE: 103-12 E
TEMPERATURE IN F: :PCPN: SNOW: WIND :SUNSHINE: SKY :PK WND
================================================================================
1 2 3 4 5 6A 6B 7 8 9 10 11 12 13 14 15 16 17 18
12Z AVG MX 2MIN
DY MAX MIN AVG DEP HDD CDD WTR SNW DPTH SPD SPD DIR MIN PSBL S-S WX SPD DR
================================================================================
1 48 19 34 M 31 0 0.00 M M 8.6 15 10 M M 3 14 360
2 57 23 40 M 25 0 0.00 M M 12.6 26 240 M M 0 25 240
3 63 28 46 M 19 0 0.00 M M 12.1 16 270 M M 0 21 290
4 63 34 49 M 16 0 0.00 M M 11.7 22 360 M M 2 32 360
5 63 27 45 M 20 0 0.00 M M 9.3 21 170 M M 3 26 170
6 54 25 40 M 25 0 0.00 M M 17.0 31 340 M M 1 38 350
7 57 21 39 M 26 0 0.00 M M 7.2 14 170 M M 0 M M
8 39 23 31 M 34 0 0.00 M M 9.0 13 90 M M 2 1 20 100
9 32 27 30 M 35 0 0.00 M M 10.2 16 40 M M 8 12 23 70
10 32 19 26 M 39 0 0.10 M M 10.8 21 70 M M 9 19 28 70
11 32 10 21 M 44 0 0.00 M M 5.3 9 250 M M 5 12 M M
12 43 9 26 M 39 0 0.00 M M 7.0 10 240 M M 0 1 M M
13 57 27 42 M 23 0 0.00 M M 10.8 16 260 M M 0 21 270
14 48 30 39 M 26 0 0.00 M M 12.8 26 310 M M 0 38 10
15 46 23 35 M 30 0 0.00 M M 5.3 10 10 M M 1 13 210
16 57 27 42 M 23 0 0.00 M M 8.2 18 350 M M 0 24 350
17 54 25 40 M 25 0 0.00 M M 6.5 10 300 M M 0 M M
18 68 28 48 M 17 0 0.00 M M 11.2 21 20 M M 0 28 360
19 43 34 39 M 26 0 0.00 M M 12.9 22 40 M M 8 29 40
20 50 34 42 M 23 0 0.00 M M 7.1 14 220 M M 5 M M
21 66 41 54 M 11 0 0.00 M M 7.1 14 250 M M 3 29 250
22 64 37 51 M 14 0 0.00 M M 11.0 14 300 M M 1 1 16 130
23 64 39 52 M 13 0 0.00 M M 10.3 16 200 M M 6 12 22 220
24 66 46 56 M 9 0 0.06 M M 11.3 31 270 M M 7 12 38 270
25 54 28 41 M 24 0 0.00 M M 18.5 31 240 M M 1 40 240
26 50 25 38 M 27 0 0.00 M M 14.4 31 250 M M 4 36 250
27 54 25 40 M 25 0 0.00 M M 9.2 18 310 M M 0 25 280
28 54 27 41 M 24 0 0.00 M M 8.2 16 150 M M 0 20 140
29 64 32 48 M 17 0 0.00 M M 6.2 13 170 M M 3 15 210
30 63 37 50 M 15 0 0.00 M M 20.8 36 300 M M 2 7 46 270
31 59 32 46 M 19 0 0.00 M M 10.9 17 20 M M 1 24 20
================================================================================
SM 1664 862 744 0 0.16 M 323.4 M 75
================================================================================
AV 53.7 27.8 10.4 FASTST M M 2 MAX(MPH)
MISC ----> 36 300 46 270
================================================================================
NOTES:
# LAST OF SEVERAL OCCURRENCES
COLUMN 17 PEAK WIND IN M.P.H.
PRELIMINARY LOCAL CLIMATOLOGICAL DATA (WS FORM: F-6) , PAGE 2
STATION: LEA AIRPORT, HOBBS
MONTH: JANUARY
YEAR: 2021
LATITUDE: 32 40 N
LONGITUDE: 103-12 E
[TEMPERATURE DATA] [PRECIPITATION DATA] SYMBOLS USED IN COLUMN 16
AVERAGE MONTHLY: 40.7 TOTAL FOR MONTH: 0.16 1 = FOG OR MIST
DPTR FM NORMAL: 0.0 DPTR FM NORMAL: M 2 = FOG REDUCING VISIBILITY
HIGHEST: 68 ON 18 GRTST 24HR 0.10 ON 10-10 TO 1/4 MILE OR LESS
LOWEST: 9 ON 12 3 = THUNDER
SNOW, ICE PELLETS, HAIL 4 = ICE PELLETS
TOTAL MONTH: M 5 = HAIL
GRTST 24HR M ON M 6 = FREEZING RAIN OR DRIZZLE
GRTST DEPTH: M ON M 7 = DUSTSTORM OR SANDSTORM:
VSBY 1/2 MILE OR LESS
8 = SMOKE OR HAZE
[NO. OF DAYS WITH] [WEATHER - DAYS WITH] 9 = BLOWING SNOW
X = TORNADO
MAX 32 OR BELOW: 3 0.01 INCH OR MORE: 2
MAX 90 OR ABOVE: 0 0.10 INCH OR MORE: 0
MIN 32 OR BELOW: 23 0.50 INCH OR MORE: 0
MIN 0 OR BELOW: 0 1.00 INCH OR MORE: 0
[HDD (BASE 65) ]
TOTAL THIS MO. 744 CLEAR (SCALE 0-3) 22
DPTR FM NORMAL M PTCLDY (SCALE 4-7) 8
TOTAL FM JUL 1 1950 CLOUDY (SCALE 8-10) 1
DPTR FM NORMAL M
[CDD (BASE 65) ]
TOTAL THIS MO. 0
DPTR FM NORMAL M [PRESSURE DATA]
TOTAL FM JAN 1 0 HIGHEST SLP M ON M
DPTR FM NORMAL M LOWEST SLP M ON M
[REMARKS]
#FINAL-01-21#