762
CXUS54 KHGX 020546
CF6HOU
PRELIMINARY LOCAL CLIMATOLOGICAL DATA (WS FORM: F-6)
STATION: HOUSTON/HOBBY AIRPORT
MONTH: NOVEMBER
YEAR: 2020
LATITUDE: 29 38 N
LONGITUDE: 95 17 W
TEMPERATURE IN F: :PCPN: SNOW: WIND :SUNSHINE: SKY :PK WND
================================================================================
1 2 3 4 5 6A 6B 7 8 9 10 11 12 13 14 15 16 17 18
12Z AVG MX 2MIN
DY MAX MIN AVG DEP HDD CDD WTR SNW DPTH SPD SPD DIR MIN PSBL S-S WX SPD DR
================================================================================
1 79 54 67 -1 0 2 0.00 0.0 0 8.8 22 40 M M 2 18 27 20
2 74 49 62 -5 3 0 0.00 0.0 0 6.6 15 70 M M 2 18 70
3 77 50 64 -3 1 0 0.00 0.0 0 3.7 10 110 M M 1 15 140
4 80 51 66 -1 0 1 0.00 0.0 0 6.2 17 110 M M 1 18 21 100
5 80 63 72 6 0 7 0.00 0.0 0 6.1 14 110 M M 5 1 19 120
6 80 59 70 4 0 5 0.00 0.0 0 4.7 13 110 M M 2 1 19 90
7 84 57 71 5 0 6 0.00 0.0 0 5.8 15 110 M M 1 20 130
8 81 64 73 7 0 8 0.00 0.0 0 8.0 16 120 M M 6 18 20 130
9 84 71 78 13 0 13 T 0.0 0 9.3 17 120 M M 7 1 21 130
10 87 72 80 15 0 15 0.17 0.0 0 5.0 14 110 M M 7 12 16 110
11 85 67 76 11 0 11 0.00 0.0 0 6.5 16 50 M M 3 12 21 60
12 85 64 75 11 0 10 0.00 0.0 0 6.7 12 110 M M 3 1 18 140
13 78 70 74 10 0 9 T 0.0 0 7.4 14 130 M M 10 18 17 130
14 86 70 78 14 0 13 0.00 0.0 0 10.5 22 180 M M 6 1 26 190
15 78 60 69 6 0 4 0.01 0.0 0 12.0 29 360 M M 5 38 10
16 73 49 61 -2 4 0 0.00 0.0 0 5.7 15 60 M M 0 20 60
17 76 48 62 -1 3 0 0.00 0.0 0 6.3 17 70 M M 1 21 70
18 75 52 64 2 1 0 0.00 0.0 0 7.7 15 120 M M 1 20 100
19 78 57 68 6 0 3 0.00 0.0 0 8.9 17 110 M M 3 1 22 100
20 81 65 73 11 0 8 0.00 0.0 0 9.8 17 100 M M 7 12 21 110
21 81 64 73 12 0 8 0.00 0.0 0 6.8 16 130 M M 5 128 21 120
22 83 64 74 13 0 9 0.00 0.0 0 4.3 20 40 M M 7 1 23 40
23 71 59 65 4 0 0 0.00 0.0 0 8.2 18 50 M M 8 8 23 50
24 83 59 71 11 0 6 0.01 0.0 0 12.2 23 180 M M 7 1 30 170
25 76 59 68 8 0 3 T 0.0 0 8.2 22 330 M M 4 26 320
26 75 57 66 6 0 1 0.00 0.0 0 8.3 14 110 M M 7 18 120
27 84 68 76 16 0 11 1.85 0.0 0 6.6 26 320 M M 10 13 35 310
28 69 64 67 8 0 2 1.99 0.0 0 10.0 16 90 M M 10 1 19 80
29 64 50 57 -2 8 0 0.37 0.0 0 16.6 28 330 M M 8 1 34 330
30 58 39 49 -10 16 0 0.00 0.0 0 11.8 24 330 M M 1 8 31 330
================================================================================
SM 2345 1775 36 155 4.40 0.0 238.7 M 140
================================================================================
AV 78.2 59.2 8.0 FASTST M M 5 MAX(MPH)
MISC ----> 29 360 38 10
================================================================================
NOTES:
# LAST OF SEVERAL OCCURRENCES
COLUMN 17 PEAK WIND IN M.P.H.
PRELIMINARY LOCAL CLIMATOLOGICAL DATA (WS FORM: F-6) , PAGE 2
STATION: HOUSTON/HOBBY AIRPORT
MONTH: NOVEMBER
YEAR: 2020
LATITUDE: 29 38 N
LONGITUDE: 95 17 W
[TEMPERATURE DATA] [PRECIPITATION DATA] SYMBOLS USED IN COLUMN 16
AVERAGE MONTHLY: 68.7 TOTAL FOR MONTH: 4.40 1 = FOG OR MIST
DPTR FM NORMAL: 5.5 DPTR FM NORMAL: 0.08 2 = FOG REDUCING VISIBILITY
HIGHEST: 87 ON 10 GRTST 24HR 3.00 ON 27-28 TO 1/4 MILE OR LESS
LOWEST: 39 ON 30 3 = THUNDER
SNOW, ICE PELLETS, HAIL 4 = ICE PELLETS
TOTAL MONTH: 0.0 INCH 5 = HAIL
GRTST 24HR 0.0 6 = FREEZING RAIN OR DRIZZLE
GRTST DEPTH: 0 7 = DUSTSTORM OR SANDSTORM:
VSBY 1/2 MILE OR LESS
8 = SMOKE OR HAZE
[NO. OF DAYS WITH] [WEATHER - DAYS WITH] 9 = BLOWING SNOW
X = TORNADO
MAX 32 OR BELOW: 0 0.01 INCH OR MORE: 6
MAX 90 OR ABOVE: 0 0.10 INCH OR MORE: 4
MIN 32 OR BELOW: 0 0.50 INCH OR MORE: 2
MIN 0 OR BELOW: 0 1.00 INCH OR MORE: 2
[HDD (BASE 65) ]
TOTAL THIS MO. 36 CLEAR (SCALE 0-3) 12
DPTR FM NORMAL -99 PTCLDY (SCALE 4-7) 15
TOTAL FM JUL 1 62 CLOUDY (SCALE 8-10) 3
DPTR FM NORMAL -94
[CDD (BASE 65) ]
TOTAL THIS MO. 155
DPTR FM NORMAL 76 [PRESSURE DATA]
TOTAL FM JAN 1 3914 HIGHEST SLP 30.51 ON 2
DPTR FM NORMAL 799 LOWEST SLP 29.80 ON 10
[REMARKS]
#FINAL-11-20#