000
CXUS54 KHGX 011521
CLMHOU
CLIMATE REPORT
NATIONAL WEATHER SERVICE HOUSTON/GALVESTON TX
1021 AM CDT TUE AUG 01 2023
...................................
...THE HOUSTON/HOBBY AIRPORT CLIMATE SUMMARY FOR THE MONTH OF JULY 2023...
CLIMATE NORMAL PERIOD: 1991 TO 2020
CLIMATE RECORD PERIOD: 1930 TO 2023
WEATHER OBSERVED NORMAL DEPART LAST YEAR`S
VALUE DATE(S) VALUE FROM VALUE DATE(S)
NORMAL
................................................................
TEMPERATURE (F)
RECORD
HIGH 105 07/08/1939
LOW 64 07/16/1967
07/15/1967
HIGHEST 102 07/31 MM MM 104 07/10
LOWEST 75 07/06 MM MM 77 07/03
07/07
07/16
07/22
AVG. MAXIMUM 97.5 92.9 4.6 97.5
AVG. MINIMUM 79.0 76.6 2.4 78.7
MEAN 88.3 84.8 3.5 88.1
DAYS MAX >= 90 30 26.3 3.7 30
DAYS MAX <= 32 0 0.0 0.0 0
DAYS MIN <= 32 0 0.0 0.0 0
DAYS MIN <= 0 0 0.0 0.0 0
PRECIPITATION (INCHES)
RECORD
MAXIMUM 12.77 2010
TOTALS 2.75 4.59 -1.84
DAILY AVG. 0.09 0.15 -0.06 0.06
DAYS >= .01 6 9.2 -3.2 8
DAYS >= .10 4 6.2 -2.2 3
DAYS >= .50 2 2.8 -0.8 1
DAYS >= 1.00 1 1.5 -0.5 1
GREATEST
24 HR. TOTAL 1.58 07/25 TO 07/25 1.13 07/01 TO 07/02
SNOWFALL (INCHES)
RECORDS
TOTAL MM MM
TOTALS 0.0
SINCE 7/1 0.0
LIQUID 7/1 0.00
DAYS >= TRACE 0
GREATEST
24 HR TOTAL 0.0
DEGREE DAYS
HEATING TOTAL 0 0 0 0
SINCE 7/1 0 0 0 MM
COOLING TOTAL 729 612 117 726
SINCE 1/1 2372 1872 500 MM
................................................................
WIND (MPH)
AVERAGE WIND SPEED 7.9
HIGHEST WIND SPEED/DIRECTION 26/170 DATE 07/05
HIGHEST GUST SPEED/DIRECTION 40/100 DATE 07/25
SKY COVER
AVERAGE SKY COVER 0.41
AVERAGE RH (PERCENT) 67
WEATHER CONDITIONS. NUMBER OF DAYS WITH
THUNDERSTORM 10 MIXED PRECIP 0
HEAVY RAIN 3 RAIN 2
LIGHT RAIN 12 FREEZING RAIN 0
LT FREEZING RAIN 0 HAIL 0
HEAVY SNOW 0 SNOW 0
LIGHT SNOW 0 SLEET 0
FOG 3 FOG W/VIS <= 1/4 MILE 0
HAZE 1
- INDICATES NEGATIVE NUMBERS.
R INDICATES RECORD WAS SET OR TIED.
MM INDICATES DATA IS MISSING.
T INDICATES TRACE AMOUNT.
$$