000
CXUS55 KSEW 010930
CF6HQM
PRELIMINARY LOCAL CLIMATOLOGICAL DATA (WS FORM: F-6)
STATION: HOQUIAM WA AIRPORT
MONTH: MAY
YEAR: 2023
LATITUDE: 46 58 N
LONGITUDE: 123 56 W
TEMPERATURE IN F: :PCPN: SNOW: WIND :SUNSHINE: SKY :PK WND
================================================================================
1 2 3 4 5 6A 6B 7 8 9 10 11 12 13 14 15 16 17 18
12Z AVG MX 2MIN
DY MAX MIN AVG DEP HDD CDD WTR SNW DPTH SPD SPD DIR MIN PSBL S-S WX SPD DR
================================================================================
1 58 48 53 2 12 0 T M M 6.0 15 290 M M 8 1 20 300
2 63 50 57 6 8 0 0.00 M M 8.7 21 240 M M 5 25 240
3 57 51 54 3 11 0 T M M 7.9 17 250 M M 10 1 21 240
4 52 50 51 -1 14 0 0.42 M M 8.2 21 260 M M 10 1 25 260
5 52 48 50 -2 15 0 0.04 M M 6.9 15 240 M M 10 1 19 250
6 58 47 53 1 12 0 0.05 M M 7.0 17 250 M M 8 1 21 260
7 57 43 50 -2 15 0 T M M 5.5 17 230 M M 6 1 22 220
8 63 41 52 0 13 0 0.00 M M 8.3 20 290 M M 0 24 290
9 61 47 54 2 11 0 0.00 M M 7.0 16 270 M M 2 21 260
10 67 42 55 3 10 0 M M M 6.0 18 290 M M 0 18 23 290
11 68 50 59 6 6 0 0.00 M M 6.3 16 290 M M 1 21 310
12 78 47 63 10 2 0 0.00 M M 6.5 15 290 M M 0 18 18 330
13 89 51 70 17 0 5 0.00 M M 6.0 13 340 M M 0 18 290
14 91 57 74 21 0 9 0.00 M M 10.2 24 80 M M 0 34 70
15 74 58 66 13 0 1 0.00 M M 11.9 21 260 M M 4 8 25 260
16 64 57 61 7 4 0 0.00 M M 8.1 14 260 M M 6 19 270
17 68 56 62 8 3 0 0.00 M M 8.0 17 260 M M 5 18 20 260
18 63 56 60 6 5 0 0.00 M M 8.6 16 260 M M 10 1 20 270
19 67 55 61 7 4 0 0.00 M M 8.1 17 270 M M 6 22 270
20 64 54 59 5 6 0 0.00 M M 11.4 21 260 M M 8 28 290
21 61 54 58 4 7 0 T M M 13.8 24 290 M M 8 33 290
22 61 52 57 3 8 0 0.00 M M 11.5 20 290 M M 9 8 27 280
23 60 46 53 -1 12 0 0.00 M M 5.8 16 250 M M 4 21 260
24 64 48 56 2 9 0 0.00 M M 6.9 18 260 M M 0 1 23 260
25 70 47 59 4 6 0 0.00 M M 7.2 16 270 M M 3 1 23 280
26 62 52 57 2 8 0 0.00 M M 8.6 18 260 M M 9 18 23 300
27 61 53 57 2 8 0 0.00 M M 12.5 20 290 M M 10 26 280
28 62 52 57 2 8 0 0.00 M M 10.2 21 260 M M 7 27 270
29 62 51 57 2 8 0 0.00 M M 10.7 20 290 M M 5 30 270
30 61 49 55 0 10 0 0.00 M M 13.5 24 290 M M 1 35 300
31 61 47 54 -1 11 0 0.00 M M 11.1 21 290 M M 0 30 280
================================================================================
SM 1999 1559 246 15 0.51 M 268.4 M 155
================================================================================
AV 64.5 50.3 8.7 FASTST M M 5 MAX(MPH)
MISC ----> # 24 80 35 300
================================================================================
NOTES:
# LAST OF SEVERAL OCCURRENCES
COLUMN 17 PEAK WIND IN M.P.H.
PRELIMINARY LOCAL CLIMATOLOGICAL DATA (WS FORM: F-6) , PAGE 2
STATION: HOQUIAM WA AIRPORT
MONTH: MAY
YEAR: 2023
LATITUDE: 46 58 N
LONGITUDE: 123 56 W
[TEMPERATURE DATA] [PRECIPITATION DATA] SYMBOLS USED IN COLUMN 16
AVERAGE MONTHLY: 57.4 TOTAL FOR MONTH: 0.51 1 = FOG OR MIST
DPTR FM NORMAL: 4.0 DPTR FM NORMAL: -2.48 2 = FOG REDUCING VISIBILITY
HIGHEST: 91 ON 14 GRTST 24HR 0.46 ON 4- 5 TO 1/4 MILE OR LESS
LOWEST: 41 ON 8 3 = THUNDER
SNOW, ICE PELLETS, HAIL 4 = ICE PELLETS
TOTAL MONTH: M 5 = HAIL
GRTST 24HR M ON M 6 = FREEZING RAIN OR DRIZZLE
GRTST DEPTH: M ON M 7 = DUSTSTORM OR SANDSTORM:
VSBY 1/2 MILE OR LESS
8 = SMOKE OR HAZE
[NO. OF DAYS WITH] [WEATHER - DAYS WITH] 9 = BLOWING SNOW
X = TORNADO
MAX 32 OR BELOW: 0 0.01 INCH OR MORE: 3
MAX 90 OR ABOVE: 1 0.10 INCH OR MORE: 1
MIN 32 OR BELOW: 0 0.50 INCH OR MORE: 0
MIN 0 OR BELOW: 0 1.00 INCH OR MORE: 0
[HDD (BASE 65) ]
TOTAL THIS MO. 246 CLEAR (SCALE 0-3) 11
DPTR FM NORMAL -116 PTCLDY (SCALE 4-7) 12
TOTAL FM JUL 1 4120 CLOUDY (SCALE 8-10) 8
DPTR FM NORMAL -755
[CDD (BASE 65) ]
TOTAL THIS MO. 15
DPTR FM NORMAL 14 [PRESSURE DATA]
TOTAL FM JAN 1 18 HIGHEST SLP M ON M
DPTR FM NORMAL 17 LOWEST SLP 29.73 ON 2
[REMARKS]
#FINAL-05-23#