000
CXUS54 KBRO 010900
CF6HRL
PRELIMINARY LOCAL CLIMATOLOGICAL DATA (WS FORM: F-6)
STATION: HARLINGEN
MONTH: FEBRUARY
YEAR: 2022
LATITUDE: 26 13 N
LONGITUDE: 97 40 W
TEMPERATURE IN F: :PCPN: SNOW: WIND :SUNSHINE: SKY :PK WND
================================================================================
1 2 3 4 5 6A 6B 7 8 9 10 11 12 13 14 15 16 17 18
12Z AVG MX 2MIN
DY MAX MIN AVG DEP HDD CDD WTR SNW DPTH SPD SPD DIR MIN PSBL S-S WX SPD DR
================================================================================
1 73 54 64 2 1 0 0.00 0.0 0 6.3 14 90 M M 5 12 19 80
2 82 62 72 9 0 7 T 0.0 0 13.6 25 150 M M 9 128 33 160
3 71 37 54 -9 11 0 0.04 0.0 0 19.9 30 340 M M 10 1 38 340
4 47 33 40 -23 25 0 0.00 0.0 0 18.2 30 340 M M 9 39 330
5 54 30 42 -21 23 0 0.00 0.0 0 7.7 15 10 M M 0 20 20
6 64 36 50 -13 15 0 0.31 0.0 0 5.7 12 90 M M 7 1 14 90
7 63 47 55 -9 10 0 1.18 0.0 0 11.1 22 360 M M 9 1 28 30
8 68 40 54 -10 11 0 0.00 0.0 0 7.0 15 100 M M 0 18 100
9 74 38 56 -8 9 0 0.00 0.0 0 4.7 17 80 M M 0 22 70
10 73 46 60 -4 5 0 0.00 0.0 0 5.1 15 80 M M 6 18 80
11 75 54 65 1 0 0 0.00 0.0 0 4.9 15 140 M M 8 22 140
12 78 45 62 -2 3 0 0.04 0.0 0 12.9 32 20 M M 7 1 41 20
13 65 34 50 -15 15 0 0.00 0.0 0 10.2 16 30 M M 0 22 30
14 71 39 55 -10 10 0 0.00 0.0 0 7.6 18 140 M M 0 24 140
15 78 44 61 -4 4 0 0.00 0.0 0 11.8 29 150 M M 2 1 36 140
16 81 60 71 6 0 6 0.00 0.0 0 M M M M M 3 M M
17 88 54 71 6 0 6 0.00 0.0 0 M M M M M 0 M M
18 64 41 53 -13 12 0 0.00 0.0 0 M M M M M 0 M M
19 70 44 57 -9 8 0 0.00 0.0 0 M M M M M 3 M M
20 78 52 65 -1 0 0 T 0.0 0 M M M M M 8 1 M M
21 85 67 76 10 0 11 0.00 0.0 0 M M M M M 5 1 M M
22 88 69 79 13 0 14 0.00 0.0 0 M M M M M 4 M M
23 81 41 61 -5 4 0 T 0.0 0 M M M M M 10 18 M M
24 52 38 45 -22 20 0 0.00 0.0 0 M M M M M 10 18 M M
25 44 40 42 -25 23 0 T 0.0 0 M M M M M 10 1 M M
26 46 40 43 -24 22 0 0.05 0.0 0 12.0 18 330 M M 10 1 23 340
27 54 44 49 -18 16 0 0.01 0.0 0 11.9 22 340 M M 10 1 29 340
28 68 38 53 -14 12 0 0.00 0.0 0 7.8 15 50 M M 2 21 30
================================================================================
SM 1935 1267 259 44 1.63 0.0 178.4 M 147
================================================================================
AV 69.1 45.3 9.9 FASTST M M 5 MAX(MPH)
MISC ----> 32 20 41 20
================================================================================
NOTES:
# LAST OF SEVERAL OCCURRENCES
COLUMN 17 PEAK WIND IN M.P.H.
PRELIMINARY LOCAL CLIMATOLOGICAL DATA (WS FORM: F-6) , PAGE 2
STATION: HARLINGEN
MONTH: FEBRUARY
YEAR: 2022
LATITUDE: 26 13 N
LONGITUDE: 97 40 W
[TEMPERATURE DATA] [PRECIPITATION DATA] SYMBOLS USED IN COLUMN 16
AVERAGE MONTHLY: 57.2 TOTAL FOR MONTH: 1.63 1 = FOG OR MIST
DPTR FM NORMAL: -7.7 DPTR FM NORMAL: 0.90 2 = FOG REDUCING VISIBILITY
HIGHEST: 88 ON 22,17 GRTST 24HR 1.49 ON 6- 7 TO 1/4 MILE OR LESS
LOWEST: 30 ON 5 3 = THUNDER
SNOW, ICE PELLETS, HAIL 4 = ICE PELLETS
TOTAL MONTH: 0.0 INCH 5 = HAIL
GRTST 24HR 0.0 6 = FREEZING RAIN OR DRIZZLE
GRTST DEPTH: 0 7 = DUSTSTORM OR SANDSTORM:
VSBY 1/2 MILE OR LESS
8 = SMOKE OR HAZE
[NO. OF DAYS WITH] [WEATHER - DAYS WITH] 9 = BLOWING SNOW
X = TORNADO
MAX 32 OR BELOW: 0 0.01 INCH OR MORE: 6
MAX 90 OR ABOVE: 0 0.10 INCH OR MORE: 2
MIN 32 OR BELOW: 1 0.50 INCH OR MORE: 1
MIN 0 OR BELOW: 0 1.00 INCH OR MORE: 1
[HDD (BASE 65) ]
TOTAL THIS MO. 259 CLEAR (SCALE 0-3) 9
DPTR FM NORMAL 154 PTCLDY (SCALE 4-7) 9
TOTAL FM JUL 1 547 CLOUDY (SCALE 8-10) 10
DPTR FM NORMAL 22
[CDD (BASE 65) ]
TOTAL THIS MO. 44
DPTR FM NORMAL -58 [PRESSURE DATA]
TOTAL FM JAN 1 90 HIGHEST SLP 30.65 ON 5
DPTR FM NORMAL -70 LOWEST SLP 29.65 ON 2
[REMARKS]
#FINAL-02-22#