000
CXUS53 KGID 010830
CF6HSI
PRELIMINARY LOCAL CLIMATOLOGICAL DATA (WS FORM: F-6)
STATION: HASTINGS NE
MONTH: SEPTEMBER
YEAR: 2022
LATITUDE: 40 35 N
LONGITUDE: 98 26 W
TEMPERATURE IN F: :PCPN: SNOW: WIND :SUNSHINE: SKY :PK WND
================================================================================
1 2 3 4 5 6A 6B 7 8 9 10 11 12 13 14 15 16 17 18
12Z AVG MX 2MIN
DY MAX MIN AVG DEP HDD CDD WTR SNW DPTH SPD SPD DIR MIN PSBL S-S WX SPD DR
================================================================================
1 90 65 78 7 0 13 0.00 0.0 0 5.7 15 210 M M 0 22 200
2 94 64 79 8 0 14 0.08 0.0 0 6.4 16 220 M M 0 38 30 240
3 81 55 68 -3 0 3 0.00 0.0 0 9.3 17 10 M M 0 23 20
4 81 47 64 -6 1 0 0.00 0.0 0 5.0 9 110 M M 0 12 90
5 86 59 73 3 0 8 0.00 0.0 0 7.6 14 160 M M 4 12 20 180
6 92 63 78 8 0 13 0.00 0.0 0 6.6 15 200 M M 0 28 21 190
7 91 63 77 7 0 12 0.00 0.0 0 8.9 16 110 M M 0 24 130
8 94 64 79 10 0 14 0.00 0.0 0 11.8 22 170 M M 0 37 170
9 75 54 65 -4 0 0 0.07 0.0 0 14.0 24 10 M M 4 13 34 20
10 66 50 58 -11 7 0 1.13 0.0 0 7.9 24 40 M M 6 13 37 70
11 76 48 62 -6 3 0 0.00 0.0 0 4.9 13 290 M M 0 17 300
12 84 51 68 0 0 3 0.00 0.0 0 5.5 12 250 M M 0 8 20 200
13 91 57 74 6 0 9 0.00 0.0 0 6.9 16 180 M M 0 31 170
14 88 63 76 9 0 11 0.00 0.0 0 11.1 18 170 M M 0 30 170
15 89 64 77 10 0 12 0.62 0.0 0 12.0 22 180 M M 2 138 38 180
16 84 63 74 8 0 9 0.07 0.0 0 7.2 22 320 M M 1 13 29 320
17 84 63 74 8 0 9 0.01 0.0 0 6.4 18 130 M M 2 3 28 130
18 84 61 73 7 0 8 0.00 0.0 0 8.0 17 350 M M 2 1 22 360
19 96 63 80 15 0 15 0.00 0.0 0 8.0 17 180 M M 1 12 32 170
20 99 69 84 19 0 19 0.00 0.0 0 7.2 15 170 M M 0 8 26 230
21 72 53 63 -2 2 0 0.29 0.0 0 11.2 23 30 M M 5 13 33 30
22 57 50 54 -10 11 0 0.00 0.0 0 6.0 13 130 M M 6 21 130
23 75 52 64 0 1 0 0.00 0.0 0 7.8 17 210 M M 6 23 200
24 86 51 69 6 0 4 0.00 0.0 0 6.4 14 360 M M 0 19 290
25 78 47 63 0 2 0 0.00 0.0 0 9.5 23 330 M M 1 35 340
26 76 42 59 -3 6 0 0.00 0.0 0 3.7 8 310 M M 0 13 130
27 81 47 64 2 1 0 0.00 0.0 0 6.8 15 80 M M 0 24 360
28 74 50 62 0 3 0 0.00 0.0 0 9.9 16 110 M M 0 24 130
29 78 47 63 2 2 0 0.00 0.0 0 11.7 22 160 M M 0 35 160
30 83 54 69 8 0 4 0.00 0.0 0 13.6 21 150 M M 0 34 180
================================================================================
SM 2485 1679 39 180 2.27 0.0 247.0 M 40
================================================================================
AV 82.8 56.0 8.2 FASTST M M 1 MAX(MPH)
MISC ----> # 24 10 38 180
================================================================================
NOTES:
# LAST OF SEVERAL OCCURRENCES
COLUMN 17 PEAK WIND IN M.P.H.
PRELIMINARY LOCAL CLIMATOLOGICAL DATA (WS FORM: F-6) , PAGE 2
STATION: HASTINGS NE
MONTH: SEPTEMBER
YEAR: 2022
LATITUDE: 40 35 N
LONGITUDE: 98 26 W
[TEMPERATURE DATA] [PRECIPITATION DATA] SYMBOLS USED IN COLUMN 16
AVERAGE MONTHLY: 69.4 TOTAL FOR MONTH: 2.27 1 = FOG OR MIST
DPTR FM NORMAL: 3.0 DPTR FM NORMAL: 0.21 2 = FOG REDUCING VISIBILITY
HIGHEST: 99 ON 20 GRTST 24HR 1.20 ON 9-10 TO 1/4 MILE OR LESS
LOWEST: 42 ON 26 3 = THUNDER
SNOW, ICE PELLETS, HAIL 4 = ICE PELLETS
TOTAL MONTH: 0.0 INCH 5 = HAIL
GRTST 24HR 0.0 6 = FREEZING RAIN OR DRIZZLE
GRTST DEPTH: 0 7 = DUSTSTORM OR SANDSTORM:
VSBY 1/2 MILE OR LESS
8 = SMOKE OR HAZE
[NO. OF DAYS WITH] [WEATHER - DAYS WITH] 9 = BLOWING SNOW
X = TORNADO
MAX 32 OR BELOW: 0 0.01 INCH OR MORE: 7
MAX 90 OR ABOVE: 8 0.10 INCH OR MORE: 3
MIN 32 OR BELOW: 0 0.50 INCH OR MORE: 2
MIN 0 OR BELOW: 0 1.00 INCH OR MORE: 1
[HDD (BASE 65) ]
TOTAL THIS MO. 39 CLEAR (SCALE 0-3) 24
DPTR FM NORMAL -44 PTCLDY (SCALE 4-7) 6
TOTAL FM JUL 1 41 CLOUDY (SCALE 8-10) 0
DPTR FM NORMAL -49
[CDD (BASE 65) ]
TOTAL THIS MO. 180
DPTR FM NORMAL 53 [PRESSURE DATA]
TOTAL FM JAN 1 1316 HIGHEST SLP 30.42 ON 28
DPTR FM NORMAL 197 LOWEST SLP 29.69 ON 9
[REMARKS]
#FINAL-09-22#