000
CXUS53 KGID 011559
CLMHSI
CLIMATE REPORT
NATIONAL WEATHER SERVICE HASTINGS NE
1059 AM CDT WED NOV 01 2023
...................................
...THE HASTINGS NE CLIMATE SUMMARY FOR THE MONTH OF OCTOBER 2023...
CLIMATE NORMAL PERIOD 1991 TO 2020
CLIMATE RECORD PERIOD 1894 TO 2023
WEATHER OBSERVED NORMAL DEPART LAST YEAR`S
VALUE DATE(S) VALUE FROM VALUE DATE(S)
NORMAL
................................................................
TEMPERATURE (F)
RECORD
HIGH 97 10/05/1947
LOW 4 10/27/1997
HIGHEST 89 10/01 88 1 88 10/23
LOWEST 16 10/30 22 -6 20 10/18
AVG. MAXIMUM 65.1 65.3 -0.2 68.9
AVG. MINIMUM 41.2 41.1 0.1 40.0
MEAN 53.2 53.2 -0.0 54.4
DAYS MAX >= 90 0 0.4 -0.4 0
DAYS MAX <= 32 1 0.3 0.7 0
DAYS MIN <= 32 6 5.4 0.6 6
DAYS MIN <= 0 0 0.0 0.0 0
PRECIPITATION (INCHES)
RECORD
MAXIMUM 6.16 2008
MINIMUM 0.00 1988
TOTALS 1.37 1.96 -0.59 0.53
DAILY AVG. 0.04 0.06 -0.02 0.02
DAYS >= .01 9 7.2 1.8 4
DAYS >= .10 2 3.7 -1.7 2
DAYS >= .50 1 1.3 -0.3 0
DAYS >= 1.00 1 0.3 0.7 0
GREATEST
24 HR. TOTAL 1.00 10/03 TO 10/03
SNOWFALL (INCHES)
RECORDS
TOTAL 17.4 1997
TOTALS 0.7 1.2 -0.5 0.0
SINCE 7/1 0.7 1.2 -0.5 MM
DAYS >= 1.0 0 0.3 -0.3 0
GREATEST
SNOW DEPTH 1 10/29 0 MM
24 HR TOTAL 0.5 10/29 TO 10/29
DEGREE DAYS
HEATING TOTAL 386 382 4 337
SINCE 7/1 400 469 -69 MM
COOLING TOTAL 25 16 9 16
SINCE 1/1 1205 1135 70 MM
................................................................
WIND (MPH)
AVERAGE WIND SPEED 10.7
HIGHEST WIND SPEED/DIRECTION 36/330 DATE 10/13
HIGHEST GUST SPEED/DIRECTION 52/250 DATE 10/03
SKY COVER
POSSIBLE SUNSHINE (PERCENT) MM
AVERAGE SKY COVER 0.29
NUMBER OF DAYS FAIR 22
NUMBER OF DAYS PC 3
NUMBER OF DAYS CLOUDY 6
AVERAGE RH (PERCENT) 65
WEATHER CONDITIONS. NUMBER OF DAYS WITH
THUNDERSTORM 2 MIXED PRECIP 0
HEAVY RAIN 1 RAIN 2
LIGHT RAIN 10 FREEZING RAIN 0
LT FREEZING RAIN 0 HAIL 0
HEAVY SNOW 0 SNOW 0
LIGHT SNOW 2 SLEET 0
FOG 9 FOG W/VIS <= 1/4 MILE 1
HAZE 2
- INDICATES NEGATIVE NUMBERS.
R INDICATES RECORD WAS SET OR TIED.
MM INDICATES DATA IS MISSING.
T INDICATES TRACE AMOUNT.
$$