000
CXUS53 KAPX 010730
CF6HTL
PRELIMINARY LOCAL CLIMATOLOGICAL DATA (WS FORM: F-6)
STATION: HOUGHTON LAKE MI
MONTH: JULY
YEAR: 2023
LATITUDE: 44 22 N
LONGITUDE: 84 41 W
TEMPERATURE IN F: :PCPN: SNOW: WIND :SUNSHINE: SKY :PK WND
================================================================================
1 2 3 4 5 6A 6B 7 8 9 10 11 12 13 14 15 16 17 18
12Z AVG MX 2MIN
DY MAX MIN AVG DEP HDD CDD WTR SNW DPTH SPD SPD DIR MIN PSBL S-S WX SPD DR
================================================================================
1 82 55 69 2 0 4 0.25 0.0 0 3.9 13 290 M M 4 13 17 300
2 85 58 72 5 0 7 0.00 0.0 0 5.3 14 110 M M 4 1 21 130
3 87 57 72 5 0 7 0.01 0.0 0 4.1 10 330 M M 4 12 14 310
4 90 60 75 8 0 10 0.04 0.0 0 3.0 17 260 M M 2 13 27 270
5 90 63 77 10 0 12 0.54 0.0 0 5.5 17 290 M M 2 13 26 270
6 78 57 68 0 0 3 0.33 0.0 0 6.4 15 340 M M 7 1 20 350
7 77 45 61 -7 4 0 0.00 0.0 0 4.3 13 290 M M 1 17 290
8 65 51 58 -10 7 0 0.20 0.0 0 3.5 10 20 M M 8 12 14 30
9 78 46 62 -6 3 0 0.00 0.0 0 2.5 8 290 M M 3 12 13 300
10 86 52 69 1 0 4 0.00 0.0 0 8.5 20 240 M M 0 30 210
11 75 48 62 -6 3 0 0.00 0.0 0 7.7 16 280 M M 3 3 23 270
12 73 47 60 -8 5 0 0.07 0.0 0 3.9 10 110 M M 6 15 120
13 76 51 64 -4 1 0 0.00 0.0 0 M M M M M M 1 M M
14 81 51 66 -2 0 1 0.02 0.0 0 M M M M M M M M
15 81 60 71 3 0 6 0.06 0.0 0 5.5 15 250 M M M 22 230
16 77 54 66 -2 0 1 0.13 0.0 0 5.5 24 340 M M M 32 330
17 74 58 66 -2 0 1 0.00 0.0 0 9.5 16 270 M M M 24 280
18 75 48 62 -6 3 0 0.00 0.0 0 M M M M M M M M
19 80 52 66 -2 0 1 0.00 0.0 0 M M M M M M M M
20 77 57 67 -1 0 2 0.23 0.0 0 M M M M M M M M
21 81 54 68 0 0 3 0.00 0.0 0 M M M M M M M M
22 82 48 65 -3 0 0 0.00 0.0 0 M M M M M M M M
23 76 52 64 -4 1 0 0.09 0.0 0 4.3 14 240 M M M 1 20 240
24 81 52 67 -1 0 2 T 0.0 0 2.7 M M M M M 21 330
25 85 51 68 0 0 3 0.00 0.0 0 4.5 14 280 M M M 19 290
26 79 66 73 5 0 8 0.78 0.0 0 5.8 15 160 M M M 3 23 150
27 86 63 75 7 0 10 0.00 0.0 0 5.0 10 210 M M M 15 210
28 87 68 78 10 0 13 0.04 0.0 0 5.6 15 320 M M M 22 270
29 80 59 70 2 0 5 0.07 0.0 0 7.1 16 330 M M M 23 330
30 77 46 62 -6 3 0 0.00 0.0 0 5.1 14 320 M M M 19 290
31 78 54 66 -2 0 1 0.00 0.0 0 6.3 15 280 M M M 21 270
================================================================================
SM 2479 1683 30 104 2.86 0.0 125.5 M 44
================================================================================
AV 80.0 54.3 5.2 FASTST M M 4 MAX(MPH)
MISC ----> 24 340 32 330
================================================================================
NOTES:
# LAST OF SEVERAL OCCURRENCES
COLUMN 17 PEAK WIND IN M.P.H.
PRELIMINARY LOCAL CLIMATOLOGICAL DATA (WS FORM: F-6) , PAGE 2
STATION: HOUGHTON LAKE MI
MONTH: JULY
YEAR: 2023
LATITUDE: 44 22 N
LONGITUDE: 84 41 W
[TEMPERATURE DATA] [PRECIPITATION DATA] SYMBOLS USED IN COLUMN 16
AVERAGE MONTHLY: 67.1 TOTAL FOR MONTH: 2.86 1 = FOG OR MIST
DPTR FM NORMAL: -0.7 DPTR FM NORMAL: 0.12 2 = FOG REDUCING VISIBILITY
HIGHEST: 90 ON 5, 4 GRTST 24HR 0.87 ON 5- 6 TO 1/4 MILE OR LESS
LOWEST: 45 ON 7 3 = THUNDER
SNOW, ICE PELLETS, HAIL 4 = ICE PELLETS
TOTAL MONTH: 0.0 INCH 5 = HAIL
GRTST 24HR 0.0 6 = FREEZING RAIN OR DRIZZLE
GRTST DEPTH: 0 7 = DUSTSTORM OR SANDSTORM:
VSBY 1/2 MILE OR LESS
8 = SMOKE OR HAZE
[NO. OF DAYS WITH] [WEATHER - DAYS WITH] 9 = BLOWING SNOW
X = TORNADO
MAX 32 OR BELOW: 0 0.01 INCH OR MORE: 15
MAX 90 OR ABOVE: 2 0.10 INCH OR MORE: 7
MIN 32 OR BELOW: 0 0.50 INCH OR MORE: 2
MIN 0 OR BELOW: 0 1.00 INCH OR MORE: 0
[HDD (BASE 65) ]
TOTAL THIS MO. 30 CLEAR (SCALE 0-3) 5
DPTR FM NORMAL -11 PTCLDY (SCALE 4-7) 7
TOTAL FM JUL 1 30 CLOUDY (SCALE 8-10) 19
DPTR FM NORMAL -7
[CDD (BASE 65) ]
TOTAL THIS MO. 104
DPTR FM NORMAL -22 [PRESSURE DATA]
TOTAL FM JAN 1 177 HIGHEST SLP M ON M
DPTR FM NORMAL -39 LOWEST SLP 29.77 ON 2
[REMARKS]
#FINAL-07-23#