000
CXUS51 KRLX 012127
CLMHTS
CLIMATE REPORT
NATIONAL WEATHER SERVICE CHARLESTON WV
427 PM EST FRI MAR 01 2024
...................................
...THE HUNTINGTON WV CLIMATE SUMMARY FOR THE MONTH OF FEBRUARY 2024...
CLIMATE NORMAL PERIOD: 1991 TO 2020
CLIMATE RECORD PERIOD: 1897 TO 2024
WEATHER OBSERVED NORMAL DEPART LAST YEAR`S
VALUE DATE(S) VALUE FROM VALUE
NORMAL
..............................................................
TEMPERATURE (F)
RECORD
HIGH 81 02/20/2018
LOW -24 02/09/1899
HIGHEST 74 02/26 80
LOWEST 18 02/18 13
AVG. MAXIMUM 56.8 47.3 9.5 57.6
AVG. MINIMUM 34.2 29.1 5.1 35.5
MEAN 45.5 38.2 7.3 46.6
DAYS MAX <= 32 1 3.8 -2.8 1
DAYS MAX >= 80 0 1
DAYS MIN <= 32 15 18.8 -3.8 11
DAYS MIN <= 0 0 0.2 -0.2 0
DAYS MIN <= 10 0 0
PRECIPITATION (INCHES)
RECORD
MAXIMUM 8.67 1989
MINIMUM 0.47 1941
TOTALS 4.31 3.37 0.94 4.32
DAILY AVG. 0.15 0.15
DAYS >= .01 10 12.2 -2.2 10
DAYS >= .10 9 7.0 2.0 6
DAYS >= .50 2 2.1 -0.1 2
DAYS >= 1.00 2 0.7 1.3 1
GREATEST
24 HR. TOTAL 1.59 02/12 TO 02/13 3.28
SNOWFALL (INCHES)
RECORDS
TOTAL 23.9 1986
24 HR TOTAL 11.0 02/13/1960 TO 02/13/1960
02/21/1929 TO 02/21/1929
SNOW DEPTH 13 02/06/1998
TOTALS 1.8 5.8 -4.0 0.2
SINCE 7/1 10.8 15.2 -4.4 MM
SNOWDEPTH AVG. 0 0
DAYS >= TRACE 4 3.7 0.3 2
DAYS >= 1.0 1 1.6 -0.6 0
GREATEST
SNOW DEPTH 2 02/17 MM
24 HR TOTAL 1.8 02/16 TO 02/16 0.2
DEGREE DAYS
HEATING TOTAL 555 751 -196 514
SINCE 7/1 2816 3414 -598 MM
COOLING TOTAL 0 0 0 3
SINCE 1/1 0 0 0 MM
..............................................................
WIND (MPH)
AVERAGE WIND SPEED 5.9
HIGHEST WIND SPEED/DIRECTION 31/270 DATE 02/28
HIGHEST GUST SPEED/DIRECTION 48/270 DATE 02/28
SKY COVER
AVERAGE SKY COVER 0.33
NUMBER OF DAYS FAIR 16
NUMBER OF DAYS PC 8
NUMBER OF DAYS CLOUDY 5
AVERAGE RH (PERCENT) 59
WEATHER CONDITIONS. NUMBER OF DAYS WITH
THUNDERSTORM 3 MIXED PRECIP 0
HEAVY RAIN 4 RAIN 7
LIGHT RAIN 10 FREEZING RAIN 0
LT FREEZING RAIN 0 HAIL 0
HEAVY SNOW 1 SNOW 1
LIGHT SNOW 4 SLEET 0
FOG 10 FOG W/VIS <= 1/4 MILE 1
HAZE 2
- INDICATES NEGATIVE NUMBERS.
R INDICATES RECORD WAS SET OR TIED.
MM INDICATES DATA IS MISSING.
T INDICATES TRACE AMOUNT.
$$