000
CXUS51 KCAR 010600
CF6HUL
PRELIMINARY LOCAL CLIMATOLOGICAL DATA (WS FORM: F-6)
STATION: HOULTON ME
MONTH: FEBRUARY
YEAR: 2021
LATITUDE: 46 7 N
LONGITUDE: 67 48 W
TEMPERATURE IN F: :PCPN: SNOW: WIND :SUNSHINE: SKY :PK WND
================================================================================
1 2 3 4 5 6A 6B 7 8 9 10 11 12 13 14 15 16 17 18
12Z AVG MX 2MIN
DY MAX MIN AVG DEP HDD CDD WTR SNW DPTH SPD SPD DIR MIN PSBL S-S WX SPD DR
================================================================================
1 28 -9 10 -2 55 0 0.00 M M 3.8 13 70 M M 3 17 60
2 32 22 27 15 38 0 0.69 M M 16.5 26 30 M M 9 1246 35 30
3 34 31 33 21 32 0 0.03 M M 8.3 15 20 M M 10 16 19 10
4 31 24 28 16 37 0 T M M 6.9 13 340 M M 10 168 19 340
5 31 21 26 14 39 0 0.04 M M 3.0 9 100 M M 9 1 14 150
6 32 20 26 13 39 0 T M M 7.4 20 260 M M 8 1 28 240
7 25 1 13 0 52 0 0.07 M M 4.9 18 240 M M 4 26 260
8 23 7 15 2 50 0 0.06 M M 8.4 21 320 M M 5 1 29 320
9 19 -14 3 -10 62 0 0.00 M M 2.9 13 280 M M 2 1 16 280
10 23 -19 2 -12 63 0 0.00 M M 5.2 22 270 M M 3 31 280
11 19 0 10 -4 55 0 0.00 M M 10.4 24 270 M M 3 32 270
12 21 2 12 -2 53 0 T M M 6.2 16 350 M M 6 21 300
13 22 2 12 -2 53 0 T M M 5.9 15 330 M M 4 19 330
14 22 3 13 -2 52 0 0.00 M M 1.4 9 20 M M 8 10 10
15 24 -2 11 -4 54 0 T M M 2.7 9 30 M M 7 1 12 360
16 23 19 21 6 44 0 0.74 M M 6.9 17 60 M M 9 1268 25 40
17 22 8 15 -1 50 0 0.00 M M 10.1 18 270 M M 5 27 270
18 22 -3 10 -6 55 0 0.00 M M 4.2 15 320 M M 0 19 360
19 22 -11 6 -10 59 0 0.00 M M 3.6 13 360 M M 3 14 10
20 24 12 18 1 47 0 T M M 5.3 16 360 M M 10 1 18 360
21 32 -3 15 -2 50 0 0.00 M M 5.8 16 360 M M 0 22 10
22 31 0 16 -1 49 0 0.08 M M 6.6 18 190 M M 5 1 28 190
23 36 26 31 13 34 0 0.05 M M 5.4 14 340 M M 10 1 20 320
24 40 25 33 15 32 0 0.02 M M 6.8 20 260 M M 7 1 27 290
25 32 13 23 5 42 0 0.10 M M 12.5 25 350 M M 8 1 35 340
26 23 -2 11 -8 54 0 0.00 M M 7.9 18 300 M M 2 27 300
27 37 3 20 1 45 0 0.23 M M 8.4 16 250 M M 6 12 25 210
28 40 28 34 15 31 0 0.00 M M 7.0 15 330 M M 7 25 270
================================================================================
SM 770 204 1326 0 2.11 M 184.4 M 163
================================================================================
AV 27.5 7.3 6.6 FASTST M M 6 MAX(MPH)
MISC ----> 26 30 # 35 30
================================================================================
NOTES:
# LAST OF SEVERAL OCCURRENCES
COLUMN 17 PEAK WIND IN M.P.H.
PRELIMINARY LOCAL CLIMATOLOGICAL DATA (WS FORM: F-6) , PAGE 2
STATION: HOULTON ME
MONTH: FEBRUARY
YEAR: 2021
LATITUDE: 46 7 N
LONGITUDE: 67 48 W
[TEMPERATURE DATA] [PRECIPITATION DATA] SYMBOLS USED IN COLUMN 16
AVERAGE MONTHLY: 17.4 TOTAL FOR MONTH: 2.11 1 = FOG OR MIST
DPTR FM NORMAL: 2.3 DPTR FM NORMAL: 0.11 2 = FOG REDUCING VISIBILITY
HIGHEST: 40 ON 28,24 GRTST 24HR 0.74 ON 16-16 TO 1/4 MILE OR LESS
LOWEST: -19 ON 10 3 = THUNDER
SNOW, ICE PELLETS, HAIL 4 = ICE PELLETS
TOTAL MONTH: M 5 = HAIL
GRTST 24HR M ON M 6 = FREEZING RAIN OR DRIZZLE
GRTST DEPTH: M ON M 7 = DUSTSTORM OR SANDSTORM:
VSBY 1/2 MILE OR LESS
8 = SMOKE OR HAZE
[NO. OF DAYS WITH] [WEATHER - DAYS WITH] 9 = BLOWING SNOW
X = TORNADO
MAX 32 OR BELOW: 23 0.01 INCH OR MORE: 11
MAX 90 OR ABOVE: 0 0.10 INCH OR MORE: 4
MIN 32 OR BELOW: 28 0.50 INCH OR MORE: 2
MIN 0 OR BELOW: 10 1.00 INCH OR MORE: 0
[HDD (BASE 65) ]
TOTAL THIS MO. 1326 CLEAR (SCALE 0-3) 7
DPTR FM NORMAL -72 PTCLDY (SCALE 4-7) 12
TOTAL FM JUL 1 5700 CLOUDY (SCALE 8-10) 9
DPTR FM NORMAL -872
[CDD (BASE 65) ]
TOTAL THIS MO. 0
DPTR FM NORMAL 0 [PRESSURE DATA]
TOTAL FM JAN 1 0 HIGHEST SLP M ON M
DPTR FM NORMAL 0 LOWEST SLP 29.22 ON 3
[REMARKS]
#FINAL-02-21#