000
CXUS53 KUNR 011030
CF6ICR
PRELIMINARY LOCAL CLIMATOLOGICAL DATA (WS FORM: F-6)
STATION: WINNER REGIONAL AIRPORT SD
MONTH: NOVEMBER
YEAR: 2021
LATITUDE: 43 23 N
LONGITUDE: 99 50 W
TEMPERATURE IN F: :PCPN: SNOW: WIND :SUNSHINE: SKY :PK WND
================================================================================
1 2 3 4 5 6A 6B 7 8 9 10 11 12 13 14 15 16 17 18
12Z AVG MX 2MIN
DY MAX MIN AVG DEP HDD CDD WTR SNW DPTH SPD SPD DIR MIN PSBL S-S WX SPD DR
================================================================================
1 47 25 36 -8 29 0 T M M 4.6 14 330 M M 6 19 310
2 50 18 34 -10 31 0 0.00 M M 6.0 13 210 M M 1 18 220
3 53 24 39 -4 26 0 T M M 5.8 13 220 M M 2 1268 15 240
4 69 34 52 9 13 0 T M M 10.1 21 190 M M 0 32 200
5 71 46 59 17 6 0 0.00 M M 16.2 29 300 M M 0 38 290
6 79 40 60 18 5 0 0.00 M M 10.0 17 200 M M 0 23 180
7 74 40 57 16 8 0 0.00 M M 8.2 24 300 M M 0 31 300
8 52 34 43 2 22 0 0.00 M M 6.1 17 10 M M 1 22 20
9 57 32 45 5 20 0 0.01 M M 9.2 20 170 M M 4 26 140
10 50 34 42 2 23 0 0.08 M M 13.7 26 310 M M 3 1 34 310
11 48 32 40 0 25 0 T M M 29.4 49 290 M M 6 70 300
12 37 16 27 -12 38 0 T M M 21.8 46 320 M M 6 61 320
13 65 17 41 2 24 0 T M M 15.4 49 320 M M 6 71 320
14 50 32 41 3 24 0 T M M 8.9 16 160 M M 6 21 150
15 63 38 51 13 14 0 0.00 M M 7.2 16 190 M M 0 24 180
16 72 36 54 16 11 0 0.00 M M 17.8 30 330 M M 1 40 340
17 45 26 36 -1 29 0 0.00 M M 20.5 38 290 M M 1 50 300
18 41 20 31 -6 34 0 0.00 M M 12.7 29 160 M M 0 37 160
19 52 34 43 7 22 0 0.00 M M 10.8 28 170 M M 1 39 180
20 45 33 39 3 26 0 T M M 5.1 16 50 M M 7 19 50
21 39 26 33 -3 32 0 0.00 M M 10.5 25 330 M M 4 33 350
22 57 26 42 7 23 0 0.00 M M 7.8 14 270 M M 1 18 140
23 72 36 54 19 11 0 0.00 M M 12.3 22 200 M M 0 30 200
24 41 22 32 -2 33 0 0.00 M M 16.2 25 320 M M 5 35 330
25 44 8 26 -8 39 0 0.00 M M 9.0 17 150 M M 3 22 150
26 68 39 54 21 11 0 0.00 M M 8.8 18 300 M M 0 26 290
27 51 27 39 6 26 0 0.00 M M 13.4 32 310 M M 2 42 320
28 60 23 42 9 23 0 0.00 M M 8.2 18 210 M M 1 24 210
29 66 42 54 22 11 0 T M M 10.2 23 300 M M 1 32 300
30 61 39 50 18 15 0 T M M 8.1 26 310 M M 4 36 310
================================================================================
SM 1679 899 654 0 0.09 M 344.0 M 72
================================================================================
AV 56.0 30.0 11.5 FASTST M M 2 MAX(MPH)
MISC ----> # 49 290 71 320
================================================================================
NOTES:
# LAST OF SEVERAL OCCURRENCES
COLUMN 17 PEAK WIND IN M.P.H.
PRELIMINARY LOCAL CLIMATOLOGICAL DATA (WS FORM: F-6) , PAGE 2
STATION: WINNER REGIONAL AIRPORT SD
MONTH: NOVEMBER
YEAR: 2021
LATITUDE: 43 23 N
LONGITUDE: 99 50 W
[TEMPERATURE DATA] [PRECIPITATION DATA] SYMBOLS USED IN COLUMN 16
AVERAGE MONTHLY: 43.0 TOTAL FOR MONTH: 0.09 1 = FOG OR MIST
DPTR FM NORMAL: 5.2 DPTR FM NORMAL: -0.35 2 = FOG REDUCING VISIBILITY
HIGHEST: 79 ON 6 GRTST 24HR 0.08 ON 10-10 TO 1/4 MILE OR LESS
LOWEST: 8 ON 25 3 = THUNDER
SNOW, ICE PELLETS, HAIL 4 = ICE PELLETS
TOTAL MONTH: M 5 = HAIL
GRTST 24HR M ON M 6 = FREEZING RAIN OR DRIZZLE
GRTST DEPTH: M ON M 7 = DUSTSTORM OR SANDSTORM:
VSBY 1/2 MILE OR LESS
8 = SMOKE OR HAZE
[NO. OF DAYS WITH] [WEATHER - DAYS WITH] 9 = BLOWING SNOW
X = TORNADO
MAX 32 OR BELOW: 0 0.01 INCH OR MORE: 2
MAX 90 OR ABOVE: 0 0.10 INCH OR MORE: 0
MIN 32 OR BELOW: 16 0.50 INCH OR MORE: 0
MIN 0 OR BELOW: 0 1.00 INCH OR MORE: 0
[HDD (BASE 65) ]
TOTAL THIS MO. 654 CLEAR (SCALE 0-3) 19
DPTR FM NORMAL -162 PTCLDY (SCALE 4-7) 11
TOTAL FM JUL 1 1034 CLOUDY (SCALE 8-10) 0
DPTR FM NORMAL -323
[CDD (BASE 65) ]
TOTAL THIS MO. 0
DPTR FM NORMAL 0 [PRESSURE DATA]
TOTAL FM JAN 1 1305 HIGHEST SLP 30.57 ON 25
DPTR FM NORMAL 244 LOWEST SLP 29.42 ON 16
[REMARKS]
#FINAL-11-21#