000
CXUS53 KICT 011410
CF6ICT
PRELIMINARY LOCAL CLIMATOLOGICAL DATA (WS FORM: F-6)
STATION: WICHITA EISENHOWER NATIONAL
MONTH: AUGUST
YEAR: 2022
LATITUDE: 37 39 N
LONGITUDE: 97 25 W
TEMPERATURE IN F: :PCPN: SNOW: WIND :SUNSHINE: SKY :PK WND
================================================================================
1 2 3 4 5 6A 6B 7 8 9 10 11 12 13 14 15 16 17 18
12Z AVG MX 2MIN
DY MAX MIN AVG DEP HDD CDD WTR SNW DPTH SPD SPD DIR MIN PSBL S-S WX SPD DR
================================================================================
1 102 72 87 5 0 22 0.00 0.0 0 13.1 26 200 M M 3 39 180
2 105 75 90 8 0 25 0.00 0.0 0 15.2 25 180 M M 4 34 170
3 106 79 93 11 0 28 T 0.0 0 12.6 22 210 M M 5 3 31 210
4 96 78 87 5 0 22 0.00 0.0 0 11.6 26 110 M M 5 35 130
5 103 76 90 8 0 25 0.00 0.0 0 12.5 22 140 M M 2 35 170
6 103 79 91 10 0 26 0.00 0.0 0 16.6 26 170 M M 3 35 170
7 101 77 89 8 0 24 0.00 0.0 0 13.1 22 180 M M 5 32 180
8 88 72 80 -1 0 15 0.03 0.0 0 10.7 17 340 M M 6 3 23 30
9 96 70 83 2 0 18 0.00 0.0 0 9.2 18 60 M M 4 24 40
10 97 71 84 3 0 19 0.00 0.0 0 9.2 17 40 M M 2 23 90
11 95 67 81 0 0 16 0.00 0.0 0 7.8 14 110 M M 1 22 80
12 96 63 80 -1 0 15 0.00 0.0 0 8.1 17 170 M M 1 25 130
13 100 66 83 2 0 18 0.00 0.0 0 8.1 17 180 M M 1 29 200
14 103 69 86 6 0 21 0.00 0.0 0 7.9 18 190 M M 2 24 190
15 103 71 87 7 0 22 0.00 0.0 0 8.9 20 190 M M 2 28 180
16 93 69 81 1 0 16 T 0.0 0 11.7 23 40 M M 6 29 30
17 84 68 76 -4 0 11 T 0.0 0 8.2 17 40 M M 10 20 60
18 91 62 77 -3 0 12 0.00 0.0 0 3.6 10 190 M M 4 14 40
19 94 61 78 -2 0 13 0.00 0.0 0 9.2 18 210 M M 6 24 220
20 93 67 80 0 0 15 0.02 0.0 0 9.0 20 50 M M 7 3 24 50
21 92 68 80 1 0 15 0.00 0.0 0 5.8 15 200 M M 5 21 90
22 91 67 79 0 0 14 0.00 0.0 0 7.8 17 80 M M 3 28 80
23 91 61 76 -3 0 11 0.00 0.0 0 5.4 12 80 M M 2 18 140
24 94 63 79 0 0 14 0.00 0.0 0 4.6 14 90 M M 2 19 80
25 96 65 81 3 0 16 0.00 0.0 0 4.6 17 140 M M 1 22 160
26 98 66 82 4 0 17 0.00 0.0 0 9.1 20 180 M M 2 27 130
27 94 70 82 4 0 17 0.99 0.0 0 14.0 35 320 M M 6 13 44 320
28 98 70 84 6 0 19 0.00 0.0 0 12.2 25 170 M M 4 1 31 180
29 91 69 80 2 0 15 0.00 0.0 0 10.4 23 180 M M 4 28 170
30 94 69 82 5 0 17 0.00 0.0 0 6.4 17 50 M M 3 22 60
31 95 62 79 2 0 14 0.00 0.0 M 3.7 15 160 M M 3 23 110
================================================================================
SM 2983 2142 0 552 1.04 0.0 290.3 M 114
================================================================================
AV 96.2 69.1 9.4 FASTST M M 4 MAX(MPH)
MISC ----> 35 320 44 320
================================================================================
NOTES:
# LAST OF SEVERAL OCCURRENCES
COLUMN 17 PEAK WIND IN M.P.H.
PRELIMINARY LOCAL CLIMATOLOGICAL DATA (WS FORM: F-6) , PAGE 2
STATION: WICHITA EISENHOWER NATIONAL
MONTH: AUGUST
YEAR: 2022
LATITUDE: 37 39 N
LONGITUDE: 97 25 W
[TEMPERATURE DATA] [PRECIPITATION DATA] SYMBOLS USED IN COLUMN 16
AVERAGE MONTHLY: 82.7 TOTAL FOR MONTH: 1.04 1 = FOG OR MIST
DPTR FM NORMAL: 2.8 DPTR FM NORMAL: -3.26 2 = FOG REDUCING VISIBILITY
HIGHEST: 106 ON 3 GRTST 24HR 0.99 ON 27-27 TO 1/4 MILE OR LESS
LOWEST: 61 ON 23,19 3 = THUNDER
SNOW, ICE PELLETS, HAIL 4 = ICE PELLETS
TOTAL MONTH: 0.0 INCH 5 = HAIL
GRTST 24HR 0.0 6 = FREEZING RAIN OR DRIZZLE
GRTST DEPTH: 0 7 = DUSTSTORM OR SANDSTORM:
VSBY 1/2 MILE OR LESS
8 = SMOKE OR HAZE
[NO. OF DAYS WITH] [WEATHER - DAYS WITH] 9 = BLOWING SNOW
X = TORNADO
MAX 32 OR BELOW: 0 0.01 INCH OR MORE: 3
MAX 90 OR ABOVE: 29 0.10 INCH OR MORE: 1
MIN 32 OR BELOW: 0 0.50 INCH OR MORE: 1
MIN 0 OR BELOW: 0 1.00 INCH OR MORE: 0
[HDD (BASE 65) ]
TOTAL THIS MO. 0 CLEAR (SCALE 0-3) 12
DPTR FM NORMAL 0 PTCLDY (SCALE 4-7) 18
TOTAL FM JUL 1 0 CLOUDY (SCALE 8-10) 1
DPTR FM NORMAL 0
[CDD (BASE 65) ]
TOTAL THIS MO. 552
DPTR FM NORMAL 90 [PRESSURE DATA]
TOTAL FM JAN 1 1782 HIGHEST SLP 30.13 ON 11
DPTR FM NORMAL 289 LOWEST SLP 29.62 ON 28
[REMARKS]
#FINAL-08-22#