000
CXUS53 KICT 031240
CLMICT
CLIMATE REPORT
NATIONAL WEATHER SERVICE WICHITA KANSAS
740 AM CDT WED APR 03 2024
...................................
...THE WICHITA EISENHOWER NATIONAL CLIMATE SUMMARY FOR THE MONTH OF MARCH 2024...
CLIMATE NORMAL PERIOD 1991 TO 2020
CLIMATE RECORD PERIOD 1888 TO 2024
WEATHER OBSERVED NORMAL DEPART LAST YEAR`S
VALUE DATE(S) VALUE FROM VALUE DATE(S)
NORMAL
................................................................
TEMPERATURE (F)
RECORD
HIGH 92 03/21/1916
03/22/1907
LOW -3 03/11/1948
03/07/1943
HIGHEST 80 03/03 79 03/22
LOWEST 26 03/27 12 03/19
AVG. MAXIMUM 63.1 59.1 4.0 57.9
AVG. MINIMUM 37.8 35.7 2.1 35.1
MEAN 50.5 47.4 3.1 46.5
DAYS MAX >= 90 0 0.0 0.0 0
DAYS MAX <= 32 0 0.8 -0.8 0
DAYS MIN <= 32 11 11.4 -0.4 11
DAYS MIN <= 0 0 0.0 0.0 0
PRECIPITATION (INCHES)
RECORD
MAXIMUM 9.17 1973
MINIMUM 0.00 1936
TOTALS 1.64 2.30 -0.66 0.12
DAILY AVG. 0.05 0.07 -0.02 0.00
DAYS >= .01 3 7.4 -4.4 5
DAYS >= .10 2 3.9 -1.9 0
DAYS >= .50 2 1.5 0.5 0
DAYS >= 1.00 0 0.6 -0.6 0
GREATEST
24 HR. TOTAL 0.82 03/07 TO 03/07
SNOWFALL (INCHES)
RECORDS
TOTAL 16.8 1912
TOTALS T 2.1 -2.1 T
SINCE 7/1 14.3 12.5 1.8 MM
SNOWDEPTH AVG. 0 0
DAYS >= 1.0 0 0.7 -0.7 0
GREATEST
SNOW DEPTH 0 0 MM
24 HR TOTAL MM MM
DEGREE DAYS
HEATING TOTAL 446 550 -104 568
SINCE 7/1 3627 4054 -427 MM
COOLING TOTAL 5 4 1 1
SINCE 1/1 5 4 1 MM
................................................................
WIND (MPH)
AVERAGE WIND SPEED 12.8
HIGHEST WIND SPEED/DIRECTION 35/170 DATE 03/24
HIGHEST GUST SPEED/DIRECTION 46/190 DATE 03/29
46/180 03/24
SKY COVER
POSSIBLE SUNSHINE (PERCENT) MM
AVERAGE SKY COVER 0.48
NUMBER OF DAYS FAIR 11
NUMBER OF DAYS PC 14
NUMBER OF DAYS CLOUDY 6
AVERAGE RH (PERCENT) 63
WEATHER CONDITIONS. NUMBER OF DAYS WITH
THUNDERSTORM 2 MIXED PRECIP 0
HEAVY RAIN 2 RAIN 2
LIGHT RAIN 3 FREEZING RAIN 0
LT FREEZING RAIN 1 HAIL 1
HEAVY SNOW 0 SNOW 0
LIGHT SNOW 2 SLEET 0
FOG 11 FOG W/VIS <= 1/4 MILE 2
HAZE 5
- INDICATES NEGATIVE NUMBERS.
R INDICATES RECORD WAS SET OR TIED.
MM INDICATES DATA IS MISSING.
T INDICATES TRACE AMOUNT.
$$