000
CXUS54 KFWD 010731
CF6ILE
PRELIMINARY LOCAL CLIMATOLOGICAL DATA (WS FORM: F-6)
STATION: KILLEEN SKYLARK
MONTH: APRIL
YEAR: 2023
LATITUDE: 31 4 N
LONGITUDE: 97 41 W
TEMPERATURE IN F: :PCPN: SNOW: WIND :SUNSHINE: SKY :PK WND
================================================================================
1 2 3 4 5 6A 6B 7 8 9 10 11 12 13 14 15 16 17 18
12Z AVG MX 2MIN
DY MAX MIN AVG DEP HDD CDD WTR SNW DPTH SPD SPD DIR MIN PSBL S-S WX SPD DR
================================================================================
1 79 44 62 0 3 0 0.00 M M 5.7 14 10 M M 0 M M
2 83 57 70 8 0 5 0.08 M M 6.9 36 20 M M 1 13 56 10
3 93 65 79 17 0 14 0.00 M M 14.0 24 160 M M 2 1 31 150
4 87 71 79 16 0 14 0.00 M M 16.3 22 170 M M 2 32 170
5 76 55 66 3 0 1 0.09 M M 12.9 18 170 M M 4 3 28 320
6 56 47 52 -11 13 0 0.25 M M 11.8 16 10 M M 5 23 350
7 54 49 52 -11 13 0 0.09 M M 9.9 21 20 M M 9 1 18 10
8 63 52 58 -6 7 0 0.04 M M 6.1 12 80 M M 8 12 M M
9 72 53 63 -1 2 0 0.00 M M 4.1 9 110 M M 8 1 M M
10 74 54 64 0 1 0 0.00 M M 3.9 12 70 M M 4 1 M M
11 75 48 62 -2 3 0 0.00 M M 3.9 8 70 M M 0 1 M M
12 77 48 63 -2 2 0 0.00 M M 4.8 10 130 M M 0 17 130
13 80 52 66 1 0 1 0.00 M M 8.2 15 140 M M 0 18 160
14 79 60 70 5 0 5 0.00 M M 11.3 17 150 M M 6 1 22 160
15 89 62 76 11 0 11 0.00 M M 10.6 17 10 M M 2 1 24 320
16 74 48 61 -5 4 0 0.00 M M 7.7 13 360 M M 0 18 10
17 80 45 63 -3 2 0 0.00 M M 9.5 20 150 M M 0 25 150
18 79 59 69 3 0 4 0.00 M M 13.3 20 160 M M 5 1 30 160
19 82 66 74 8 0 9 T M M 14.6 22 180 M M 7 1 32 170
20 89 63 76 10 0 11 1.06 M M 11.3 21 170 M M 8 1238 37 30
21 77 57 67 0 0 2 0.00 M M 8.0 15 360 M M 2 1 22 350
22 76 53 65 -2 0 0 0.02 M M 8.9 17 140 M M 3 23 140
23 56 48 52 -15 13 0 0.01 M M 13.3 20 40 M M 9 25 40
24 69 48 59 -8 6 0 0.00 M M 7.6 12 90 M M 8 M M
25 74 60 67 -1 0 2 0.00 M M 7.7 12 110 M M 8 M M
26 84 61 73 5 0 8 0.43 M M 9.3 25 10 M M 7 13 35 20
27 76 59 68 0 0 3 0.01 M M 7.9 14 310 M M 3 13 22 290
28 82 54 68 0 0 3 1.24 M M 12.9 27 320 M M 3 13 60 240
29 73 51 62 -7 3 0 0.00 M M 13.0 24 320 M M 1 37 330
30 89 52 71 2 0 6 0.00 M M 7.6 16 140 M M 0 18 230
================================================================================
SM 2297 1641 72 99 3.32 M 283.1 M 115
================================================================================
AV 76.6 54.7 9.4 FASTST M M 4 MAX(MPH)
MISC ----> 36 20 60 240
================================================================================
NOTES:
# LAST OF SEVERAL OCCURRENCES
COLUMN 17 PEAK WIND IN M.P.H.
PRELIMINARY LOCAL CLIMATOLOGICAL DATA (WS FORM: F-6) , PAGE 2
STATION: KILLEEN SKYLARK
MONTH: APRIL
YEAR: 2023
LATITUDE: 31 4 N
LONGITUDE: 97 41 W
[TEMPERATURE DATA] [PRECIPITATION DATA] SYMBOLS USED IN COLUMN 16
AVERAGE MONTHLY: 65.6 TOTAL FOR MONTH: 3.32 1 = FOG OR MIST
DPTR FM NORMAL: 0.2 DPTR FM NORMAL: 1.22 2 = FOG REDUCING VISIBILITY
HIGHEST: 93 ON 3 GRTST 24HR 1.24 ON 28-28 TO 1/4 MILE OR LESS
LOWEST: 44 ON 1 3 = THUNDER
SNOW, ICE PELLETS, HAIL 4 = ICE PELLETS
TOTAL MONTH: M 5 = HAIL
GRTST 24HR M ON M 6 = FREEZING RAIN OR DRIZZLE
GRTST DEPTH: M ON M 7 = DUSTSTORM OR SANDSTORM:
VSBY 1/2 MILE OR LESS
8 = SMOKE OR HAZE
[NO. OF DAYS WITH] [WEATHER - DAYS WITH] 9 = BLOWING SNOW
X = TORNADO
MAX 32 OR BELOW: 0 0.01 INCH OR MORE: 11
MAX 90 OR ABOVE: 1 0.10 INCH OR MORE: 4
MIN 32 OR BELOW: 0 0.50 INCH OR MORE: 2
MIN 0 OR BELOW: 0 1.00 INCH OR MORE: 2
[HDD (BASE 65) ]
TOTAL THIS MO. 72 CLEAR (SCALE 0-3) 15
DPTR FM NORMAL -10 PTCLDY (SCALE 4-7) 10
TOTAL FM JUL 1 1680 CLOUDY (SCALE 8-10) 5
DPTR FM NORMAL -476
[CDD (BASE 65) ]
TOTAL THIS MO. 99
DPTR FM NORMAL 6 [PRESSURE DATA]
TOTAL FM JAN 1 217 HIGHEST SLP 30.34 ON 16
DPTR FM NORMAL 88 LOWEST SLP 29.51 ON 4
[REMARKS]
#FINAL-04-23#