000
CXUS51 KPHI 011231
CF6ILG
PRELIMINARY LOCAL CLIMATOLOGICAL DATA (WS FORM: F-6)
STATION: WILMINGTON DE
MONTH: JULY
YEAR: 2023
LATITUDE: 39 40 N
LONGITUDE: 75 36 W
TEMPERATURE IN F: :PCPN: SNOW: WIND :SUNSHINE: SKY :PK WND
================================================================================
1 2 3 4 5 6A 6B 7 8 9 10 11 12 13 14 15 16 17 18
12Z AVG MX 2MIN
DY MAX MIN AVG DEP HDD CDD WTR SNW DPTH SPD SPD DIR MIN PSBL S-S WX SPD DR
================================================================================
1 81 70 76 -1 0 11 T 0.0 0 8.8 17 180 M M 6 8 22 170
2 90 74 82 5 0 17 0.07 0.0 0 6.1 14 210 M M 4 138 20 210
3 91 71 81 4 0 16 2.01 0.0 0 7.5 20 310 M M 2 13 28 290
4 88 71 80 3 0 15 0.25 0.0 0 5.3 18 210 M M 5 138 24 220
5 92 73 83 6 0 18 0.00 0.0 0 6.8 16 170 M M 1 1 21 180
6 89 76 83 6 0 18 0.00 0.0 0 6.9 16 160 M M 1 138 22 190
7 89 77 83 6 0 18 T 0.0 0 5.3 15 180 M M 4 138 18 180
8 91 75 83 5 0 18 0.01 0.0 0 6.0 21 160 M M 4 13 27 160
9 86 70 78 0 0 13 1.70 0.0 0 9.3 24 310 M M 6 123 29 310
10 87 67 77 -1 0 12 0.00 0.0 0 7.7 15 290 M M 3 20 320
11 90 67 79 1 0 14 0.00 0.0 0 4.1 12 240 M M 0 15 290
12 91 69 80 2 0 15 0.00 0.0 0 5.4 16 230 M M 0 25 230
13 94 73 84 6 0 19 0.00 0.0 0 9.0 20 190 M M 1 26 200
14 90 80 85 7 0 20 0.00 0.0 0 8.2 15 160 M M 2 19 150
15 90 76 83 5 0 18 0.30 0.0 0 6.7 24 180 M M 2 3 27 180
16 82 76 79 1 0 14 2.39 0.0 0 3.1 20 230 M M 6 123 26 240
17 90 73 82 4 0 17 0.00 0.0 0 5.5 15 160 M M 0 18 19 160
18 90 73 82 4 0 17 0.00 0.0 0 5.4 16 280 M M 1 18 20 290
19 85 73 79 1 0 14 0.29 0.0 0 4.6 10 180 M M 5 18 16 130
20 86 72 79 1 0 14 0.23 0.0 0 6.0 15 150 M M 3 138 20 160
21 86 68 77 -1 0 12 0.70 0.0 0 7.2 25 320 M M 3 13 36 330
22 86 67 77 -1 0 12 0.00 0.0 0 7.2 14 340 M M 0 17 350
23 88 65 77 -1 0 12 0.00 0.0 0 6.3 14 170 M M 1 18 160
24 86 71 79 1 0 14 0.07 0.0 0 5.9 15 160 M M 4 1 20 210
25 86 71 79 1 0 14 0.05 0.0 0 5.2 22 180 M M 4 13 27 180
26 87 66 77 -1 0 12 0.00 0.0 0 7.2 16 160 M M 0 18 20 170
27 94 76 85 7 0 20 0.00 0.0 0 9.4 18 250 M M 3 1 25 250
28 95 75 85 7 0 20 0.31 0.0 0 6.3 29 260 M M 2 13 40 250
29 93 73 83 6 0 18 0.47 0.0 0 9.0 28 320 M M 1 3 37 320
30 84 65 75 -2 0 10 0.00 0.0 0 8.2 16 310 M M 1 22 350
31 85 66 76 -1 0 11 0.00 0.0 0 5.7 18 290 M M 1 22 280
================================================================================
SM 2742 2219 0 473 8.85 0.0 205.3 M 76
================================================================================
AV 88.5 71.6 6.6 FASTST M M 2 MAX(MPH)
MISC ----> 29 260 40 250
================================================================================
NOTES:
# LAST OF SEVERAL OCCURRENCES
COLUMN 17 PEAK WIND IN M.P.H.
PRELIMINARY LOCAL CLIMATOLOGICAL DATA (WS FORM: F-6) , PAGE 2
STATION: WILMINGTON DE
MONTH: JULY
YEAR: 2023
LATITUDE: 39 40 N
LONGITUDE: 75 36 W
[TEMPERATURE DATA] [PRECIPITATION DATA] SYMBOLS USED IN COLUMN 16
AVERAGE MONTHLY: 80.0 TOTAL FOR MONTH: 8.85 1 = FOG OR MIST
DPTR FM NORMAL: 2.4 DPTR FM NORMAL: 4.44 2 = FOG REDUCING VISIBILITY
HIGHEST: 95 ON 28 GRTST 24HR 2.52 ON 15-16 TO 1/4 MILE OR LESS
LOWEST: 65 ON 30,23 3 = THUNDER
SNOW, ICE PELLETS, HAIL 4 = ICE PELLETS
TOTAL MONTH: 0.0 INCH 5 = HAIL
GRTST 24HR 0.0 6 = FREEZING RAIN OR DRIZZLE
GRTST DEPTH: 0 7 = DUSTSTORM OR SANDSTORM:
VSBY 1/2 MILE OR LESS
8 = SMOKE OR HAZE
[NO. OF DAYS WITH] [WEATHER - DAYS WITH] 9 = BLOWING SNOW
X = TORNADO
MAX 32 OR BELOW: 0 0.01 INCH OR MORE: 14
MAX 90 OR ABOVE: 14 0.10 INCH OR MORE: 10
MIN 32 OR BELOW: 0 0.50 INCH OR MORE: 4
MIN 0 OR BELOW: 0 1.00 INCH OR MORE: 3
[HDD (BASE 65) ]
TOTAL THIS MO. 0 CLEAR (SCALE 0-3) 18
DPTR FM NORMAL 0 PTCLDY (SCALE 4-7) 13
TOTAL FM JUL 1 0 CLOUDY (SCALE 8-10) 0
DPTR FM NORMAL 0
[CDD (BASE 65) ]
TOTAL THIS MO. 473
DPTR FM NORMAL 84 [PRESSURE DATA]
TOTAL FM JAN 1 745 HIGHEST SLP 30.16 ON 26
DPTR FM NORMAL 28 LOWEST SLP 29.71 ON 29
[REMARKS]
#FINAL-07-23#
ADDING MISSING SNOW DEPTH TO THE 1ST.
STAARMANN