000
CXUS51 KPHI 011900
CF6ILG
PRELIMINARY LOCAL CLIMATOLOGICAL DATA (WS FORM: F-6)
STATION: WILMINGTON DE
MONTH: OCTOBER
YEAR: 2021
LATITUDE: 39 40 N
LONGITUDE: 75 36 W
TEMPERATURE IN F: :PCPN: SNOW: WIND :SUNSHINE: SKY :PK WND
================================================================================
1 2 3 4 5 6A 6B 7 8 9 10 11 12 13 14 15 16 17 18
12Z AVG MX 2MIN
DY MAX MIN AVG DEP HDD CDD WTR SNW DPTH SPD SPD DIR MIN PSBL S-S WX SPD DR
================================================================================
1 69 46 58 -5 7 0 0.00 0.0 0 5.1 13 290 M M 0 15 300
2 76 48 62 -1 3 0 0.00 0.0 0 4.6 17 250 M M 0 1 22 250
3 83 56 70 8 0 5 0.00 0.0 0 4.5 13 170 M M 3 12 16 170
4 81 69 75 13 0 10 T 0.0 0 5.7 13 240 M M 5 13 17 220
5 71 64 68 7 0 3 1.21 0.0 0 8.1 16 70 M M 10 13 21 120
6 72 63 68 7 0 3 0.00 0.0 0 5.7 10 80 M M 10 13 70
7 76 60 68 7 0 3 0.00 0.0 0 3.1 8 180 M M 6 11 170
8 78 58 68 8 0 3 0.00 0.0 0 3.0 10 170 M M 3 1 13 150
9 72 63 68 8 0 3 T 0.0 0 11.9 20 50 M M 7 1 23 50
10 69 64 67 8 0 2 0.14 0.0 0 12.2 18 50 M M 9 1 25 60
11 71 61 66 7 0 1 0.00 0.0 0 10.1 18 50 M M 8 25 60
12 70 63 67 8 0 2 0.00 0.0 0 7.0 14 50 M M 9 18 17 50
13 72 61 67 9 0 2 0.00 0.0 0 3.4 8 250 M M 9 1 12 250
14 80 57 69 11 0 4 0.00 0.0 0 4.7 13 310 M M 2 128 17 330
15 81 57 69 12 0 4 0.00 0.0 0 4.0 12 170 M M 0 15 240
16 81 54 68 11 0 3 0.37 0.0 0 11.9 30 300 M M 4 1 37 310
17 64 48 56 -1 9 0 T 0.0 0 10.7 25 300 M M 3 32 290
18 63 44 54 -2 11 0 0.00 0.0 0 10.2 23 310 M M 4 30 300
19 70 43 57 1 8 0 0.00 0.0 0 8.5 20 280 M M 0 24 270
20 77 50 64 8 1 0 0.00 0.0 0 7.5 17 290 M M 0 24 280
21 76 50 63 8 2 0 0.00 0.0 0 5.0 13 220 M M 0 1 17 210
22 68 49 59 4 6 0 0.00 0.0 0 7.1 16 320 M M 1 21 300
23 65 47 56 2 9 0 0.16 0.0 0 5.0 20 270 M M 7 1 27 280
24 62 44 53 -1 12 0 0.01 0.0 0 6.2 16 160 M M 5 1 19 160
25 78 60 69 15 0 4 0.70 0.0 0 7.7 30 170 M M 4 13 39 160
26 67 49 58 5 7 0 0.41 0.0 0 15.3 31 300 M M 10 1 40 300
27 69 50 60 7 5 0 0.06 0.0 0 13.9 23 330 M M 7 1 31 320
28 64 46 55 2 10 0 0.00 0.0 M 6.7 15 130 M M 2 20 140
29 62 53 58 6 7 0 1.69 0.0 0 17.5 32 70 M M 10 1 42 80
30 66 54 60 8 5 0 0.08 0.0 0 7.3 17 150 M M 7 22 160
31 66 50 58 6 7 0 0.02 0.0 0 9.2 21 290 M M 3 27 300
================================================================================
SM 2219 1681 109 52 4.85 0.0 242.8 M 148
================================================================================
AV 71.6 54.2 7.8 FASTST M M 5 MAX(MPH)
MISC ----> 32 70 42 80
================================================================================
NOTES:
# LAST OF SEVERAL OCCURRENCES
COLUMN 17 PEAK WIND IN M.P.H.
PRELIMINARY LOCAL CLIMATOLOGICAL DATA (WS FORM: F-6) , PAGE 2
STATION: WILMINGTON DE
MONTH: OCTOBER
YEAR: 2021
LATITUDE: 39 40 N
LONGITUDE: 75 36 W
[TEMPERATURE DATA] [PRECIPITATION DATA] SYMBOLS USED IN COLUMN 16
AVERAGE MONTHLY: 62.9 TOTAL FOR MONTH: 4.85 1 = FOG OR MIST
DPTR FM NORMAL: 5.7 DPTR FM NORMAL: 1.17 2 = FOG REDUCING VISIBILITY
HIGHEST: 83 ON 3 GRTST 24HR 3.02 ON 3- 4 TO 1/4 MILE OR LESS
LOWEST: 43 ON 19 3 = THUNDER
SNOW, ICE PELLETS, HAIL 4 = ICE PELLETS
TOTAL MONTH: 0.0 INCH 5 = HAIL
GRTST 24HR 0.0 6 = FREEZING RAIN OR DRIZZLE
GRTST DEPTH: 0 7 = DUSTSTORM OR SANDSTORM:
VSBY 1/2 MILE OR LESS
8 = SMOKE OR HAZE
[NO. OF DAYS WITH] [WEATHER - DAYS WITH] 9 = BLOWING SNOW
X = TORNADO
MAX 32 OR BELOW: 0 0.01 INCH OR MORE: 11
MAX 90 OR ABOVE: 0 0.10 INCH OR MORE: 7
MIN 32 OR BELOW: 0 0.50 INCH OR MORE: 3
MIN 0 OR BELOW: 0 1.00 INCH OR MORE: 2
[HDD (BASE 65) ]
TOTAL THIS MO. 109 CLEAR (SCALE 0-3) 10
DPTR FM NORMAL -157 PTCLDY (SCALE 4-7) 14
TOTAL FM JUL 1 118 CLOUDY (SCALE 8-10) 7
DPTR FM NORMAL -186
[CDD (BASE 65) ]
TOTAL THIS MO. 52
DPTR FM NORMAL 30 [PRESSURE DATA]
TOTAL FM JAN 1 1423 HIGHEST SLP 29.98 ON 28
DPTR FM NORMAL 195 LOWEST SLP 29.45 ON 29
[REMARKS]
#FINAL-10-21#