000
CXUS51 KPHI 011144
CF6ILG
PRELIMINARY LOCAL CLIMATOLOGICAL DATA (WS FORM: F-6)
STATION: WILMINGTON DE
MONTH: JUNE
YEAR: 2021
LATITUDE: 39 40 N
LONGITUDE: 75 36 W
TEMPERATURE IN F: :PCPN: SNOW: WIND :SUNSHINE: SKY :PK WND
================================================================================
1 2 3 4 5 6A 6B 7 8 9 10 11 12 13 14 15 16 17 18
12Z AVG MX 2MIN
DY MAX MIN AVG DEP HDD CDD WTR SNW DPTH SPD SPD DIR MIN PSBL S-S WX SPD DR
================================================================================
1 76 52 64 -4 1 0 0.00 0.0 0 6.7 16 170 M M 2 20 170
2 78 57 68 0 0 3 0.00 0.0 0 8.6 18 170 M M 0 24 170
3 80 63 72 3 0 7 0.27 0.0 0 6.0 16 270 M M 8 1 20 270
4 82 68 75 6 0 10 0.07 0.0 0 5.9 25 250 M M 5 138 32 250
5 91 63 77 8 0 12 0.00 0.0 0 7.0 15 230 M M 0 1 20 240
6 90 68 79 9 0 14 0.00 0.0 0 6.6 17 160 M M 1 21 170
7 91 71 81 11 0 16 0.00 0.0 0 7.1 16 170 M M 2 18 21 170
8 91 71 81 11 0 16 0.03 0.0 0 4.7 17 340 M M 3 13 23 330
9 89 70 80 9 0 15 0.26 0.0 0 4.0 16 160 M M 2 138 19 160
10 84 68 76 5 0 11 0.00 0.0 0 8.9 21 80 M M 4 1 26 60
11 68 62 65 -6 0 0 0.54 0.0 0 8.3 15 50 M M 10 1 19 80
12 78 63 71 -1 0 6 T 0.0 0 6.9 15 150 M M 9 1 19 150
13 79 64 72 0 0 7 0.00 0.0 0 9.0 20 160 M M 9 24 150
14 84 66 75 3 0 10 0.13 0.0 0 8.5 20 170 M M 7 13 23 170
15 81 64 73 0 0 8 0.02 0.0 0 7.9 20 300 M M 1 1 36 290
16 80 58 69 -4 0 4 T 0.0 0 7.1 17 310 M M 3 22 310
17 79 52 66 -7 0 1 0.00 0.0 0 5.5 16 310 M M 0 20 310
18 84 55 70 -4 0 5 0.00 0.0 0 8.1 20 250 M M 0 26 270
19 89 70 80 6 0 15 T 0.0 0 6.3 15 250 M M 3 3 19 300
20 90 64 77 3 0 12 0.00 0.0 0 7.1 17 170 M M 0 18 24 170
21 87 70 79 5 0 14 0.17 0.0 0 8.9 38 280 M M 5 138 56 270
22 75 54 65 -10 0 0 0.18 0.0 0 7.4 21 320 M M 4 1 27 340
23 78 49 64 -11 1 0 0.00 0.0 0 5.8 13 260 M M 1 20 340
24 77 53 65 -10 0 0 0.00 0.0 0 5.1 14 140 M M 0 17 130
25 80 53 67 -8 0 2 0.00 0.0 0 6.8 17 160 M M 1 22 170
26 83 70 77 1 0 12 0.29 0.0 0 10.8 28 160 M M 8 1 35 150
27 90 73 82 6 0 17 0.00 0.0 0 10.0 18 240 M M 5 23 210
28 93 73 83 7 0 18 0.00 0.0 0 9.2 17 200 M M 1 22 240
29 94 73 84 8 0 19 0.00 0.0 0 8.4 16 210 M M 0 23 200
30 97 74 86 10 0 21 T 0.0 0 8.3 20 300 M M 1 3 23 200
================================================================================
SM 2518 1911 2 275 1.96 0.0 220.9 M 95
================================================================================
AV 83.9 63.7 7.4 FASTST M M 3 MAX(MPH)
MISC ----> 38 280 56 270
================================================================================
NOTES:
# LAST OF SEVERAL OCCURRENCES
COLUMN 17 PEAK WIND IN M.P.H.
PRELIMINARY LOCAL CLIMATOLOGICAL DATA (WS FORM: F-6) , PAGE 2
STATION: WILMINGTON DE
MONTH: JUNE
YEAR: 2021
LATITUDE: 39 40 N
LONGITUDE: 75 36 W
[TEMPERATURE DATA] [PRECIPITATION DATA] SYMBOLS USED IN COLUMN 16
AVERAGE MONTHLY: 73.8 TOTAL FOR MONTH: 1.96 1 = FOG OR MIST
DPTR FM NORMAL: 1.2 DPTR FM NORMAL: -2.71 2 = FOG REDUCING VISIBILITY
HIGHEST: 97 ON 30 GRTST 24HR 0.54 ON 11-11 TO 1/4 MILE OR LESS
LOWEST: 49 ON 23 3 = THUNDER
SNOW, ICE PELLETS, HAIL 4 = ICE PELLETS
TOTAL MONTH: 0.0 INCH 5 = HAIL
GRTST 24HR 0.0 6 = FREEZING RAIN OR DRIZZLE
GRTST DEPTH: 0 7 = DUSTSTORM OR SANDSTORM:
VSBY 1/2 MILE OR LESS
8 = SMOKE OR HAZE
[NO. OF DAYS WITH] [WEATHER - DAYS WITH] 9 = BLOWING SNOW
X = TORNADO
MAX 32 OR BELOW: 0 0.01 INCH OR MORE: 10
MAX 90 OR ABOVE: 9 0.10 INCH OR MORE: 7
MIN 32 OR BELOW: 0 0.50 INCH OR MORE: 1
MIN 0 OR BELOW: 0 1.00 INCH OR MORE: 0
[HDD (BASE 65) ]
TOTAL THIS MO. 2 CLEAR (SCALE 0-3) 18
DPTR FM NORMAL -11 PTCLDY (SCALE 4-7) 8
TOTAL FM JUL 1 4346 CLOUDY (SCALE 8-10) 4
DPTR FM NORMAL -297
[CDD (BASE 65) ]
TOTAL THIS MO. 275
DPTR FM NORMAL 34 [PRESSURE DATA]
TOTAL FM JAN 1 376 HIGHEST SLP 30.39 ON 24
DPTR FM NORMAL 48 LOWEST SLP 29.60 ON 21
[REMARKS]
#FINAL-06-21#