000
CXUS52 KILM 011000
CF6ILM
PRELIMINARY LOCAL CLIMATOLOGICAL DATA (WS FORM: F-6)
STATION: WILMINGTON NORTH CAROLINA
MONTH: OCTOBER
YEAR: 2023
LATITUDE: 34 16 N
LONGITUDE: 77 55 W
TEMPERATURE IN F: :PCPN: SNOW: WIND :SUNSHINE: SKY :PK WND
================================================================================
1 2 3 4 5 6A 6B 7 8 9 10 11 12 13 14 15 16 17 18
12Z AVG MX 2MIN
DY MAX MIN AVG DEP HDD CDD WTR SNW DPTH SPD SPD DIR MIN PSBL S-S WX SPD DR
================================================================================
1 81 61 71 0 0 6 0.00 0.0 0 7.0 16 350 M M 1 22 10
2 84 58 71 0 0 6 0.00 0.0 0 6.2 16 20 M M 0 23 20
3 84 59 72 2 0 7 0.00 0.0 0 8.2 17 20 M M 1 1 24 60
4 82 58 70 0 0 5 0.00 0.0 0 7.6 14 70 M M 1 23 100
5 83 63 73 3 0 8 0.00 0.0 0 7.6 17 100 M M 6 25 80
6 84 69 77 8 0 12 0.00 0.0 0 5.0 12 10 M M 6 14 360
7 77 57 67 -2 0 2 T 0.0 0 7.6 20 310 M M 5 128 24 330
8 69 47 58 -11 7 0 0.00 0.0 0 5.7 17 270 M M 0 23 260
9 72 44 58 -10 7 0 0.00 0.0 0 3.2 14 200 M M 0 21 230
10 82 51 67 -1 0 2 0.00 0.0 0 8.2 18 230 M M 0 25 240
11 74 64 69 1 0 4 0.01 0.0 0 5.0 12 250 M M 2 15 180
12 68 57 63 -4 2 0 0.52 0.0 0 8.3 18 40 M M 8 1 25 30
13 77 53 65 -2 0 0 T 0.0 0 6.5 14 100 M M 3 12 19 100
14 83 64 74 7 0 9 0.07 0.0 0 11.1 23 280 M M 7 1 32 270
15 70 56 63 -3 2 0 0.00 0.0 0 8.9 18 360 M M 5 24 360
16 69 47 58 -8 7 0 0.00 0.0 0 6.3 16 10 M M 6 24 350
17 70 45 58 -8 7 0 0.00 0.0 0 3.0 12 350 M M 4 17 360
18 73 48 61 -4 4 0 0.00 0.0 0 2.0 10 40 M M 2 15 20
19 68 49 59 -6 6 0 T 0.0 0 4.6 14 110 M M 8 12 17 100
20 77 52 65 1 0 0 0.39 0.0 0 7.0 33 280 M M 7 12 49 260
21 72 52 62 -2 3 0 0.00 0.0 0 11.4 23 300 M M 0 31 310
22 77 50 64 0 1 0 0.00 0.0 0 8.3 20 320 M M 0 27 320
23 70 44 57 -6 8 0 0.00 0.0 0 5.9 14 10 M M 0 8 22 20
24 75 42 59 -4 6 0 0.00 0.0 0 4.0 12 30 M M 0 14 40
25 79 53 66 3 0 1 0.00 0.0 0 4.5 12 100 M M 0 128 16 110
26 79 55 67 5 0 2 0.00 0.0 0 1.9 10 130 M M 3 12 16 130
27 84 55 70 8 0 5 0.00 0.0 0 1.7 10 140 M M 1 12 14 130
28 84 56 70 8 0 5 0.00 0.0 0 4.9 14 280 M M 0 1 17 290
29 85 58 72 11 0 7 0.00 0.0 0 6.4 14 200 M M 0 20 220
30 85 64 75 14 0 10 0.00 0.0 0 8.1 16 240 M M 0 22 240
31 67 49 58 -3 7 0 T 0.0 0 10.4 21 30 M M 8 12 28 20
================================================================================
SM 2384 1680 67 91 0.99 0.0 196.5 M 84
================================================================================
AV 76.9 54.2 6.3 FASTST M M 3 MAX(MPH)
MISC ----> 33 280 49 260
================================================================================
NOTES:
# LAST OF SEVERAL OCCURRENCES
COLUMN 17 PEAK WIND IN M.P.H.
PRELIMINARY LOCAL CLIMATOLOGICAL DATA (WS FORM: F-6) , PAGE 2
STATION: WILMINGTON NORTH CAROLINA
MONTH: OCTOBER
YEAR: 2023
LATITUDE: 34 16 N
LONGITUDE: 77 55 W
[TEMPERATURE DATA] [PRECIPITATION DATA] SYMBOLS USED IN COLUMN 16
AVERAGE MONTHLY: 65.5 TOTAL FOR MONTH: 0.99 1 = FOG OR MIST
DPTR FM NORMAL: -0.4 DPTR FM NORMAL: -3.67 2 = FOG REDUCING VISIBILITY
HIGHEST: 85 ON 30,29 GRTST 24HR 0.53 ON 11-12 TO 1/4 MILE OR LESS
LOWEST: 42 ON 24 3 = THUNDER
SNOW, ICE PELLETS, HAIL 4 = ICE PELLETS
TOTAL MONTH: 0.0 INCH 5 = HAIL
GRTST 24HR 0.0 6 = FREEZING RAIN OR DRIZZLE
GRTST DEPTH: 0 7 = DUSTSTORM OR SANDSTORM:
VSBY 1/2 MILE OR LESS
8 = SMOKE OR HAZE
[NO. OF DAYS WITH] [WEATHER - DAYS WITH] 9 = BLOWING SNOW
X = TORNADO
MAX 32 OR BELOW: 0 0.01 INCH OR MORE: 4
MAX 90 OR ABOVE: 0 0.10 INCH OR MORE: 2
MIN 32 OR BELOW: 0 0.50 INCH OR MORE: 1
MIN 0 OR BELOW: 0 1.00 INCH OR MORE: 0
[HDD (BASE 65) ]
TOTAL THIS MO. 67 CLEAR (SCALE 0-3) 20
DPTR FM NORMAL -15 PTCLDY (SCALE 4-7) 11
TOTAL FM JUL 1 67 CLOUDY (SCALE 8-10) 0
DPTR FM NORMAL -20
[CDD (BASE 65) ]
TOTAL THIS MO. 91
DPTR FM NORMAL -17 [PRESSURE DATA]
TOTAL FM JAN 1 2240 HIGHEST SLP 30.40 ON 24
DPTR FM NORMAL 135 LOWEST SLP 29.52 ON 14
[REMARKS]
#FINAL-10-23#