000
CXUS53 KIND 010700
CF6IND
PRELIMINARY LOCAL CLIMATOLOGICAL DATA (WS FORM: F-6)
STATION: INDIANAPOLIS IN
MONTH: NOVEMBER
YEAR: 2022
LATITUDE: 39 43 N
LONGITUDE: 86 17 W
TEMPERATURE IN F: :PCPN: SNOW: WIND :SUNSHINE: SKY :PK WND
================================================================================
1 2 3 4 5 6A 6B 7 8 9 10 11 12 13 14 15 16 17 18
12Z AVG MX 2MIN
DY MAX MIN AVG DEP HDD CDD WTR SNW DPTH SPD SPD DIR MIN PSBL S-S WX SPD DR
================================================================================
1 68 50 59 10 6 0 0.00 0.0 0 5.5 12 250 M M 4 18 16 260
2 69 46 58 9 7 0 0.00 0.0 0 5.3 12 120 M M 5 1 M M
3 72 47 60 12 5 0 0.00 0.0 0 7.1 15 160 M M 3 12 19 170
4 76 51 64 16 1 0 0.00 0.0 0 12.9 23 190 M M 6 32 180
5 67 49 58 10 7 0 0.07 0.0 0 19.8 40 220 M M 8 55 240
6 68 45 57 10 8 0 0.00 0.0 0 8.9 21 220 M M 3 28 200
7 63 44 54 7 11 0 0.00 0.0 0 9.1 17 30 M M 3 23 30
8 61 43 52 6 13 0 0.00 0.0 0 11.9 20 100 M M 6 28 90
9 71 43 57 11 8 0 0.00 0.0 0 5.9 13 110 M M 3 16 120
10 73 49 61 15 4 0 0.00 0.0 0 9.1 16 190 M M 4 21 220
11 58 31 45 0 20 0 0.00 0.0 0 10.4 23 310 M M 8 31 320
12 32 28 30 -15 35 0 0.24 2.7 0 11.3 17 310 M M 9 12 23 290
13 39 29 34 -10 31 0 0.00 0.0 1 8.5 21 280 M M 8 27 280
14 42 25 34 -10 31 0 0.00 0.0 0 7.0 15 70 M M 4 22 90
15 39 35 37 -7 28 0 T T 0 9.3 18 270 M M 10 1 24 280
16 35 29 32 -11 33 0 0.02 0.1 T 14.5 23 260 M M 10 1 29 260
17 34 27 31 -12 34 0 T T 0 14.1 22 260 M M 9 27 260
18 32 24 28 -14 37 0 T T 0 16.2 28 260 M M 9 36 250
19 35 19 27 -15 38 0 T T 0 18.0 35 250 M M 4 43 250
20 32 13 23 -19 42 0 0.00 0.0 0 9.0 21 280 M M 1 26 280
21 51 22 37 -4 28 0 0.00 0.0 0 12.0 24 220 M M 1 31 220
22 56 29 43 2 22 0 0.00 0.0 0 7.2 21 230 M M 1 27 240
23 59 32 46 6 19 0 0.00 0.0 0 4.9 9 140 M M 3 12 220
24 58 33 46 6 19 0 0.01 0.0 0 5.8 16 230 M M 8 1 20 240
25 51 32 42 2 23 0 0.01 0.0 0 7.9 16 330 M M 5 1 22 320
26 54 25 40 1 25 0 0.01 0.0 0 4.6 10 160 M M 6 12 15 150
27 53 41 47 8 18 0 0.98 0.0 0 14.6 33 210 M M 10 1 46 200
28 44 41 43 4 22 0 0.01 0.0 0 4.8 10 180 M M 10 1 15 290
29 62 41 52 14 13 0 T 0.0 0 14.2 28 180 M M 8 1 35 180
30 60 26 43 5 22 0 0.07 0.0 0 20.2 35 280 M M 5 13 44 270
================================================================================
SM 1614 1049 610 0 1.42 2.8 310.0 M 174
================================================================================
AV 53.8 35.0 10.3 FASTST M M 6 MAX(MPH)
MISC ----> 40 220 55 240
================================================================================
NOTES:
# LAST OF SEVERAL OCCURRENCES
COLUMN 17 PEAK WIND IN M.P.H.
PRELIMINARY LOCAL CLIMATOLOGICAL DATA (WS FORM: F-6) , PAGE 2
STATION: INDIANAPOLIS IN
MONTH: NOVEMBER
YEAR: 2022
LATITUDE: 39 43 N
LONGITUDE: 86 17 W
[TEMPERATURE DATA] [PRECIPITATION DATA] SYMBOLS USED IN COLUMN 16
AVERAGE MONTHLY: 44.4 TOTAL FOR MONTH: 1.42 1 = FOG OR MIST
DPTR FM NORMAL: 1.1 DPTR FM NORMAL: -2.03 2 = FOG REDUCING VISIBILITY
HIGHEST: 76 ON 4 GRTST 24HR 0.99 ON 26-27 TO 1/4 MILE OR LESS
LOWEST: 13 ON 20 3 = THUNDER
SNOW, ICE PELLETS, HAIL 4 = ICE PELLETS
TOTAL MONTH: 2.8 INCHES 5 = HAIL
GRTST 24HR 2.7 ON 12-12 6 = FREEZING RAIN OR DRIZZLE
GRTST DEPTH: 1 ON 13 7 = DUSTSTORM OR SANDSTORM:
VSBY 1/2 MILE OR LESS
8 = SMOKE OR HAZE
[NO. OF DAYS WITH] [WEATHER - DAYS WITH] 9 = BLOWING SNOW
X = TORNADO
MAX 32 OR BELOW: 3 0.01 INCH OR MORE: 9
MAX 90 OR ABOVE: 0 0.10 INCH OR MORE: 2
MIN 32 OR BELOW: 15 0.50 INCH OR MORE: 1
MIN 0 OR BELOW: 0 1.00 INCH OR MORE: 0
[HDD (BASE 65) ]
TOTAL THIS MO. 610 CLEAR (SCALE 0-3) 7
DPTR FM NORMAL -40 PTCLDY (SCALE 4-7) 14
TOTAL FM JUL 1 996 CLOUDY (SCALE 8-10) 9
DPTR FM NORMAL -30
[CDD (BASE 65) ]
TOTAL THIS MO. 0
DPTR FM NORMAL 0 [PRESSURE DATA]
TOTAL FM JAN 1 1330 HIGHEST SLP M ON M
DPTR FM NORMAL 191 LOWEST SLP 29.37 ON 27
[REMARKS]
#FINAL-11-22#