000
CXUS53 KIND 011527
CLMIND
CLIMATE REPORT
NATIONAL WEATHER SERVICE INDIANAPOLIS IN
1127 AM EDT WED NOV 01 2023
...................................
...THE INDIANAPOLIS IN CLIMATE SUMMARY FOR THE MONTH OF OCTOBER 2023...
CLIMATE NORMAL PERIOD 1991 TO 2020
CLIMATE RECORD PERIOD 1871 TO 2023
WEATHER OBSERVED NORMAL DEPART LAST YEAR`S
VALUE DATE(S) VALUE FROM VALUE DATE(S)
NORMAL
................................................................
TEMPERATURE (F)
RECORD
HIGH 92 10/02/2019
10/01/2019
LOW 20 10/24/1981
10/28/1976
10/26/1962
HIGHEST 86 10/03 79 10/23
LOWEST 25 10/31 28 10/20
AVG. MAXIMUM 67.0 65.6 1.4 66.1
AVG. MINIMUM 48.1 45.5 2.6 43.0
MEAN 57.5 55.5 2.0 54.5
DAYS MAX >= 90 0 0.1 -0.1 0
DAYS MAX <= 32 0 0.0 0.0 0
DAYS MIN <= 32 2 2.1 -0.1 2
DAYS MIN <= 0 0 0.0 0.0 0
PRECIPITATION (INCHES)
RECORD
MAXIMUM 8.98 1919
MINIMUM 0.17 1963
TOTALS 2.47 3.22 -0.75 1.42
DAILY AVG. 0.08 0.10 -0.02 0.05
DAYS >= .01 10 8.9 1.1 7
DAYS >= .10 5 5.6 -0.6 3
DAYS >= .50 2 2.3 -0.3 1
DAYS >= 1.00 0 0.9 -0.9 1
GREATEST
24 HR. TOTAL 0.78 10/05 TO 10/05
SNOWFALL (INCHES)
RECORDS
TOTAL 9.3 1989
SNOW DEPTH 2 10/19/1989
TOTALS T 0.1 -0.1 T
SINCE 7/1 T 0.1 -0.1 MM
SNOWDEPTH AVG. 0
DAYS >= 1.0 0 0.0 0.0 0
GREATEST
SNOW DEPTH 0 0 MM
24 HR TOTAL MM MM
DEGREE DAYS
HEATING TOTAL 268 314 -46 320
SINCE 7/1 272 375 -103 MM
COOLING TOTAL 45 21 24 3
SINCE 1/1 1178 1139 39 MM
................................................................
WIND (MPH)
AVERAGE WIND SPEED 9.2
HIGHEST WIND SPEED/DIRECTION 30/300 DATE 10/06
HIGHEST GUST SPEED/DIRECTION 40/300 DATE 10/06
SKY COVER
AVERAGE SKY COVER 0.58
AVERAGE RH (PERCENT) 69
WEATHER CONDITIONS. NUMBER OF DAYS WITH
THUNDERSTORM 1 MIXED PRECIP 1
HEAVY RAIN 2 RAIN 13
LIGHT RAIN 15 FREEZING RAIN 0
LT FREEZING RAIN 0 HAIL 0
HEAVY SNOW 0 SNOW 0
LIGHT SNOW 2 SLEET 0
FOG 10 FOG W/VIS <= 1/4 MILE 0
HAZE 0
- INDICATES NEGATIVE NUMBERS.
R INDICATES RECORD WAS SET OR TIED.
MM INDICATES DATA IS MISSING.
T INDICATES TRACE AMOUNT.
$$