000
CXUS54 KFWD 010830
CF6INJ
PRELIMINARY LOCAL CLIMATOLOGICAL DATA (WS FORM: F-6)
STATION: HILLSBORO
MONTH: DECEMBER
YEAR: 2021
LATITUDE: 32 0 N
LONGITUDE: 97 6 W
TEMPERATURE IN F: :PCPN: SNOW: WIND :SUNSHINE: SKY :PK WND
================================================================================
1 2 3 4 5 6A 6B 7 8 9 10 11 12 13 14 15 16 17 18
12Z AVG MX 2MIN
DY MAX MIN AVG DEP HDD CDD WTR SNW DPTH SPD SPD DIR MIN PSBL S-S WX SPD DR
================================================================================
1 77 53 65 14 0 0 0.00 M M 5.6 10 250 M M 0 1 M M
2 78 43 61 11 4 0 0.00 M M 4.4 10 170 M M 2 12 16 170
3 78 60 69 19 0 4 0.00 M M 9.1 15 170 M M 5 1 22 130
4 78 58 68 18 0 3 0.00 M M 6.4 13 200 M M 6 1 17 200
5 78 54 66 16 0 1 0.00 M M 9.5 24 190 M M 8 30 190
6 71 40 56 7 9 0 0.00 M M 13.5 25 350 M M 4 35 350
7 62 31 47 -2 18 0 0.00 M M 5.6 10 170 M M 0 M M
8 64 43 54 5 11 0 0.00 M M 6.7 13 150 M M 3 12 M M
9 80 60 70 21 0 5 0.00 M M 13.6 17 210 M M 5 1 25 170
10 83 64 74 26 0 9 0.00 M M 14.4 23 180 M M 5 1 30 200
11 69 28 49 1 16 0 0.00 M M 11.8 28 330 M M 1 37 330
12 59 27 43 -5 22 0 0.00 M M 5.8 13 120 M M 0 17 120
13 66 41 54 6 11 0 0.00 M M 9.0 14 130 M M 6 1 17 140
14 73 58 66 18 0 1 0.00 M M 9.4 14 170 M M 8 1 20 170
15 80 68 74 27 0 9 0.00 M M 18.2 26 170 M M 9 33 170
16 81 64 73 26 0 8 0.00 M M 11.0 15 190 M M 6 21 190
17 78 68 73 26 0 8 0.00 M M 13.9 22 180 M M 8 29 180
18 70 39 55 8 10 0 0.09 M M 15.6 23 350 M M 5 32 330
19 51 34 43 -4 22 0 0.00 M M 6.9 13 350 M M 4 18 350
20 55 41 48 1 17 0 0.02 M M 4.3 12 70 M M 7 M M
21 63 31 47 0 18 0 0.00 M M 4.9 12 150 M M 3 12 M M
22 67 45 56 9 9 0 0.00 M M 8.9 14 110 M M 1 16 110
23 74 55 65 18 0 0 0.00 M M 15.5 23 160 M M 3 1 26 180
24 79 61 70 24 0 5 0.00 M M 18.0 25 170 M M 3 31 170
25 82 61 72 26 0 7 0.00 M M 7.9 20 180 M M 2 26 180
26 78 58 68 22 0 3 0.00 M M 12.4 20 160 M M 4 12 25 170
27 75 64 70 24 0 5 0.00 M M 10.1 14 200 M M 8 21 180
28 82 61 72 26 0 7 0.00 M M 10.7 20 170 M M 4 26 170
29 76 51 64 18 1 0 0.00 M M 4.2 13 180 M M 4 1 M M
30 80 47 64 18 1 0 0.00 M M 1.6 13 170 M M 1 M M
31 73 60 67 21 0 2 0.00 M M 9.2 20 140 M M 8 1 23 140
================================================================================
SM 2260 1568 169 77 0.11 M 298.3 M 133
================================================================================
AV 72.9 50.6 9.6 FASTST M M 4 MAX(MPH)
MISC ----> 28 330 37 330
================================================================================
NOTES:
# LAST OF SEVERAL OCCURRENCES
COLUMN 17 PEAK WIND IN M.P.H.
PRELIMINARY LOCAL CLIMATOLOGICAL DATA (WS FORM: F-6) , PAGE 2
STATION: HILLSBORO
MONTH: DECEMBER
YEAR: 2021
LATITUDE: 32 0 N
LONGITUDE: 97 6 W
[TEMPERATURE DATA] [PRECIPITATION DATA] SYMBOLS USED IN COLUMN 16
AVERAGE MONTHLY: 61.7 TOTAL FOR MONTH: 0.11 1 = FOG OR MIST
DPTR FM NORMAL: 13.9 DPTR FM NORMAL: -2.98 2 = FOG REDUCING VISIBILITY
HIGHEST: 83 ON 10 GRTST 24HR 0.09 ON 18-18 TO 1/4 MILE OR LESS
LOWEST: 27 ON 12 3 = THUNDER
SNOW, ICE PELLETS, HAIL 4 = ICE PELLETS
TOTAL MONTH: M 5 = HAIL
GRTST 24HR M ON M 6 = FREEZING RAIN OR DRIZZLE
GRTST DEPTH: M ON M 7 = DUSTSTORM OR SANDSTORM:
VSBY 1/2 MILE OR LESS
8 = SMOKE OR HAZE
[NO. OF DAYS WITH] [WEATHER - DAYS WITH] 9 = BLOWING SNOW
X = TORNADO
MAX 32 OR BELOW: 0 0.01 INCH OR MORE: 2
MAX 90 OR ABOVE: 0 0.10 INCH OR MORE: 0
MIN 32 OR BELOW: 4 0.50 INCH OR MORE: 0
MIN 0 OR BELOW: 0 1.00 INCH OR MORE: 0
[HDD (BASE 65) ]
TOTAL THIS MO. 169 CLEAR (SCALE 0-3) 9
DPTR FM NORMAL -371 PTCLDY (SCALE 4-7) 19
TOTAL FM JUL 1 331 CLOUDY (SCALE 8-10) 3
DPTR FM NORMAL -557
[CDD (BASE 65) ]
TOTAL THIS MO. 77
DPTR FM NORMAL 72 [PRESSURE DATA]
TOTAL FM JAN 1 2393 HIGHEST SLP M ON M
DPTR FM NORMAL -150 LOWEST SLP M ON M
[REMARKS]
#FINAL-12-21#