000
CXUS56 KFGZ 010910
CF6INW
PRELIMINARY LOCAL CLIMATOLOGICAL DATA (WS FORM: F-6)
STATION: WINSLOW AZ AIRPORT
MONTH: DECEMBER
YEAR: 2022
LATITUDE: 35 1 N
LONGITUDE: 110 44 W
TEMPERATURE IN F: :PCPN: SNOW: WIND :SUNSHINE: SKY :PK WND
================================================================================
1 2 3 4 5 6A 6B 7 8 9 10 11 12 13 14 15 16 17 18
12Z AVG MX 2MIN
DY MAX MIN AVG DEP HDD CDD WTR SNW DPTH SPD SPD DIR MIN PSBL S-S WX SPD DR
================================================================================
1 66 25 46 8 19 0 0.00 M M 9.2 25 220 M M 0 32 180
2 62 37 50 12 15 0 0.00 M M 7.8 25 250 M M 1 30 250
3 60 32 46 8 19 0 0.05 M M 4.6 20 210 M M 4 24 210
4 62 44 53 16 12 0 T M M 6.1 15 250 M M 6 18 250
5 61 36 49 12 16 0 0.00 M M 10.9 29 250 M M 1 35 250
6 M M M M M M M M M M M M M M M M M
7 M M M M M M M M M M M M M M M M M
8 49 24 37 1 28 0 0.00 M M 3.9 10 130 M M 0 14 130
9 54 19 37 1 28 0 0.00 M M 3.2 10 280 M M 0 13 340
10 54 15 35 -1 30 0 0.00 M M 3.9 10 210 M M 0 12 130
11 63 24 44 8 21 0 0.00 M M 14.9 30 190 M M 0 42 210
12 48 29 39 4 26 0 0.37 M M 11.1 38 200 M M 4 48 190
13 38 25 32 -3 33 0 T M M 6.4 16 330 M M 6 20 320
14 38 15 27 -8 38 0 0.00 M M 2.7 9 330 M M 1 12 330
15 40 19 30 -5 35 0 0.00 M M 5.0 12 270 M M 0 14 340
16 36 16 26 -9 39 0 0.00 M M 3.3 10 20 M M 0 13 160
17 37 10 24 -10 41 0 0.00 M M 2.7 10 120 M M 0 12 120
18 37 20 29 -5 36 0 0.00 M M 2.1 8 160 M M 1 9 160
19 46 13 30 -4 35 0 0.00 M M 2.8 7 230 M M 0 10 40
20 43 16 30 -4 35 0 0.00 M M 3.9 10 130 M M 0 12 140
21 50 15 33 -1 32 0 0.00 M M 2.7 9 210 M M 0 11 220
22 55 21 38 4 27 0 0.00 M M 4.2 10 220 M M 0 14 360
23 55 27 41 7 24 0 0.00 M M 3.2 9 260 M M 3 10 260
24 53 21 37 3 28 0 0.00 M M 4.6 13 320 M M 0 19 320
25 55 23 39 5 26 0 0.00 M M 3.5 9 250 M M 0 13 310
26 56 22 39 5 26 0 0.00 M M 3.3 10 140 M M 0 11 130
27 67 31 49 15 16 0 0.00 M M 12.3 33 230 M M 3 41 220
28 53 30 42 8 23 0 0.01 M M 17.8 33 240 M M 6 41 220
29 51 27 39 5 26 0 T M M 7.3 23 220 M M 5 30 210
30 56 28 42 8 23 0 0.00 M M 7.8 17 200 M M 5 26 240
31 54 35 45 11 20 0 0.00 M M 8.3 22 260 M M 2 27 260
================================================================================
SM 1499 699 777 0 0.43 M 179.5 M 48
================================================================================
AV 51.7 24.1 6.2 FASTST M M 2 MAX(MPH)
MISC ----> 38 200 48 190
================================================================================
NOTES:
# LAST OF SEVERAL OCCURRENCES
COLUMN 17 PEAK WIND IN M.P.H.
PRELIMINARY LOCAL CLIMATOLOGICAL DATA (WS FORM: F-6) , PAGE 2
STATION: WINSLOW AZ AIRPORT
MONTH: DECEMBER
YEAR: 2022
LATITUDE: 35 1 N
LONGITUDE: 110 44 W
[TEMPERATURE DATA] [PRECIPITATION DATA] SYMBOLS USED IN COLUMN 16
AVERAGE MONTHLY: 37.9 TOTAL FOR MONTH: 0.43 1 = FOG OR MIST
DPTR FM NORMAL: 2.7 DPTR FM NORMAL: -0.07 2 = FOG REDUCING VISIBILITY
HIGHEST: 67 ON 27 GRTST 24HR 0.37 ON 12-12 TO 1/4 MILE OR LESS
LOWEST: 10 ON 17 3 = THUNDER
SNOW, ICE PELLETS, HAIL 4 = ICE PELLETS
TOTAL MONTH: M 5 = HAIL
GRTST 24HR M ON M 6 = FREEZING RAIN OR DRIZZLE
GRTST DEPTH: M ON M 7 = DUSTSTORM OR SANDSTORM:
VSBY 1/2 MILE OR LESS
8 = SMOKE OR HAZE
[NO. OF DAYS WITH] [WEATHER - DAYS WITH] 9 = BLOWING SNOW
X = TORNADO
MAX 32 OR BELOW: 0 0.01 INCH OR MORE: 3
MAX 90 OR ABOVE: 0 0.10 INCH OR MORE: 1
MIN 32 OR BELOW: 25 0.50 INCH OR MORE: 0
MIN 0 OR BELOW: 0 1.00 INCH OR MORE: 0
[HDD (BASE 65) ]
TOTAL THIS MO. 777 CLEAR (SCALE 0-3) 22
DPTR FM NORMAL -147 PTCLDY (SCALE 4-7) 7
TOTAL FM JUL 1 1796 CLOUDY (SCALE 8-10) 2
DPTR FM NORMAL -18
[CDD (BASE 65) ]
TOTAL THIS MO. 0
DPTR FM NORMAL 0 [PRESSURE DATA]
TOTAL FM JAN 1 1580 HIGHEST SLP M ON M
DPTR FM NORMAL 251 LOWEST SLP 29.57 ON 12
[REMARKS]
#FINAL-12-22#