000
CXUS55 KPSR 011005
CF6IPL
PRELIMINARY LOCAL CLIMATOLOGICAL DATA (WS FORM: F-6)
STATION: IMPERIAL CA
MONTH: AUGUST
YEAR: 2023
LATITUDE: 32 50 N
LONGITUDE: 115 35 W
TEMPERATURE IN F: :PCPN: SNOW: WIND :SUNSHINE: SKY :PK WND
================================================================================
1 2 3 4 5 6A 6B 7 8 9 10 11 12 13 14 15 16 17 18
12Z AVG MX 2MIN
DY MAX MIN AVG DEP HDD CDD WTR SNW DPTH SPD SPD DIR MIN PSBL S-S WX SPD DR
================================================================================
1 M M M M M M 0.00 M M M M M M M M M M
2 110 M M M M M 0.00 M M 11.4 20 270 M M 0 30 280
3 110 81 96 2 0 31 0.00 M M 10.0 26 270 M M 0 34 260
4 108 71 90 -4 0 25 0.00 M M 5.9 15 280 M M 0 22 270
5 111 73 92 -2 0 27 0.00 M M 5.7 15 130 M M 0 8 20 130
6 110 82 96 2 0 31 0.00 0.0 M 8.3 21 130 M M 0 28 130
7 112 86 99 5 0 34 0.00 0.0 M 12.0 29 270 M M 0 40 270
8 107 85 96 2 0 31 0.00 0.0 0 14.3 28 250 M M 0 36 250
9 108 81 95 1 0 30 0.00 0.0 0 12.1 25 270 M M 0 35 270
10 104 84 94 0 0 29 0.00 0.0 0 12.0 21 270 M M 1 8 28 270
11 103 79 91 -3 0 26 0.00 0.0 0 9.3 17 250 M M 0 24 260
12 104 78 91 -3 0 26 0.00 0.0 0 4.1 12 150 M M 0 22 190
13 108 79 94 0 0 29 0.00 M M 4.1 16 210 M M 0 23 210
14 109 80 95 1 0 30 0.00 M M 6.1 13 130 M M 0 17 130
15 114 82 98 4 0 33 0.00 M M 5.3 12 290 M M 0 17 120
16 111 85 98 4 0 33 0.00 M M 5.2 10 240 M M 0 15 340
17 114 84 99 5 0 34 0.00 M M 6.0 15 260 M M 0 19 270
18 109 83 96 2 0 31 T M M 10.1 23 200 M M 0 3 30 190
19 90 73 82 -12 0 17 0.44 M M 6.6 20 250 M M 7 13 29 250
20 84 73 79 -15 0 14 M M M 15.5 47 140 M M 6 138 66 140
21 89 M M M M M M M M M M M M M 2 8 M M
22 96 71 84 -9 0 19 0.00 M M 5.0 10 320 M M 0 18 16 330
23 103 74 89 -4 0 24 0.00 M M 5.3 14 250 M M 0 8 19 250
24 106 77 92 -1 0 27 0.00 M M 5.2 8 280 M M 0 M M
25 108 81 95 2 0 30 0.00 M M 4.0 13 270 M M 0 20 270
26 112 80 96 3 0 31 0.00 M M 5.1 12 300 M M 0 17 300
27 113 81 97 4 0 32 0.00 M M 5.7 10 270 M M 0 16 350
28 116 81 99 7 0 34 0.00 M M 7.3 14 260 M M 0 19 300
29 116 84 100 8 0 35 0.00 M M 5.8 14 240 M M 1 20 240
30 110 85 98 6 0 33 0.00 M M 9.3 17 140 M M 0 23 140
31 105 85 95 3 0 30 0.00 M M 8.1 18 150 M M 0 8 23 140
================================================================================
SM 3200 2238 0 806 0.44 0.0 224.8 M 17
================================================================================
AV106.7 79.9 7.8 FASTST M M 1 MAX(MPH)
MISC ----> 47 140 66 140
================================================================================
NOTES:
# LAST OF SEVERAL OCCURRENCES
COLUMN 17 PEAK WIND IN M.P.H.
PRELIMINARY LOCAL CLIMATOLOGICAL DATA (WS FORM: F-6) , PAGE 2
STATION: IMPERIAL CA
MONTH: AUGUST
YEAR: 2023
LATITUDE: 32 50 N
LONGITUDE: 115 35 W
[TEMPERATURE DATA] [PRECIPITATION DATA] SYMBOLS USED IN COLUMN 16
AVERAGE MONTHLY: 93.3 TOTAL FOR MONTH: 0.44 1 = FOG OR MIST
DPTR FM NORMAL: -0.3 DPTR FM NORMAL: 0.29 2 = FOG REDUCING VISIBILITY
HIGHEST: 116 ON 29,28 GRTST 24HR 0.65 ON 19-20 TO 1/4 MILE OR LESS
LOWEST: 71 ON 22, 4 3 = THUNDER
SNOW, ICE PELLETS, HAIL 4 = ICE PELLETS
TOTAL MONTH: 0.0 INCH 5 = HAIL
GRTST 24HR 0.0 6 = FREEZING RAIN OR DRIZZLE
GRTST DEPTH: 0 7 = DUSTSTORM OR SANDSTORM:
VSBY 1/2 MILE OR LESS
8 = SMOKE OR HAZE
[NO. OF DAYS WITH] [WEATHER - DAYS WITH] 9 = BLOWING SNOW
X = TORNADO
MAX 32 OR BELOW: 0 0.01 INCH OR MORE: 1
MAX 90 OR ABOVE: 28 0.10 INCH OR MORE: 1
MIN 32 OR BELOW: 0 0.50 INCH OR MORE: 0
MIN 0 OR BELOW: 0 1.00 INCH OR MORE: 0
[HDD (BASE 65) ]
TOTAL THIS MO. 0 CLEAR (SCALE 0-3) 28
DPTR FM NORMAL 0 PTCLDY (SCALE 4-7) 2
TOTAL FM JUL 1 0 CLOUDY (SCALE 8-10) 1
DPTR FM NORMAL 0
[CDD (BASE 65) ]
TOTAL THIS MO. 806
DPTR FM NORMAL -79 [PRESSURE DATA]
TOTAL FM JAN 1 2852 HIGHEST SLP M ON M
DPTR FM NORMAL -261 LOWEST SLP 29.49 ON 20
[REMARKS]
#FINAL-08-23#