000
CXUS51 KCTP 010800
CF6IPT
PRELIMINARY LOCAL CLIMATOLOGICAL DATA (WS FORM: F-6)
STATION: WILLIAMSPORT PA
MONTH: AUGUST
YEAR: 2021
LATITUDE: 41 15 N
LONGITUDE: 76 55 W
TEMPERATURE IN F: :PCPN: SNOW: WIND :SUNSHINE: SKY :PK WND
================================================================================
1 2 3 4 5 6A 6B 7 8 9 10 11 12 13 14 15 16 17 18
12Z AVG MX 2MIN
DY MAX MIN AVG DEP HDD CDD WTR SNW DPTH SPD SPD DIR MIN PSBL S-S WX SPD DR
================================================================================
1 81 57 69 -5 0 4 0.40 0.0 0 2.9 25 330 M M 4 13 38 320
2 80 57 69 -4 0 4 0.00 0.0 0 6.1 14 300 M M 5 17 310
3 79 53 66 -7 0 1 0.00 0.0 0 2.5 9 120 M M 2 1 12 130
4 81 57 69 -4 0 4 0.00 0.0 0 2.6 10 120 M M 2 13 130
5 86 55 71 -2 0 6 0.00 0.0 0 2.3 7 180 M M 3 11 240
6 88 58 73 0 0 8 0.00 0.0 0 3.2 12 140 M M 2 18 16 150
7 84 68 76 3 0 11 T 0.0 0 3.8 12 180 M M 2 18 170
8 86 66 76 3 0 11 0.00 0.0 0 3.5 9 120 M M 1 13 90
9 89 70 80 7 0 15 0.00 0.0 0 4.2 13 80 M M 1 18 80
10 88 73 81 8 0 16 0.12 0.0 0 6.4 16 140 M M 5 3 21 130
11 93 72 83 10 0 18 0.01 0.0 0 4.6 16 240 M M 6 3 20 250
12 91 69 80 7 0 15 0.29 0.0 0 3.7 31 310 M M 4 138 41 300
13 90 68 79 7 0 14 0.56 0.0 0 3.8 18 150 M M 6 1238 26 150
14 82 62 72 0 0 7 0.10 0.0 0 3.8 15 330 M M 5 13 22 350
15 81 59 70 -2 0 5 0.00 0.0 0 2.8 8 350 M M 2 13 320
16 78 65 72 0 0 7 0.03 0.0 0 4.6 13 100 M M 10 17 110
17 83 71 77 5 0 12 0.05 0.0 0 6.1 15 160 M M 8 1 23 160
18 82 73 78 6 0 13 1.34 0.0 0 7.3 20 100 M M 10 18 29 100
19 85 71 78 6 0 13 T 0.0 0 7.9 17 280 M M 7 24 280
20 84 67 76 4 0 11 0.00 0.0 0 3.6 14 110 M M 1 17 110
21 87 66 77 5 0 12 0.00 0.0 0 3.4 10 100 M M 5 18 13 90
22 81 70 76 5 0 11 0.45 0.0 0 5.2 14 270 M M 6 1 17 270
23 89 71 80 9 0 15 0.04 0.0 0 7.4 18 270 M M 6 1 23 260
24 90 68 79 8 0 14 0.00 0.0 0 5.5 12 260 M M 0 1 15 250
25 90 68 79 8 0 14 0.00 0.0 0 2.4 8 180 M M 3 18 13 100
26 91 71 81 10 0 16 0.43 0.0 0 2.7 25 160 M M 3 1238 35 170
27 88 70 79 9 0 14 T 0.0 0 2.4 14 120 M M 2 3 18 110
28 83 71 77 7 0 12 0.00 0.0 0 6.2 15 80 M M 9 18 20 100
29 79 69 74 4 0 9 0.00 0.0 0 4.9 15 180 M M 9 19 190
30 86 68 77 7 0 12 0.10 0.0 0 4.6 13 250 M M 5 1 15 270
31 82 66 74 4 0 9 T 0.0 0 3.9 12 180 M M 4 1 14 170
================================================================================
SM 2637 2049 0 333 3.92 0.0 134.3 M 138
================================================================================
AV 85.1 66.1 4.3 FASTST M M 4 MAX(MPH)
MISC ----> 31 310 41 300
================================================================================
NOTES:
# LAST OF SEVERAL OCCURRENCES
COLUMN 17 PEAK WIND IN M.P.H.
PRELIMINARY LOCAL CLIMATOLOGICAL DATA (WS FORM: F-6) , PAGE 2
STATION: WILLIAMSPORT PA
MONTH: AUGUST
YEAR: 2021
LATITUDE: 41 15 N
LONGITUDE: 76 55 W
[TEMPERATURE DATA] [PRECIPITATION DATA] SYMBOLS USED IN COLUMN 16
AVERAGE MONTHLY: 75.6 TOTAL FOR MONTH: 3.92 1 = FOG OR MIST
DPTR FM NORMAL: 3.6 DPTR FM NORMAL: -0.25 2 = FOG REDUCING VISIBILITY
HIGHEST: 93 ON 11 GRTST 24HR 1.34 ON 18-18 TO 1/4 MILE OR LESS
LOWEST: 53 ON 3 3 = THUNDER
SNOW, ICE PELLETS, HAIL 4 = ICE PELLETS
TOTAL MONTH: 0.0 INCH 5 = HAIL
GRTST 24HR 0.0 6 = FREEZING RAIN OR DRIZZLE
GRTST DEPTH: 0 7 = DUSTSTORM OR SANDSTORM:
VSBY 1/2 MILE OR LESS
8 = SMOKE OR HAZE
[NO. OF DAYS WITH] [WEATHER - DAYS WITH] 9 = BLOWING SNOW
X = TORNADO
MAX 32 OR BELOW: 0 0.01 INCH OR MORE: 13
MAX 90 OR ABOVE: 6 0.10 INCH OR MORE: 9
MIN 32 OR BELOW: 0 0.50 INCH OR MORE: 2
MIN 0 OR BELOW: 0 1.00 INCH OR MORE: 1
[HDD (BASE 65) ]
TOTAL THIS MO. 0 CLEAR (SCALE 0-3) 12
DPTR FM NORMAL -6 PTCLDY (SCALE 4-7) 14
TOTAL FM JUL 1 0 CLOUDY (SCALE 8-10) 5
DPTR FM NORMAL -3
[CDD (BASE 65) ]
TOTAL THIS MO. 333
DPTR FM NORMAL 111 [PRESSURE DATA]
TOTAL FM JAN 1 893 HIGHEST SLP 30.26 ON 15
DPTR FM NORMAL 184 LOWEST SLP 29.76 ON 31
[REMARKS]
#FINAL-08-21#