000
CXUS55 KEAX 010836
CF6IRK
PRELIMINARY LOCAL CLIMATOLOGICAL DATA (WS FORM: F-6)
STATION: KIRKSVILLE MO
MONTH: NOVEMBER
YEAR: 2020
LATITUDE: 40 5 N
LONGITUDE: 92 33 W
TEMPERATURE IN F: :PCPN: SNOW: WIND :SUNSHINE: SKY :PK WND
================================================================================
1 2 3 4 5 6A 6B 7 8 9 10 11 12 13 14 15 16 17 18
12Z AVG MX 2MIN
DY MAX MIN AVG DEP HDD CDD WTR SNW DPTH SPD SPD DIR MIN PSBL S-S WX SPD DR
================================================================================
1 52 22 37 -10 28 0 0.00 M M 11.0 23 330 M M 0 33 320
2 61 20 41 -6 24 0 0.00 M M 7.1 18 210 M M 0 27 220
3 73 37 55 9 10 0 0.00 M M 9.5 16 200 M M 0 26 180
4 73 52 63 17 2 0 0.00 M M 10.4 20 190 M M 0 27 190
5 73 47 60 14 5 0 0.00 M M 6.2 13 230 M M 0 18 21 230
6 75 44 60 15 5 0 0.00 M M 7.8 18 190 M M 0 28 180
7 72 48 60 15 5 0 0.00 M M 11.1 20 170 M M 0 28 180
8 75 53 64 20 1 0 0.00 M M 13.2 26 160 M M 2 34 160
9 75 59 67 23 0 2 0.00 M M 13.4 25 190 M M 6 35 210
10 69 32 51 8 14 0 0.55 M M 15.0 26 260 M M 10 13 41 240
11 53 25 39 -4 26 0 0.00 M M 5.3 13 270 M M 0 17 260
12 59 29 44 2 21 0 0.00 M M 9.0 22 330 M M 3 31 320
13 44 20 32 -10 33 0 0.00 M M 5.9 16 330 M M 0 23 340
14 59 32 46 5 19 0 0.40 M M 15.6 25 160 M M 7 13 34 150
15 51 35 43 2 22 0 0.01 M M 15.3 30 280 M M 3 43 280
16 60 28 44 4 21 0 0.00 M M 9.5 20 280 M M 0 30 280
17 47 26 37 -3 28 0 0.00 M M 6.9 14 160 M M 2 18 350
18 63 32 48 9 17 0 0.00 M M 14.6 29 180 M M 0 40 170
19 72 55 64 25 1 0 0.00 M M 16.1 29 220 M M 0 45 200
20 61 39 50 12 15 0 0.00 M M 9.3 16 10 M M 4 23 10
21 45 38 42 4 23 0 0.11 M M 8.8 15 50 M M 5 1 19 40
22 52 33 43 6 22 0 0.01 M M 7.1 17 250 M M 5 1 25 270
23 38 23 31 -6 34 0 0.29 M M 5.6 15 110 M M 5 1 20 110
24 50 34 42 6 23 0 0.71 M M 8.6 18 150 M M 10 1 24 140
25 48 40 44 8 21 0 0.09 M M 8.2 18 70 M M 10 1 24 60
26 51 34 43 7 22 0 0.00 M M 6.5 10 210 M M 5 M M
27 51 26 39 4 26 0 0.00 M M 6.9 16 340 M M 4 1 21 310
28 57 25 41 6 24 0 0.00 M M 8.2 16 210 M M 0 25 220
29 45 28 37 3 28 0 0.00 M M 13.9 28 340 M M 1 42 340
30 33 14 24 -10 41 0 0.00 M M 8.6 23 330 M M 3 33 320
================================================================================
SM 1737 1030 561 2 2.17 M 294.6 M 85
================================================================================
AV 57.9 34.3 9.8 FASTST M M 3 MAX(MPH)
MISC ----> 30 280 45 200
================================================================================
NOTES:
# LAST OF SEVERAL OCCURRENCES
COLUMN 17 PEAK WIND IN M.P.H.
PRELIMINARY LOCAL CLIMATOLOGICAL DATA (WS FORM: F-6) , PAGE 2
STATION: KIRKSVILLE MO
MONTH: NOVEMBER
YEAR: 2020
LATITUDE: 40 5 N
LONGITUDE: 92 33 W
[TEMPERATURE DATA] [PRECIPITATION DATA] SYMBOLS USED IN COLUMN 16
AVERAGE MONTHLY: 46.1 TOTAL FOR MONTH: 2.17 1 = FOG OR MIST
DPTR FM NORMAL: 5.5 DPTR FM NORMAL: -0.55 2 = FOG REDUCING VISIBILITY
HIGHEST: 75 ON 9, 8 GRTST 24HR 0.71 ON 24-24 TO 1/4 MILE OR LESS
LOWEST: 14 ON 30 3 = THUNDER
SNOW, ICE PELLETS, HAIL 4 = ICE PELLETS
TOTAL MONTH: M 5 = HAIL
GRTST 24HR M ON M 6 = FREEZING RAIN OR DRIZZLE
GRTST DEPTH: M ON M 7 = DUSTSTORM OR SANDSTORM:
VSBY 1/2 MILE OR LESS
8 = SMOKE OR HAZE
[NO. OF DAYS WITH] [WEATHER - DAYS WITH] 9 = BLOWING SNOW
X = TORNADO
MAX 32 OR BELOW: 0 0.01 INCH OR MORE: 8
MAX 90 OR ABOVE: 0 0.10 INCH OR MORE: 5
MIN 32 OR BELOW: 15 0.50 INCH OR MORE: 2
MIN 0 OR BELOW: 0 1.00 INCH OR MORE: 0
[HDD (BASE 65) ]
TOTAL THIS MO. 561 CLEAR (SCALE 0-3) 17
DPTR FM NORMAL -171 PTCLDY (SCALE 4-7) 10
TOTAL FM JUL 1 1093 CLOUDY (SCALE 8-10) 3
DPTR FM NORMAL -131
[CDD (BASE 65) ]
TOTAL THIS MO. 2
DPTR FM NORMAL 2 [PRESSURE DATA]
TOTAL FM JAN 1 1082 HIGHEST SLP 30.63 ON 17
DPTR FM NORMAL 143 LOWEST SLP 29.46 ON 14
[REMARKS]
#FINAL-11-20#