000
CXUS53 KBIS 022155
CLAISN

CLIMATE REPORT
NATIONAL WEATHER SERVICE BISMARCK ND
352 PM CST WED JAN 2 2013

...................................

...THE WILLISTON CLIMATE SUMMARY FOR THE YEAR OF 2012...

CLIMATE NORMAL PERIOD 1981 TO 2010
CLIMATE RECORD PERIOD 1894 TO 2013

WEATHER         OBSERVED          NORMAL  DEPART  LAST YEAR`S
                 VALUE   DATE(S)  VALUE   FROM    VALUE
                                          NORMAL
.............................................................
TEMPERATURE (F)
RECORD
 HIGH             110   07/05/1936
 LOW              -50   12/23/1983
                        02/16/1936
HIGHEST           100   07/19        MM      MM
LOWEST            -20   12/26        MM      MM
AVG. MAXIMUM     56.8
AVG. MINIMUM     31.1
MEAN             44.0
DAYS MAX >= 90     28
DAYS MAX <= 32     71
DAYS MIN <= 32    184
DAYS MIN <= 0      28

PRECIPITATION (INCHES)
RECORD
 MAXIMUM        21.28   2010
 MINIMUM        11.31   2012
TOTALS          13.20             14.37   -1.17    19.23
DAYS >= .01        94
DAYS >= .10        32
DAYS >= .50         7
DAYS >= 1.00        1
GREATEST
 24 HR. TOTAL    1.08   MM

SNOWFALL (INCHES)
RECORDS
 TOTAL           75.6   2010
 24 HR TOTAL     14.4   MM
TOTALS           29.5              45.3   -15.8
SINCE 7/1        23.8
DAYS >= TRACE      47
GREATEST
 24 HR TOTAL      8.0   MM

DEGREE_DAYS
HEATING TOTAL    8108              8996    -888
 SINCE 7/1         MM              3747      MM
..............................................................

WIND (MPH)
AVERAGE WIND SPEED              8.2
HIGHEST WIND SPEED/DIRECTION    46/360    DATE  06/18
HIGHEST GUST SPEED/DIRECTION    64/230    DATE  06/26



-  INDICATES NEGATIVE NUMBERS.
R  INDICATES RECORD WAS SET OR TIED.
MM INDICATES DATA IS MISSING.
T  INDICATES TRACE AMOUNT.

$$

...CORRECTED FOR MISSING JULY 2012 DATA...
