000
CXUS53 KBIS 011451
CLAISN

CLIMATE REPORT NATIONAL WEATHER SERVICE BISMARCK ND

842 AM CST SUN JAN 1 2017

...................................

...THE WILLISTON CLIMATE SUMMARY FOR THE YEAR OF 2016...

CLIMATE NORMAL PERIOD 1981 TO 2010
CLIMATE RECORD PERIOD 1894 TO 2016

WEATHER         OBSERVED          NORMAL  DEPART  LAST YEAR`S
                 VALUE   DATE(S)  VALUE   FROM    VALUE
                                          NORMAL
.............................................................
TEMPERATURE (F)
RECORD
 HIGH             110   07/05/1936
 LOW              -50   12/23/1983
                        02/16/1936
HIGHEST            99   08/22        MM      MM
                        07/31
LOWEST            -24   12/17        MM      MM
AVG. MAXIMUM     57.6
AVG. MINIMUM     33.7
MEAN             45.6
DAYS MAX >= 90     23
DAYS MAX <= 32     58
DAYS MIN <= 32    166
DAYS MIN <= 0      22

PRECIPITATION (INCHES)
RECORD
 MAXIMUM        22.04   1896
 MINIMUM         6.13   1934
TOTALS          15.55             14.37    1.18    12.04
DAYS >= .01       108
DAYS >= .10        45
DAYS >= .50         7
DAYS >= 1.00        1
GREATEST
 24 HR. TOTAL    1.21   MM

SNOWFALL (INCHES)
RECORDS
 TOTAL           75.6   2010
 24 HR TOTAL     14.4   MM
TOTALS            0.0              45.3   -45.3
SINCE 7/1          MM
DAYS >= TRACE       0
GREATEST
 24 HR TOTAL      0.0   MM

DEGREE_DAYS
HEATING TOTAL    7362              8996   -1634
 SINCE 7/1       3088              3747    -659
..............................................................

WIND (MPH)
AVERAGE WIND SPEED              9.1
HIGHEST WIND SPEED/DIRECTION    55/310    DATE  06/24
HIGHEST GUST SPEED/DIRECTION   130/030    DATE  08/06



-  INDICATES NEGATIVE NUMBERS.
R  INDICATES RECORD WAS SET OR TIED.
MM INDICATES DATA IS MISSING.
T  INDICATES TRACE AMOUNT.

$$

2016 WAS THE 4TH WARMEST YEAR ON RECORD FOR WILLISTON.
