000
CXUS53 KBIS 011129
CLMISN


CLIMATE REPORT
NATIONAL WEATHER SERVICE BISMARCK ND
629 AM CDT THU JUN 1 2017

...................................

...THE WILLISTON ND CLIMATE SUMMARY FOR THE MONTH OF MAY 2017...

CLIMATE NORMAL PERIOD 1981 TO 2010
CLIMATE RECORD PERIOD 1894 TO 2017

WEATHER         OBSERVED          NORMAL  DEPART  LAST YEAR`S
                 VALUE   DATE(S)  VALUE   FROM    VALUE  DATE(S)
                                          NORMAL
................................................................
TEMPERATURE (F)
RECORD
 HIGH             106   05/22/1980
 LOW               10   05/03/2005
HIGHEST            89   05/06                         90  05/05
LOWEST             30   05/19                         30  05/15
                                                          05/01
AVG. MAXIMUM     73.3              67.7     5.6     71.3
AVG. MINIMUM     41.7              40.5     1.2     41.2
MEAN             57.5              54.1     3.4     56.3
DAYS MAX >= 90      0               0.3    -0.3        1
DAYS MAX <= 32      0               0.0     0.0        0
DAYS MIN <= 32      2               5.3    -3.3        4
DAYS MIN <= 0       0               0.0     0.0        0

PRECIPITATION (INCHES)
RECORD
 MAXIMUM         7.38   1965
 MINIMUM         0.06   1958
TOTALS           0.98              1.92   -0.94     1.81
DAILY AVG.       0.03              0.06   -0.03     0.06
DAYS >= .01         8              10.0    -2.0        7
DAYS >= .10         2               5.0    -3.0        4
DAYS >= .50         1               0.8     0.2        1
DAYS >= 1.00        0               0.3    -0.3        0
GREATEST
 24 HR. TOTAL    0.52   05/15 TO 05/15              1.03

DEGREE_DAYS
COOLING TOTAL      23                12      11
 SINCE 1/1         23                13      10
.................................................................

WIND (MPH)
HIGHEST WIND SPEED/DIRECTION    36/290    DATE  05/13
HIGHEST GUST SPEED/DIRECTION    46/350    DATE  05/28

SKY COVER
POSSIBLE SUNSHINE (PERCENT)    0
NUMBER OF DAYS FAIR           21
NUMBER OF DAYS PC              7
NUMBER OF DAYS CLOUDY          3


WEATHER CONDITIONS. NUMBER OF DAYS WITH
THUNDERSTORM              0     MIXED PRECIP               0
HEAVY RAIN                1     RAIN                       4
LIGHT RAIN               10     FREEZING RAIN              0
LT FREEZING RAIN          0     HAIL                       0
HEAVY SNOW                0     SNOW                       0
LIGHT SNOW                0     SLEET                      0
FOG                       4     FOG W/VIS <= 1/4 MILE      0
HAZE                      1

-  INDICATES NEGATIVE NUMBERS.
R  INDICATES RECORD WAS SET OR TIED.
MM INDICATES DATA IS MISSING.
T  INDICATES TRACE AMOUNT.

$$
