000
CXUS53 KBIS 020328
CLMISN

CLIMATE REPORT
NATIONAL WEATHER SERVICE BISMARCK ND
920 PM CST FRI DEC 1 2017

...................................

...THE WILLISTON ND CLIMATE SUMMARY FOR THE MONTH OF NOVEMBER 2017...

CLIMATE NORMAL PERIOD 1981 TO 2010
CLIMATE RECORD PERIOD 1894 TO 2017

WEATHER         OBSERVED          NORMAL  DEPART  LAST YEAR`S
                 VALUE   DATE(S)  VALUE   FROM    VALUE  DATE(S)
                                          NORMAL
................................................................
TEMPERATURE (F)
RECORD
 HIGH              76   11/07/1999
 LOW              -27   11/24/1996
HIGHEST            68   11/23                         70  11/04
LOWEST             -8   11/09                          9  11/19
AVG. MAXIMUM     38.6              37.9     0.7     50.0
AVG. MINIMUM     16.1              16.4    -0.3     26.6
MEAN             27.4              27.1     0.3     38.3
DAYS MAX >= 90      0               0.0     0.0        0
DAYS MAX <= 32     11               9.4     1.6        4
DAYS MIN <= 32     30              28.1     1.9       28
DAYS MIN <= 0       2               2.9    -0.9        0

PRECIPITATION (INCHES)
RECORD
 MAXIMUM         3.31   2000
 MINIMUM            T   1928
                        1949
TOTALS           0.32              0.65   -0.33     0.24
DAILY AVG.       0.01              0.02   -0.01     0.01
DAYS >= .01         5               6.7    -1.7        4
DAYS >= .10         1               1.6    -0.6        1
DAYS >= .50         0               0.1    -0.1        0
DAYS >= 1.00        0               0.1    -0.1        0
GREATEST
 24 HR. TOTAL    0.13   11/04 TO 11/04              0.57


DEGREE_DAYS
HEATING TOTAL    1120              1135     -15
 SINCE 7/1       2014              2162    -148
.................................................................

WIND (MPH)
HIGHEST WIND SPEED/DIRECTION    38/300    DATE  11/20
HIGHEST GUST SPEED/DIRECTION    49/300    DATE  11/20

SKY COVER
POSSIBLE SUNSHINE (PERCENT)   MM
NUMBER OF DAYS FAIR           18
NUMBER OF DAYS PC              7
NUMBER OF DAYS CLOUDY          5


WEATHER CONDITIONS. NUMBER OF DAYS WITH
THUNDERSTORM              0     MIXED PRECIP               0
HEAVY RAIN                0     RAIN                       0
LIGHT RAIN                4     FREEZING RAIN              0
LT FREEZING RAIN          0     HAIL                       0
HEAVY SNOW                0     SNOW                       0
LIGHT SNOW                8     SLEET                      0
FOG                      11     FOG W/VIS <= 1/4 MILE      2
HAZE                      5

-  INDICATES NEGATIVE NUMBERS.
R  INDICATES RECORD WAS SET OR TIED.
MM INDICATES DATA IS MISSING.
T  INDICATES TRACE AMOUNT.

$$
