564
CXUS53 KBIS 011145
CLMISN


CLIMATE REPORT
NATIONAL WEATHER SERVICE BISMARCK ND
645 AM CDT SAT APR 1 2017

...................................

...THE WILLISTON ND CLIMATE SUMMARY FOR THE MONTH OF MARCH 2017...

CLIMATE NORMAL PERIOD 1981 TO 2010
CLIMATE RECORD PERIOD 1894 TO 2017

WEATHER         OBSERVED          NORMAL  DEPART  LAST YEAR`S
                 VALUE   DATE(S)  VALUE   FROM    VALUE  DATE(S)
                                          NORMAL
................................................................
TEMPERATURE (F)
RECORD
 HIGH              84   03/22/1910
 LOW              -35   03/14/1897
HIGHEST            65   03/30                         70  03/06
                        03/26
LOWEST             -4   03/13                         11  03/01
AVG. MAXIMUM     41.7              40.4     1.3     49.9
AVG. MINIMUM     20.6              18.2     2.4     23.4
MEAN             31.2              29.3     1.9     36.7
DAYS MAX >= 90      0               0.0     0.0        0
DAYS MAX <= 32     10               7.9     2.1        1
DAYS MIN <= 32     26              29.0    -3.0       27
DAYS MIN <= 0       3               3.0     0.0        0

PRECIPITATION (INCHES)
RECORD
 MAXIMUM         2.26   1975
 MINIMUM         0.01   1966
TOTALS           0.85              0.71    0.14     0.18
DAILY AVG.       0.03              0.02    0.01     0.01
DAYS >= .01        11               7.6     3.4        6
DAYS >= .10         3               2.1     0.9        0
DAYS >= .50         0               0.2    -0.2        0
DAYS >= 1.00        0               0.1    -0.1        0
GREATEST
 24 HR. TOTAL    0.23   03/12 TO 03/12              0.06

SNOWFALL (INCHES)
TOTALS             MM
SINCE 7/1          MM
SNOWDEPTH AVG.     MM
DAYS >= 1.0         0
GREATEST
 SNOW DEPTH        MM
 24 HR TOTAL       MM

DEGREE_DAYS
HEATING TOTAL    1040              1107     -67
 SINCE 7/1       7062              7875    -813
COOLING TOTAL       0                 0       0
 SINCE 1/1          0                 0       0
.................................................................

WIND (MPH)
HIGHEST WIND SPEED/DIRECTION    45/280    DATE  03/07
HIGHEST GUST SPEED/DIRECTION    55/290    DATE  03/07

SKY COVER
POSSIBLE SUNSHINE (PERCENT)   MM
NUMBER OF DAYS FAIR           10
NUMBER OF DAYS PC             15
NUMBER OF DAYS CLOUDY          6


WEATHER CONDITIONS. NUMBER OF DAYS WITH
THUNDERSTORM              0     MIXED PRECIP               0
HEAVY RAIN                1     RAIN                       1
LIGHT RAIN                5     FREEZING RAIN              0
LT FREEZING RAIN          0     HAIL                       0
HEAVY SNOW                1     SNOW                       2
LIGHT SNOW               10     SLEET                      0
FOG                      16     FOG W/VIS <= 1/4 MILE      4
HAZE                     12

-  INDICATES NEGATIVE NUMBERS.
R  INDICATES RECORD WAS SET OR TIED.
MM INDICATES DATA IS MISSING.
T  INDICATES TRACE AMOUNT.

$$
