000
CXUS53 KBIS 011012 RRA
CLMISN

CLIMATE REPORT
NATIONAL WEATHER SERVICE BISMARCK ND
407 AM CST MON FEB 1 2016

...................................

...THE WILLISTON ND CLIMATE SUMMARY FOR THE MONTH OF JANUARY 2016...

CLIMATE NORMAL PERIOD 1981 TO 2010
CLIMATE RECORD PERIOD 1894 TO 2016

WEATHER         OBSERVED          NORMAL  DEPART  LAST YEAR`S
                 VALUE   DATE(S)  VALUE   FROM    VALUE  DATE(S)
                                          NORMAL
................................................................
TEMPERATURE (F)
RECORD
 HIGH              58   01/05/2012
 LOW              -42   01/12/1916
                        01/11/1912
                        01/15/1907
HIGHEST            44   01/29                         53  01/27
LOWEST            -20   01/18                        -21  01/12
                        01/17
                        01/16
AVG. MAXIMUM     26.2              21.9     4.3     27.7
AVG. MINIMUM      7.5               0.1     7.4      8.1
MEAN             16.8              11.0     5.8     17.9
DAYS MAX >= 90      0               0.0     0.0        0
DAYS MAX <= 32     22              21.6     0.4       15
DAYS MIN <= 32     30              30.9    -0.9       31
DAYS MIN <= 0       9              14.3    -5.3       12

PRECIPITATION (INCHES)
RECORD
 MAXIMUM         2.02   1896
 MINIMUM         0.01   1898
TOTALS           0.38              0.59   -0.21     0.48
DAILY AVG.       0.01              0.02   -0.01     0.02
DAYS >= .01         6               7.5    -1.5        7
DAYS >= .10         2               1.9     0.1        2
DAYS >= .50         0               0.1    -0.1        0
DAYS >= 1.00        0               0.0     0.0        0
GREATEST
 24 HR. TOTAL    0.16   01/18 TO 01/18              0.14
                        01/18 TO 01/19

SNOWFALL (INCHES)
TOTALS             MM
SINCE 7/1         0.0
SNOWDEPTH AVG.     MM
DAYS >= 1.0         0
GREATEST
 SNOW DEPTH        MM
 24 HR TOTAL       MM

DEGREE_DAYS
HEATING TOTAL    1485              1674    -189
 SINCE 7/1       4579              5421    -842
.................................................................

WIND (MPH)
HIGHEST WIND SPEED/DIRECTION    41/300    DATE  01/27
HIGHEST GUST SPEED/DIRECTION    52/290    DATE  01/27

SKY COVER
POSSIBLE SUNSHINE (PERCENT)    0
NUMBER OF DAYS FAIR            9
NUMBER OF DAYS PC             11
NUMBER OF DAYS CLOUDY         10


WEATHER CONDITIONS. NUMBER OF DAYS WITH
THUNDERSTORM              0     MIXED PRECIP               0
HEAVY RAIN                0     RAIN                       0
LIGHT RAIN                1     FREEZING RAIN              0
LT FREEZING RAIN          1     HAIL                       0
HEAVY SNOW                0     SNOW                       1
LIGHT SNOW               15     SLEET                      0
FOG                      16     FOG W/VIS <= 1/4 MILE      2
HAZE                      8

-  INDICATES NEGATIVE NUMBERS.
R  INDICATES RECORD WAS SET OR TIED.
MM INDICATES DATA IS MISSING.
T  INDICATES TRACE AMOUNT.

$$
