000
CXUS53 KBIS 091642
CLMISN


CLIMATE REPORT
NATIONAL WEATHER SERVICE BISMARCK ND
1042 AM CST THU JAN 9 2014

...................................

...THE WILLISTON ND CLIMATE SUMMARY FOR THE MONTH OF FEBRUARY 2013...

CLIMATE NORMAL PERIOD 1981 TO 2010
CLIMATE RECORD PERIOD 1894 TO 2014

WEATHER         OBSERVED          NORMAL  DEPART  LAST YEAR`S
                 VALUE   DATE(S)  VALUE   FROM    VALUE  DATE(S)
                                          NORMAL
................................................................
TEMPERATURE (F)
RECORD
 HIGH              66   02/27/1992
                        02/27/1932
 LOW              -50   02/16/1936
HIGHEST            41   02/25                         47  02/18
LOWEST            -12   02/19                        -16  02/27
AVG. MAXIMUM     30.0              27.5     2.5     32.0
AVG. MINIMUM     12.9               6.3     6.6      8.9
MEAN             21.4              16.9     4.5     20.5
DAYS MAX >= 90      0               0.0     0.0        0
DAYS MAX <= 32     15              15.7    -0.7       15
DAYS MIN <= 32     28              27.5     0.5       29
DAYS MIN <= 0       4               9.5    -5.5        6

PRECIPITATION (INCHES)
RECORD
 MAXIMUM         1.75   1998
 MINIMUM           MM   MM
TOTALS           0.14              0.39   -0.25     0.30
DAILY AVG.       0.00              0.01   -0.01     0.01
DAYS >= .01         4               6.0    -2.0        7
DAYS >= .10         0               1.1    -1.1        1
DAYS >= .50         0               0.1    -0.1        0
DAYS >= 1.00        0               0.0     0.0        0
GREATEST
 24 HR. TOTAL    0.49   02/18 TO 02/19              0.14

SNOWFALL (INCHES)
RECORDS
 TOTAL           21.7   5
                        0
                        -26215
TOTALS            1.8               5.7    -3.9      4.7
SINCE 7/1        32.0              34.1    -2.1      6.5
SNOWDEPTH AVG.      3                 5      -2        0
DAYS >= 1.0         1               1.7    -0.7        3
GREATEST
 SNOW DEPTH         4   02/23                          2  02/28
                        02/22                             02/27
                        02/21                             02/26
 24 HR TOTAL      1.0   02/17 TO 02/17               2.2

DEGREE_DAYS
HEATING TOTAL    1214              1347    -133
 SINCE 7/1       6588              6768    -180
.................................................................

WIND (MPH)
HIGHEST WIND SPEED/DIRECTION    38/320    DATE  02/02
HIGHEST GUST SPEED/DIRECTION    45/310    DATE  02/02

SKY COVER
POSSIBLE SUNSHINE (PERCENT)   MM
NUMBER OF DAYS FAIR            7
NUMBER OF DAYS PC             11
NUMBER OF DAYS CLOUDY         10


WEATHER CONDITIONS. NUMBER OF DAYS WITH
THUNDERSTORM              0     MIXED PRECIP               0
HEAVY RAIN                0     RAIN                       0
LIGHT RAIN                1     FREEZING RAIN              0
LT FREEZING RAIN          0     HAIL                       0
HEAVY SNOW                0     SNOW                       1
LIGHT SNOW               12     SLEET                      0
FOG                      13     FOG W/VIS <= 1/4 MILE      3
HAZE                      1

-  INDICATES NEGATIVE NUMBERS.
R  INDICATES RECORD WAS SET OR TIED.
MM INDICATES DATA IS MISSING.
T  INDICATES TRACE AMOUNT.

$$
