000
CXUS53 KBIS 041322
CLMISN


CLIMATE REPORT
NATIONAL WEATHER SERVICE BISMARCK ND
721 AM CST WED DEC 4 2013

...................................

...THE WILLISTON ND CLIMATE SUMMARY FOR THE MONTH OF NOVEMBER 2013...

CLIMATE NORMAL PERIOD 1981 TO 2010
CLIMATE RECORD PERIOD 1894 TO 2013

WEATHER         OBSERVED          NORMAL  DEPART  LAST YEAR`S
                 VALUE   DATE(S)  VALUE   FROM    VALUE  DATE(S)
                                          NORMAL
................................................................
TEMPERATURE (F)
RECORD
 HIGH              76   11/07/1999
 LOW              -27   11/24/1996
HIGHEST            57   11/02                         61  11/05
LOWEST            -14   11/21                         -6  11/12
AVG. MAXIMUM     37.6              37.9    -0.3     35.0
AVG. MINIMUM     14.4              16.4    -2.0     15.9
MEAN             26.0              27.1    -1.1     25.5
DAYS MAX >= 90      0               0.0     0.0        0
DAYS MAX <= 32      9               9.4    -0.4       12
DAYS MIN <= 32     28              28.1    -0.1       29
DAYS MIN <= 0       4               2.9     1.1        3

PRECIPITATION (INCHES)
RECORD
 MAXIMUM         3.31   2000
 MINIMUM           MM   MM
TOTALS           0.35              0.65   -0.30     1.49
DAILY AVG.       0.01              0.02   -0.01     0.05
DAYS >= .01         5               6.7    -1.7        8
DAYS >= .10         2               1.6     0.4        4
DAYS >= .50         0               0.1    -0.1        0
DAYS >= 1.00        0               0.1    -0.1        0
GREATEST
 24 HR. TOTAL    0.17   11/19 TO 11/20              0.90
                        11/20 TO 11/20
                        11/20 TO 11/21

SNOWFALL (INCHES)
RECORDS
 TOTAL           23.1   5
                        0
                        -26215
TOTALS             MM               6.1      MM     16.0
SINCE 7/1          MM               8.9      MM     16.0
SNOWDEPTH AVG.     MM                 3      MM        4
DAYS >= 1.0         0               1.6    -1.6        4
GREATEST
 SNOW DEPTH        MM                                 11  11/11
                                                          11/10
 24 HR TOTAL       MM                                8.0

DEGREE_DAYS
HEATING TOTAL    1165              1135      30
 SINCE 7/1       2074              2162     -88
.................................................................

WIND (MPH)
HIGHEST WIND SPEED/DIRECTION    31/290    DATE  11/04
HIGHEST GUST SPEED/DIRECTION    39/280    DATE  11/04

SKY COVER
POSSIBLE SUNSHINE (PERCENT)   MM
NUMBER OF DAYS FAIR           16
NUMBER OF DAYS PC             10
NUMBER OF DAYS CLOUDY          4


WEATHER CONDITIONS. NUMBER OF DAYS WITH
THUNDERSTORM              0     MIXED PRECIP               0
HEAVY RAIN                0     RAIN                       0
LIGHT RAIN                3     FREEZING RAIN              0
LT FREEZING RAIN          0     HAIL                       0
HEAVY SNOW                1     SNOW                       1
LIGHT SNOW                3     SLEET                      0
FOG                       7     FOG W/VIS <= 1/4 MILE      1
HAZE                      1

-  INDICATES NEGATIVE NUMBERS.
R  INDICATES RECORD WAS SET OR TIED.
MM INDICATES DATA IS MISSING.
T  INDICATES TRACE AMOUNT.

$$
