000
CXUS53 KBIS 011330
CLMISN


CLIMATE REPORT
NATIONAL WEATHER SERVICE BISMARCK ND
829 AM CDT WED JUN 1 2016

...................................

...THE WILLISTON ND CLIMATE SUMMARY FOR THE MONTH OF MAY 2016...

CLIMATE NORMAL PERIOD 1981 TO 2010
CLIMATE RECORD PERIOD 1894 TO 2016

WEATHER         OBSERVED          NORMAL  DEPART  LAST YEAR`S
                 VALUE   DATE(S)  VALUE   FROM    VALUE  DATE(S)
                                          NORMAL
................................................................
TEMPERATURE (F)
RECORD
 HIGH             106   05/22/1980
 LOW               10   05/03/2005
HIGHEST            90   05/05                         83  05/27
LOWEST             30   05/15                         25  05/19
                        05/01
AVG. MAXIMUM     71.3              67.7     3.6     67.1
AVG. MINIMUM     41.2              40.5     0.7     38.5
MEAN             56.3              54.1     2.2     52.8
DAYS MAX >= 90      1               0.3     0.7        0
DAYS MAX <= 32      0               0.0     0.0        0
DAYS MIN <= 32      4               5.3    -1.3        8
DAYS MIN <= 0       0               0.0     0.0        0

PRECIPITATION (INCHES)
RECORD
 MAXIMUM         7.38   1965
 MINIMUM         0.06   1958
TOTALS           1.81              1.92   -0.11     1.82
DAILY AVG.       0.06              0.06    0.00     0.06
DAYS >= .01         7              10.0    -3.0        4
DAYS >= .10         4               5.0    -1.0        4
DAYS >= .50         1               0.8     0.2        1
DAYS >= 1.00        0               0.3    -0.3        0
GREATEST
 24 HR. TOTAL    1.03   05/30 TO 05/31              0.69

DEGREE_DAYS
COOLING TOTAL      10                12      -2
 SINCE 1/1         10                13      -3
.................................................................

WIND (MPH)
HIGHEST WIND SPEED/DIRECTION    39/350    DATE  05/31
HIGHEST GUST SPEED/DIRECTION    52/350    DATE  05/31

SKY COVER
POSSIBLE SUNSHINE (PERCENT)   MM
NUMBER OF DAYS FAIR           20
NUMBER OF DAYS PC              4
NUMBER OF DAYS CLOUDY          7


WEATHER CONDITIONS. NUMBER OF DAYS WITH
THUNDERSTORM              0     MIXED PRECIP               0
HEAVY RAIN                1     RAIN                       4
LIGHT RAIN                9     FREEZING RAIN              0
LT FREEZING RAIN          0     HAIL                       0
HEAVY SNOW                0     SNOW                       0
LIGHT SNOW                1     SLEET                      0
FOG                      10     FOG W/VIS <= 1/4 MILE      0
HAZE                      6

-  INDICATES NEGATIVE NUMBERS.
R  INDICATES RECORD WAS SET OR TIED.
MM INDICATES DATA IS MISSING.
T  INDICATES TRACE AMOUNT.

$$
