000
CXUS53 KBIS 011152
CLMISN


CLIMATE REPORT
NATIONAL WEATHER SERVICE BISMARCK ND
652 AM CDT WED JUL 1 2015

...................................

...THE WILLISTON ND CLIMATE SUMMARY FOR THE MONTH OF JUNE 2015...

CLIMATE NORMAL PERIOD 1981 TO 2010
CLIMATE RECORD PERIOD 1894 TO 2015

WEATHER         OBSERVED          NORMAL  DEPART  LAST YEAR`S
                 VALUE   DATE(S)  VALUE   FROM    VALUE  DATE(S)
                                          NORMAL
................................................................
TEMPERATURE (F)
RECORD
 HIGH             108   06/16/1931
 LOW               26   06/04/1998
HIGHEST            99   06/29                         85  06/21
LOWEST             42   06/17                         33  06/12
AVG. MAXIMUM     80.7              76.8     3.9     74.4
AVG. MINIMUM     52.2              49.7     2.5     49.8
MEAN             66.4              63.2     3.2     62.1
DAYS MAX >= 90      4               2.9     1.1        0
DAYS MAX <= 32      0               0.0     0.0        0
DAYS MIN <= 32      0               0.4    -0.4        0
DAYS MIN <= 0       0               0.0     0.0        0

PRECIPITATION (INCHES)
RECORD
 MAXIMUM         8.84   1901
 MINIMUM         0.43   1961
TOTALS           1.90              2.52   -0.62     1.44
DAILY AVG.       0.06              0.08   -0.02     0.05
DAYS >= .01        10              11.5    -1.5       12
DAYS >= .10         2               6.0    -4.0        4
DAYS >= .50         1               1.6    -0.6        0
DAYS >= 1.00        1               0.3     0.7        0
GREATEST
 24 HR. TOTAL    1.53   06/02 TO 06/02              0.49

DEGREE_DAYS
COOLING TOTAL     103                68      35
 SINCE 1/1        104                81      23
.................................................................

WIND (MPH)
HIGHEST WIND SPEED/DIRECTION    31/010    DATE  06/19
HIGHEST GUST SPEED/DIRECTION    40/350    DATE  06/17

SKY COVER
POSSIBLE SUNSHINE (PERCENT)   MM
NUMBER OF DAYS FAIR           21
NUMBER OF DAYS PC              7
NUMBER OF DAYS CLOUDY          2


WEATHER CONDITIONS. NUMBER OF DAYS WITH
THUNDERSTORM              0     MIXED PRECIP               0
HEAVY RAIN                2     RAIN                       2
LIGHT RAIN               12     FREEZING RAIN              0
LT FREEZING RAIN          0     HAIL                       0
HEAVY SNOW                0     SNOW                       0
LIGHT SNOW                0     SLEET                      0
FOG                       4     FOG W/VIS <= 1/4 MILE      1
HAZE                      3

-  INDICATES NEGATIVE NUMBERS.
R  INDICATES RECORD WAS SET OR TIED.
MM INDICATES DATA IS MISSING.
T  INDICATES TRACE AMOUNT.

$$
