000
CXUS53 KBIS 011508
CLMISN


CLIMATE REPORT
NATIONAL WEATHER SERVICE BISMARCK ND
1007 AM CDT TUE APR 1 2014

...................................

...THE WILLISTON ND CLIMATE SUMMARY FOR THE MONTH OF MARCH 2014...

CLIMATE NORMAL PERIOD 1981 TO 2010
CLIMATE RECORD PERIOD 1894 TO 2014

WEATHER         OBSERVED          NORMAL  DEPART  LAST YEAR`S
                 VALUE   DATE(S)  VALUE   FROM    VALUE  DATE(S)
                                          NORMAL
................................................................
TEMPERATURE (F)
RECORD
 HIGH              84   03/22/1910
 LOW              -35   03/14/1897
HIGHEST            62   03/16                         47  03/13
LOWEST            -22   03/01                        -12  03/25
AVG. MAXIMUM     37.0              40.4    -3.4     28.3
AVG. MINIMUM     14.9              18.2    -3.3      7.7
MEAN             26.0              29.3    -3.3     18.0
DAYS MAX >= 90      0               0.0     0.0        0
DAYS MAX <= 32     13               7.9     5.1       21
DAYS MIN <= 32     31              29.0     2.0       31
DAYS MIN <= 0       3               3.0     0.0        8

PRECIPITATION (INCHES)
RECORD
 MAXIMUM         2.26   1975
 MINIMUM           MM   MM
TOTALS           0.32              0.71   -0.39     1.42
DAILY AVG.       0.01              0.02   -0.01     0.05
DAYS >= .01         7               7.6    -0.6       12
DAYS >= .10         0               2.1    -2.1        4
DAYS >= .50         0               0.2    -0.2        1
DAYS >= 1.00        0               0.1    -0.1        0
GREATEST
 24 HR. TOTAL    0.09   03/28 TO 03/28              0.50

SNOWFALL (INCHES)
RECORDS
 TOTAL           30.9   5
                        0
                        -26215
TOTALS             MM               6.2      MM     16.1
SINCE 7/1          MM              40.3      MM     48.1
SNOWDEPTH AVG.     MM                 4      MM        6
DAYS >= 1.0         0               1.9    -1.9        5
GREATEST
 SNOW DEPTH        MM                                  9  03/25
                                                          03/24
                                                          03/22
 24 HR TOTAL       MM                                5.0

DEGREE_DAYS
HEATING TOTAL    1203              1107      96
 SINCE 7/1       8152              7875     277
COOLING TOTAL       0                 0       0
 SINCE 1/1          0                 0       0
.................................................................

WIND (MPH)
HIGHEST WIND SPEED/DIRECTION    29/360    DATE  03/21
HIGHEST GUST SPEED/DIRECTION    39/350    DATE  03/24

SKY COVER
POSSIBLE SUNSHINE (PERCENT)   MM
NUMBER OF DAYS FAIR           13
NUMBER OF DAYS PC             12
NUMBER OF DAYS CLOUDY          6


WEATHER CONDITIONS. NUMBER OF DAYS WITH
THUNDERSTORM              0     MIXED PRECIP               0
HEAVY RAIN                0     RAIN                       0
LIGHT RAIN                1     FREEZING RAIN              0
LT FREEZING RAIN          1     HAIL                       0
HEAVY SNOW                0     SNOW                       0
LIGHT SNOW                9     SLEET                      0
FOG                       7     FOG W/VIS <= 1/4 MILE      0
HAZE                      6

-  INDICATES NEGATIVE NUMBERS.
R  INDICATES RECORD WAS SET OR TIED.
MM INDICATES DATA IS MISSING.
T  INDICATES TRACE AMOUNT.

$$
