000
CXUS53 KBIS 011756
CLMISN


CLIMATE REPORT
NATIONAL WEATHER SERVICE BISMARCK ND
1156 AM CST SUN MAR 1 2015

...................................

...THE WILLISTON ND CLIMATE SUMMARY FOR THE MONTH OF FEBRUARY 2015...

CLIMATE NORMAL PERIOD 1981 TO 2010
CLIMATE RECORD PERIOD 1894 TO 2015

WEATHER         OBSERVED          NORMAL  DEPART  LAST YEAR`S
                 VALUE   DATE(S)  VALUE   FROM    VALUE  DATE(S)
                                          NORMAL
................................................................
TEMPERATURE (F)
RECORD
 HIGH              66   02/27/1992
                        02/27/1932
 LOW              -50   02/16/1936
HIGHEST            49   02/07                         46  02/17
LOWEST            -20   02/22                        -17  02/10
AVG. MAXIMUM     24.4              27.5    -3.1     20.9
AVG. MINIMUM      0.2               6.3    -6.1     -2.1
MEAN             12.3              16.9    -4.6      9.4
DAYS MAX >= 90      0               0.0     0.0        0
DAYS MAX <= 32     21              15.7     5.3       22
DAYS MIN <= 32     28              27.5     0.5       28
DAYS MIN <= 0      17               9.5     7.5       20

PRECIPITATION (INCHES)
RECORD
 MAXIMUM         1.75   1998
 MINIMUM           MM   MM
TOTALS           0.46              0.39    0.07     0.26
DAILY AVG.       0.02              0.01    0.01     0.01
DAYS >= .01        10               6.0     4.0        5
DAYS >= .10         1               1.1    -0.1        1
DAYS >= .50         0               0.1    -0.1        0
DAYS >= 1.00        0               0.0     0.0        0
GREATEST
 24 HR. TOTAL    0.16   02/02 TO 02/03              0.14

SNOWFALL (INCHES)
RECORDS
 TOTAL           21.7   1994
                        0
TOTALS             MM               5.7      MM       MM
SINCE 7/1          MM              34.1      MM       MM
SNOWDEPTH AVG.     MM                 5      MM       MM
DAYS >= 1.0         0               1.7    -1.7        0
GREATEST
 SNOW DEPTH        MM                                 MM  MM
 24 HR TOTAL       MM                                 MM

DEGREE_DAYS
HEATING TOTAL    1469              1347     122
 SINCE 7/1       6516              6768    -252
.................................................................

WIND (MPH)
HIGHEST WIND SPEED/DIRECTION    31/310    DATE  02/17
HIGHEST GUST SPEED/DIRECTION    39/310    DATE  02/17

SKY COVER
POSSIBLE SUNSHINE (PERCENT)   MM
NUMBER OF DAYS FAIR           11
NUMBER OF DAYS PC              6
NUMBER OF DAYS CLOUDY         11


WEATHER CONDITIONS. NUMBER OF DAYS WITH
THUNDERSTORM              0     MIXED PRECIP               0
HEAVY RAIN                0     RAIN                       0
LIGHT RAIN                0     FREEZING RAIN              1
LT FREEZING RAIN          3     HAIL                       0
HEAVY SNOW                1     SNOW                       2
LIGHT SNOW               13     SLEET                      0
FOG                      13     FOG W/VIS <= 1/4 MILE      1
HAZE                      9

-  INDICATES NEGATIVE NUMBERS.
R  INDICATES RECORD WAS SET OR TIED.
MM INDICATES DATA IS MISSING.
T  INDICATES TRACE AMOUNT.

$$
