000
CXUS53 KBIS 011211
CLMISN

CLIMATE REPORT
NATIONAL WEATHER SERVICE BISMARCK ND
558 AM CST SAT FEB 1 2014

...................................

...THE WILLISTON ND CLIMATE SUMMARY FOR THE MONTH OF JANUARY 2014...

CLIMATE NORMAL PERIOD 1981 TO 2010
CLIMATE RECORD PERIOD 1894 TO 2014

WEATHER         OBSERVED          NORMAL  DEPART  LAST YEAR`S
                 VALUE   DATE(S)  VALUE   FROM    VALUE  DATE(S)
                                          NORMAL
................................................................
TEMPERATURE (F)
RECORD
 HIGH              58   01/05/2012
 LOW              -42   01/12/1916
                        01/11/1912
                        01/15/1907
HIGHEST            46   01/25                         37  01/16
                                                          01/15
                                                          01/09
LOWEST            -25   01/06                        -21  01/31
AVG. MAXIMUM     26.2              21.9     4.3     21.7
AVG. MINIMUM      3.4               0.1     3.3      3.3
MEAN             14.8              11.0     3.8     12.5
DAYS MAX >= 90      0               0.0     0.0        0
DAYS MAX <= 32     15              21.6    -6.6       23
DAYS MIN <= 32     31              30.9     0.1       31
DAYS MIN <= 0      14              14.3    -0.3       11

PRECIPITATION (INCHES)
RECORD
 MAXIMUM         2.02   1896
 MINIMUM         0.01   1898
TOTALS           0.18              0.59   -0.41     0.43
DAILY AVG.       0.01              0.02   -0.01     0.01
DAYS >= .01         7               7.5    -0.5       10
DAYS >= .10         0               1.9    -1.9        1
DAYS >= .50         0               0.1    -0.1        0
DAYS >= 1.00        0               0.0     0.0        0
GREATEST
 24 HR. TOTAL    0.13   12/31 TO 01/01              0.10

SNOWFALL (INCHES)
RECORDS
 TOTAL           28.3   5
                        0
                        -26215
TOTALS             MM              10.0      MM      6.4
SINCE 7/1          MM              28.4      MM     30.2
SNOWDEPTH AVG.     MM                 5      MM        6
DAYS >= 1.0         0               2.9    -2.9        3
GREATEST
 SNOW DEPTH        MM                                  9  01/15
                                                          01/14
                                                          01/13
 24 HR TOTAL       MM                                3.0

DEGREE_DAYS
HEATING TOTAL    1550              1674    -124
 SINCE 7/1       5399              5421     -22
.................................................................

WIND (MPH)
HIGHEST WIND SPEED/DIRECTION    46/310    DATE  01/15
HIGHEST GUST SPEED/DIRECTION    62/310    DATE  01/15

SKY COVER
POSSIBLE SUNSHINE (PERCENT)   MM
NUMBER OF DAYS FAIR           13
NUMBER OF DAYS PC             12
NUMBER OF DAYS CLOUDY          6


WEATHER CONDITIONS. NUMBER OF DAYS WITH
THUNDERSTORM              0     MIXED PRECIP               0
HEAVY RAIN                0     RAIN                       0
LIGHT RAIN                4     FREEZING RAIN              0
LT FREEZING RAIN          0     HAIL                       0
HEAVY SNOW                0     SNOW                       1
LIGHT SNOW               12     SLEET                      0
FOG                       6     FOG W/VIS <= 1/4 MILE      1
HAZE                      8

-  INDICATES NEGATIVE NUMBERS.
R  INDICATES RECORD WAS SET OR TIED.
MM INDICATES DATA IS MISSING.
T  INDICATES TRACE AMOUNT.

$$
