000
CXUS53 KBIS 011316
CLMISN

CLIMATE REPORT
NATIONAL WEATHER SERVICE BISMARCK ND
742 AM CDT THU OCT 1 2015

...................................

...THE WILLISTON ND CLIMATE SUMMARY FOR THE MONTH OF SEPTEMBER 2015...

CLIMATE NORMAL PERIOD 1981 TO 2010
CLIMATE RECORD PERIOD 1894 TO 2015

WEATHER         OBSERVED          NORMAL  DEPART  LAST YEAR`S
                 VALUE   DATE(S)  VALUE   FROM    VALUE  DATE(S)
                                          NORMAL
................................................................
TEMPERATURE (F)
RECORD
 HIGH             104   09/01/1983
 LOW               13   09/29/1907
HIGHEST           100   09/02                         97  09/25
LOWEST             31   09/29                         26  09/12
                        09/28
AVG. MAXIMUM     75.9              71.3     4.6     71.8
AVG. MINIMUM     45.7              42.1     3.6     43.2
MEAN             60.8              56.7     4.1     57.5
DAYS MAX >= 90      2               2.0     0.0        3
DAYS MAX <= 32      0               0.0     0.0        0
DAYS MIN <= 32      2               3.0    -1.0        4
DAYS MIN <= 0       0               0.0     0.0        0

PRECIPITATION (INCHES)
RECORD
 MAXIMUM         3.74   1959
 MINIMUM         0.01   1899
TOTALS           2.22              1.06    1.16     1.35
DAILY AVG.       0.07              0.04    0.03     0.05
DAYS >= .01         7               7.4    -0.4        6
DAYS >= .10         3               2.9     0.1        2
DAYS >= .50         1               0.4     0.6        1
DAYS >= 1.00        1               0.1     0.9        0
GREATEST
 24 HR. TOTAL    2.02   09/05 TO 09/06              0.89

DEGREE_DAYS
HEATING TOTAL     167               275    -108
 SINCE 7/1        206               346    -140
COOLING TOTAL      48                26      22
 SINCE 1/1        610               455     155
.................................................................

WIND (MPH)
HIGHEST WIND SPEED/DIRECTION    29/280    DATE  09/15
HIGHEST GUST SPEED/DIRECTION    40/280    DATE  09/15

SKY COVER
POSSIBLE SUNSHINE (PERCENT)   MM
NUMBER OF DAYS FAIR           23
NUMBER OF DAYS PC              6
NUMBER OF DAYS CLOUDY          1


WEATHER CONDITIONS. NUMBER OF DAYS WITH
THUNDERSTORM              0     MIXED PRECIP               0
HEAVY RAIN                2     RAIN                       3
LIGHT RAIN                8     FREEZING RAIN              0
LT FREEZING RAIN          0     HAIL                       0
HEAVY SNOW                0     SNOW                       0
LIGHT SNOW                0     SLEET                      0
FOG                       6     FOG W/VIS <= 1/4 MILE      1
HAZE                      3

-  INDICATES NEGATIVE NUMBERS.
R  INDICATES RECORD WAS SET OR TIED.
MM INDICATES DATA IS MISSING.
T  INDICATES TRACE AMOUNT.

$$

SEPTEMBER 2015 WAS WARMER AND WETTER THAN NORMAL. THE AVERAGE
MONTHLY TEMPERATURE WAS 60.8 DEGREES WHICH WAS 4.1 DEGREES ABOVE THE
NORMAL 56.7 DEGREES. THERE WAS ONE RECORD HIGH TEMPERATURE SET FOR
WILLISTON...WHICH WAS A STEAMY 100 DEGREES ON THE AFTERNOON OF THE
2ND...BREAKING THE OLD RECORD OF 99 SET ON THAT DATE IN 1901.

SEPTEMBER WAS ALSO A RELATIVELY WET MONTH. THE MONTHLY TOTAL
PRECIPITATION MEASURED 2.22 INCHES....1.16 INCHES ABOVE THE NORMAL
1.59 INCHES. A RECORD RAINFALL TOTAL OF 1.78 INCHES WAS SET ON THE
5TH...BREAKING THE OLD RECORD OF 1.24 INCHES SET ON THAT DATE IN
1971.

ZH
