000
CXUS53 KBIS 011216
CLMISN


CLIMATE REPORT
NATIONAL WEATHER SERVICE BISMARCK ND
714 AM CDT SUN JUN 1 2014

...................................

...THE WILLISTON ND CLIMATE SUMMARY FOR THE MONTH OF MAY 2014...

CLIMATE NORMAL PERIOD 1981 TO 2010
CLIMATE RECORD PERIOD 1894 TO 2014

WEATHER         OBSERVED          NORMAL  DEPART  LAST YEAR`S
                 VALUE   DATE(S)  VALUE   FROM    VALUE  DATE(S)
                                          NORMAL
................................................................
TEMPERATURE (F)
RECORD
 HIGH             106   05/22/1980
 LOW               10   05/03/2005
HIGHEST            87   05/24                         88  05/13
                        05/23
LOWEST             21   05/14                         20  05/02
AVG. MAXIMUM     68.2              67.7     0.5     66.5
AVG. MINIMUM     40.2              40.5    -0.3     40.9
MEAN             54.2              54.1     0.1     53.7
DAYS MAX >= 90      0               0.3    -0.3        0
DAYS MAX <= 32      0               0.0     0.0        0
DAYS MIN <= 32      7               5.3     1.7        7
DAYS MIN <= 0       0               0.0     0.0        0

PRECIPITATION (INCHES)
RECORD
 MAXIMUM         7.38   1965
 MINIMUM           MM   MM
TOTALS           1.62              1.92   -0.30     4.99
DAILY AVG.       0.05              0.06   -0.01     0.16
DAYS >= .01        10              10.0     0.0        9
DAYS >= .10         6               5.0     1.0        7
DAYS >= .50         1               0.8     0.2        5
DAYS >= 1.00        0               0.3    -0.3        2
GREATEST
 24 HR. TOTAL    0.84   05/18 TO 05/19              1.55

DEGREE_DAYS
COOLING TOTAL      21                12       9
 SINCE 1/1         21                13       8
.................................................................

WIND (MPH)
HIGHEST WIND SPEED/DIRECTION    32/330    DATE  05/13
HIGHEST GUST SPEED/DIRECTION    42/330    DATE  05/13

SKY COVER
POSSIBLE SUNSHINE (PERCENT)   MM
NUMBER OF DAYS FAIR           18
NUMBER OF DAYS PC              8
NUMBER OF DAYS CLOUDY          3


WEATHER CONDITIONS. NUMBER OF DAYS WITH
THUNDERSTORM              0     MIXED PRECIP               0
HEAVY RAIN                4     RAIN                       4
LIGHT RAIN               13     FREEZING RAIN              0
LT FREEZING RAIN          0     HAIL                       0
HEAVY SNOW                0     SNOW                       0
LIGHT SNOW                1     SLEET                      0
FOG                      11     FOG W/VIS <= 1/4 MILE      2
HAZE                      5

-  INDICATES NEGATIVE NUMBERS.
R  INDICATES RECORD WAS SET OR TIED.
MM INDICATES DATA IS MISSING.
T  INDICATES TRACE AMOUNT.

$$
