194
CXUS53 KBIS 011543
CLMISN


CLIMATE REPORT
NATIONAL WEATHER SERVICE BISMARCK ND
1036 AM CDT TUE NOV 1 2016

...................................

...THE WILLISTON ND CLIMATE SUMMARY FOR THE MONTH OF OCTOBER 2016...

CLIMATE NORMAL PERIOD 1981 TO 2010
CLIMATE RECORD PERIOD 1894 TO 2016

WEATHER         OBSERVED          NORMAL  DEPART  LAST YEAR`S
                 VALUE   DATE(S)  VALUE   FROM    VALUE  DATE(S)
                                          NORMAL
................................................................
TEMPERATURE (F)
RECORD
 HIGH              93   10/04/1963
                        10/01/1897
 LOW               -9   10/30/2002
HIGHEST            77   10/01                         84  10/10
LOWEST             19   10/13                         25  10/25
AVG. MAXIMUM     55.9              56.3    -0.4     60.7
AVG. MINIMUM     36.1              29.8     6.3     35.0
MEAN             46.0              43.0     3.0     47.9
DAYS MAX >= 90      0               0.1    -0.1        0
DAYS MAX <= 32      0               1.3    -1.3        0
DAYS MIN <= 32      8              17.5    -9.5       13
DAYS MIN <= 0       0               0.1    -0.1        0

PRECIPITATION (INCHES)
RECORD
 MAXIMUM         3.56   1971
 MINIMUM            T   1944
                        1963
                        1965
TOTALS           1.06              0.92    0.14     1.07
DAILY AVG.       0.03              0.03    0.00     0.03
DAYS >= .01         7               6.3     0.7        7
DAYS >= .10         2               2.5    -0.5        4
DAYS >= .50         1               0.5     0.5        0
DAYS >= 1.00        0               0.1    -0.1        0
GREATEST
 24 HR. TOTAL    0.57   10/31 TO 10/31              0.41

SNOWFALL (INCHES)
TOTALS             MM
SINCE 7/1          MM
SNOWDEPTH AVG.     MM
DAYS >= 1.0         0
GREATEST
 SNOW DEPTH        MM
 24 HR TOTAL       MM

DEGREE_DAYS
HEATING TOTAL     582               681     -99
 SINCE 7/1        783              1027    -244
COOLING TOTAL       0                 1      -1
 SINCE 1/1        521               456      65
.................................................................

WIND (MPH)
HIGHEST WIND SPEED/DIRECTION    36/260    DATE  10/16
HIGHEST GUST SPEED/DIRECTION    47/260    DATE  10/16

SKY COVER
POSSIBLE SUNSHINE (PERCENT)   MM
NUMBER OF DAYS FAIR           11
NUMBER OF DAYS PC             11
NUMBER OF DAYS CLOUDY          9


WEATHER CONDITIONS. NUMBER OF DAYS WITH
THUNDERSTORM              0     MIXED PRECIP               0
HEAVY RAIN                1     RAIN                       2
LIGHT RAIN                9     FREEZING RAIN              0
LT FREEZING RAIN          0     HAIL                       0
HEAVY SNOW                0     SNOW                       1
LIGHT SNOW                4     SLEET                      0
FOG                      12     FOG W/VIS <= 1/4 MILE      2
HAZE                      2

-  INDICATES NEGATIVE NUMBERS.
R  INDICATES RECORD WAS SET OR TIED.
MM INDICATES DATA IS MISSING.
T  INDICATES TRACE AMOUNT.

$$
