000
CXUS53 KBIS 011124
CLMISN


CLIMATE REPORT
NATIONAL WEATHER SERVICE BISMARCK ND
523 AM CST TUE MAR 1 2016

...................................

...THE WILLISTON ND CLIMATE SUMMARY FOR THE MONTH OF FEBRUARY 2016...

CLIMATE NORMAL PERIOD 1981 TO 2010
CLIMATE RECORD PERIOD 1894 TO 2016

WEATHER         OBSERVED          NORMAL  DEPART  LAST YEAR`S
                 VALUE   DATE(S)  VALUE   FROM    VALUE  DATE(S)
                                          NORMAL
................................................................
TEMPERATURE (F)
RECORD
 HIGH              66   02/27/1992
                        02/27/1932
 LOW              -50   02/16/1936
HIGHEST            60   02/27                         49  02/07
LOWEST                  02/12                        -20  02/22
AVG. MAXIMUM     38.5              27.5    11.0     24.4
AVG. MINIMUM     20.0               6.3    13.7      0.2
MEAN             29.3              16.9    12.4     12.3
DAYS MAX >= 90      0               0.0     0.0        0
DAYS MAX <= 32      7              15.7    -8.7       21
DAYS MIN <= 32     29              27.5     1.5       28
DAYS MIN <= 0       1               9.5    -8.5       17

PRECIPITATION (INCHES)
RECORD
 MAXIMUM         1.75   1998
 MINIMUM           MM   MM
TOTALS           0.75              0.39    0.36     0.46
DAILY AVG.       0.03                MM      MM     0.02
DAYS >= .01         9               6.0     3.0       10
DAYS >= .10         2               1.1     0.9        1
DAYS >= .50         0               0.1    -0.1        0
DAYS >= 1.00        0               0.0     0.0        0
GREATEST
 24 HR. TOTAL    0.38   02/12 TO 02/13              0.16

SNOWFALL (INCHES)
TOTALS             MM
SINCE 7/1         0.0
SNOWDEPTH AVG.     MM
DAYS >= 1.0         0
GREATEST
 SNOW DEPTH        MM
 24 HR TOTAL       MM

DEGREE_DAYS
HEATING TOTAL    1031              1347    -316
 SINCE 7/1       5610              6811   -1201
.................................................................

WIND (MPH)
HIGHEST WIND SPEED/DIRECTION    40/320    DATE  02/07
HIGHEST GUST SPEED/DIRECTION    53/290    DATE  02/19

SKY COVER
POSSIBLE SUNSHINE (PERCENT)   MM
NUMBER OF DAYS FAIR            8
NUMBER OF DAYS PC             12
NUMBER OF DAYS CLOUDY          9


WEATHER CONDITIONS. NUMBER OF DAYS WITH
THUNDERSTORM              0     MIXED PRECIP               0
HEAVY RAIN                0     RAIN                       0
LIGHT RAIN                4     FREEZING RAIN              0
LT FREEZING RAIN          0     HAIL                       0
HEAVY SNOW                1     SNOW                       1
LIGHT SNOW                9     SLEET                      0
FOG                      13     FOG W/VIS <= 1/4 MILE      2
HAZE                      0

-  INDICATES NEGATIVE NUMBERS.
R  INDICATES RECORD WAS SET OR TIED.
MM INDICATES DATA IS MISSING.
T  INDICATES TRACE AMOUNT.

$$
