000
CXUS53 KBIS 011344
CLMISN


CLIMATE REPORT
NATIONAL WEATHER SERVICE BISMARCK ND
741 AM CST SAT MAR 1 2014

...................................

...THE WILLISTON ND CLIMATE SUMMARY FOR THE MONTH OF FEBRUARY 2014...

CLIMATE NORMAL PERIOD 1981 TO 2010
CLIMATE RECORD PERIOD 1894 TO 2014

WEATHER         OBSERVED          NORMAL  DEPART  LAST YEAR`S
                 VALUE   DATE(S)  VALUE   FROM    VALUE  DATE(S)
                                          NORMAL
................................................................
TEMPERATURE (F)
RECORD
 HIGH              66   02/27/1992
                        02/27/1932
 LOW              -50   02/16/1936
HIGHEST            46   02/17                         41  02/25
LOWEST            -17   02/10                        -12  02/19
AVG. MAXIMUM     20.9              27.5    -6.6     30.0
AVG. MINIMUM     -2.1               6.3    -8.4     12.9
MEAN              9.4              16.9    -7.5     21.4
DAYS MAX >= 90      0               0.0     0.0        0
DAYS MAX <= 32     22              15.7     6.3       15
DAYS MIN <= 32     28              27.5     0.5       28
DAYS MIN <= 0      20               9.5    10.5        4

PRECIPITATION (INCHES)
RECORD
 MAXIMUM         1.75   1998
 MINIMUM           MM   MM
TOTALS           0.26              0.39   -0.13     0.14
DAILY AVG.       0.01              0.01    0.00     0.00
DAYS >= .01         5               6.0    -1.0        4
DAYS >= .10         1               1.1    -0.1        0
DAYS >= .50         0               0.1    -0.1        0
DAYS >= 1.00        0               0.0     0.0        0
GREATEST
 24 HR. TOTAL    0.14   02/13 TO 02/13              0.49

SNOWFALL (INCHES)
RECORDS
 TOTAL           21.7   5
                        0
                        -26215
TOTALS             MM               5.7      MM      1.8
SINCE 7/1          MM              34.1      MM     32.0
SNOWDEPTH AVG.     MM                 5      MM        3
DAYS >= 1.0         0               1.7    -1.7        1
GREATEST
 SNOW DEPTH        MM                                  4  02/23
                                                          02/22
                                                          02/21
 24 HR TOTAL       MM                                1.0

DEGREE_DAYS
HEATING TOTAL    1550              1347     203
 SINCE 7/1       6949              6768     181
.................................................................

WIND (MPH)
HIGHEST WIND SPEED/DIRECTION    33/350    DATE  02/20
HIGHEST GUST SPEED/DIRECTION    43/300    DATE  02/12

SKY COVER
POSSIBLE SUNSHINE (PERCENT)   MM
NUMBER OF DAYS FAIR           11
NUMBER OF DAYS PC             14
NUMBER OF DAYS CLOUDY          3


WEATHER CONDITIONS. NUMBER OF DAYS WITH
THUNDERSTORM              0     MIXED PRECIP               0
HEAVY RAIN                0     RAIN                       0
LIGHT RAIN                1     FREEZING RAIN              0
LT FREEZING RAIN          1     HAIL                       0
HEAVY SNOW                0     SNOW                       0
LIGHT SNOW               12     SLEET                      0
FOG                       6     FOG W/VIS <= 1/4 MILE      0
HAZE                     11

-  INDICATES NEGATIVE NUMBERS.
R  INDICATES RECORD WAS SET OR TIED.
MM INDICATES DATA IS MISSING.
T  INDICATES TRACE AMOUNT.

$$
