000
CXUS53 KBIS 011206
CLMISN


CLIMATE REPORT
NATIONAL WEATHER SERVICE BISMARCK ND
606 AM CST MON JAN 1 2018

...................................

...THE WILLISTON ND CLIMATE SUMMARY FOR THE MONTH OF DECEMBER 2017...

CLIMATE NORMAL PERIOD 1981 TO 2010
CLIMATE RECORD PERIOD 1894 TO 2017

WEATHER         OBSERVED          NORMAL  DEPART  LAST YEAR`S
                 VALUE   DATE(S)  VALUE   FROM    VALUE  DATE(S)
                                          NORMAL
................................................................
TEMPERATURE (F)
RECORD
 HIGH              63   12/06/1939
 LOW              -50   12/23/1983
HIGHEST            51   12/12                         39  12/20
LOWEST            -31   12/31                        -24  12/17
AVG. MAXIMUM     26.3              24.4     1.9     18.9
AVG. MINIMUM      6.8               3.3     3.5      2.9
MEAN             16.6              13.9     2.7     10.8
DAYS MAX >= 90      0               0.0     0.0        0
DAYS MAX <= 32     14              20.1    -6.1       24
DAYS MIN <= 32     30              31.0    -1.0       28
DAYS MIN <= 0      10              12.2    -2.2       12

PRECIPITATION (INCHES)
RECORD
 MAXIMUM         2.50   2008
 MINIMUM            T   1913
TOTALS           0.54              0.62   -0.08     0.96
DAILY AVG.       0.02              0.02    0.00     0.03
DAYS >= .01         7               8.6    -1.6       10
DAYS >= .10         3               1.5     1.5        3
DAYS >= .50         0               0.2    -0.2        0
DAYS >= 1.00        0               0.0     0.0        0
GREATEST
 24 HR. TOTAL    0.17   12/20 TO 12/20              0.46

SNOWFALL (INCHES)
TOTALS             MM
SINCE 7/1          MM
SNOWDEPTH AVG.     MM
DAYS >= 1.0         0
GREATEST
 SNOW DEPTH        MM
 24 HR TOTAL       MM

DEGREE_DAYS
HEATING TOTAL    1495              1585     -90
 SINCE 7/1       3509              3747    -238
.................................................................

WIND (MPH)
HIGHEST WIND SPEED/DIRECTION    36/330    DATE  12/11
HIGHEST GUST SPEED/DIRECTION    50/320    DATE  12/12

SKY COVER
POSSIBLE SUNSHINE (PERCENT)    0
NUMBER OF DAYS FAIR           15
NUMBER OF DAYS PC             11
NUMBER OF DAYS CLOUDY          5


WEATHER CONDITIONS. NUMBER OF DAYS WITH
THUNDERSTORM              0     MIXED PRECIP               0
HEAVY RAIN                0     RAIN                       0
LIGHT RAIN                1     FREEZING RAIN              0
LT FREEZING RAIN          0     HAIL                       0
HEAVY SNOW                1     SNOW                       2
LIGHT SNOW               14     SLEET                      0
FOG                       5     FOG W/VIS <= 1/4 MILE      1
HAZE                      5

-  INDICATES NEGATIVE NUMBERS.
R  INDICATES RECORD WAS SET OR TIED.
MM INDICATES DATA IS MISSING.
T  INDICATES TRACE AMOUNT.

$$
