000
CXUS53 KBIS 011429
CLMISN

CLIMATE REPORT
NATIONAL WEATHER SERVICE BISMARCK ND
809 AM CST WED MAR 1 2017

...................................

...THE WILLISTON ND CLIMATE SUMMARY FOR THE MONTH OF FEBRUARY 2017...

CLIMATE NORMAL PERIOD 1981 TO 2010
CLIMATE RECORD PERIOD 1894 TO 2017

WEATHER         OBSERVED          NORMAL  DEPART  LAST YEAR`S
                 VALUE   DATE(S)  VALUE   FROM    VALUE  DATE(S)
                                          NORMAL
................................................................
TEMPERATURE (F)
RECORD
 HIGH              66   02/27/1992
                        02/27/1932
 LOW              -50   02/16/1936
HIGHEST            52   02/16                         60  02/27
LOWEST            -25   02/08                         -1  02/12
AVG. MAXIMUM     29.5              27.5     2.0     38.5
AVG. MINIMUM     10.1               6.3     3.8     20.0
MEAN             19.8              16.9     2.9     29.3
DAYS MAX >= 90      0               0.0     0.0        0
DAYS MAX <= 32     14              15.7    -1.7        7
DAYS MIN <= 32     27              27.5    -0.5       29
DAYS MIN <= 0       8               9.5    -1.5        1

PRECIPITATION (INCHES)
RECORD
 MAXIMUM         1.75   1998
 MINIMUM           MM   MM
TOTALS           0.70              0.39    0.31     0.75
DAILY AVG.       0.03              0.01    0.02     0.03
DAYS >= .01        11               6.0     5.0        9
DAYS >= .10         2               1.1     0.9        2
DAYS >= .50         0               0.1    -0.1        0
DAYS >= 1.00        0               0.0     0.0        0
GREATEST
 24 HR. TOTAL    0.33   02/06 TO 02/07              0.38


DEGREE_DAYS
HEATING TOTAL    1257              1347     -90
 SINCE 7/1       6022              6768    -746
.................................................................

WIND (MPH)
HIGHEST WIND SPEED/DIRECTION    32/330    DATE  02/11
HIGHEST GUST SPEED/DIRECTION    39/320    DATE  02/11

SKY COVER
POSSIBLE SUNSHINE (PERCENT)   MM
NUMBER OF DAYS FAIR           13
NUMBER OF DAYS PC              6
NUMBER OF DAYS CLOUDY          9


WEATHER CONDITIONS. NUMBER OF DAYS WITH
THUNDERSTORM              0     MIXED PRECIP               0
HEAVY RAIN                0     RAIN                       0
LIGHT RAIN                2     FREEZING RAIN              0
LT FREEZING RAIN          0     HAIL                       0
HEAVY SNOW                1     SNOW                       2
LIGHT SNOW               13     SLEET                      0
FOG                      16     FOG W/VIS <= 1/4 MILE      3
HAZE                      9

-  INDICATES NEGATIVE NUMBERS.
R  INDICATES RECORD WAS SET OR TIED.
MM INDICATES DATA IS MISSING.
T  INDICATES TRACE AMOUNT.

$$
