000
CXUS53 KBIS 021418
CLMISN

CLIMATE REPORT
NATIONAL WEATHER SERVICE BISMARCK ND
816 AM CST THU FEB 2 2017

...................................

...THE WILLISTON ND CLIMATE SUMMARY FOR THE MONTH OF JANUARY 2017...

CLIMATE NORMAL PERIOD 1981 TO 2010
CLIMATE RECORD PERIOD 1894 TO 2017

WEATHER         OBSERVED          NORMAL  DEPART  LAST YEAR`S
                 VALUE   DATE(S)  VALUE   FROM    VALUE  DATE(S)
                                          NORMAL
................................................................
TEMPERATURE (F)
RECORD
 HIGH              58   01/05/2012
 LOW              -42   01/12/1916
                        01/11/1912
                        01/15/1907
HIGHEST            42   01/18                         44  01/29
LOWEST            -27   01/07                        -20  01/18
                                                          01/17
                                                          01/16
AVG. MAXIMUM     19.1              21.9    -2.8     26.2
AVG. MINIMUM      2.3               0.1     2.2      7.5
MEAN             10.7              11.0    -0.3     16.8
DAYS MAX >= 90      0               0.0     0.0        0
DAYS MAX <= 32     23              21.6     1.4       22
DAYS MIN <= 32     31              30.9     0.1       30
DAYS MIN <= 0      14              14.3    -0.3        9

PRECIPITATION (INCHES)
RECORD
 MAXIMUM         2.02   1896
 MINIMUM         0.01   1898
TOTALS           0.44              0.59   -0.15     0.38
DAILY AVG.       0.01              0.02   -0.01     0.01
DAYS >= .01         8               7.5     0.5        6
DAYS >= .10         2               1.9     0.1        2
DAYS >= .50         0               0.1    -0.1        0
DAYS >= 1.00        0               0.0     0.0        0
GREATEST
 24 HR. TOTAL    0.22   01/01 TO 01/02              0.16

SNOWFALL (INCHES)
TOTALS             MM
SINCE 7/1          MM
SNOWDEPTH AVG.      0
DAYS >= 1.0         0
GREATEST
 SNOW DEPTH         0
 24 HR TOTAL       MM

DEGREE_DAYS
HEATING TOTAL    1677              1674       3
 SINCE 7/1       4765              5421    -656
.................................................................

WIND (MPH)
HIGHEST WIND SPEED/DIRECTION    36/290    DATE  01/30
HIGHEST GUST SPEED/DIRECTION    44/290    DATE  01/30

SKY COVER
POSSIBLE SUNSHINE (PERCENT)   MM
NUMBER OF DAYS FAIR           15
NUMBER OF DAYS PC              6
NUMBER OF DAYS CLOUDY         10


WEATHER CONDITIONS. NUMBER OF DAYS WITH
THUNDERSTORM              0     MIXED PRECIP               0
HEAVY RAIN                0     RAIN                       0
LIGHT RAIN                1     FREEZING RAIN              0
LT FREEZING RAIN          0     HAIL                       0
HEAVY SNOW                0     SNOW                       2
LIGHT SNOW               14     SLEET                      0
FOG                      18     FOG W/VIS <= 1/4 MILE      0
HAZE                     13

-  INDICATES NEGATIVE NUMBERS.
R  INDICATES RECORD WAS SET OR TIED.
MM INDICATES DATA IS MISSING.
T  INDICATES TRACE AMOUNT.

$$

MM
