000
CXUS53 KBIS 041320
CLSISN

CLIMATE REPORT
NATIONAL WEATHER SERVICE BISMARCK ND
713 AM CST WED DEC 4 2013

...THE WILLISTON ND CLIMATE SUMMARY FOR THE SEASON, FROM
9/1/2013 TO 11/30/2013...

CLIMATE NORMAL PERIOD 1981 TO 2010
CLIMATE RECORD PERIOD 1894 TO 2013

WEATHER         OBSERVED          NORMAL  DEPART  LAST YEAR`S
                 VALUE   DATE(S)  VALUE   FROM    VALUE  DATE(S)
                                          NORMAL
................................................................
TEMPERATURE (F)
RECORD
 HIGH             104   09/01/1983
 LOW              -27   11/24/1996
HIGHEST            95   09/03        MM      MM       93  09/01
LOWEST             16   10/05        MM      MM       -6  11/12
AVG. MAXIMUM     64.8              55.2     9.6     53.9
AVG. MINIMUM     39.3              29.4     9.9     29.2
MEAN             52.0              42.3     9.7     41.5
DAYS MAX >= 90      3               2.1     0.9        3
DAYS MAX <= 32      1              10.7    -9.7       15
DAYS MIN <= 32     22              48.6   -26.6       53
DAYS MIN <= 0       0               3.0    -3.0        3

PRECIPITATION (INCHES)
RECORD
 MAXIMUM         5.10   2008
 MINIMUM         1.56   2009
TOTALS           3.97              2.63    1.34     3.12
DAILY AVG.       0.06              0.03    0.03     0.03
DAYS >= .01        18              20.4    -2.4       19
DAYS >= .10         6               7.0    -1.0        7
DAYS >= .50         2               1.0     1.0        1
DAYS >= 1.00        2               0.3     1.7        0
GREATEST
 24 HR. TOTAL    1.74   MM                       11/30 TO 11/30
                                                          11/30 TO 11/30
                                                          11/30 TO 11/30
 STORM TOTAL       MM                                 MM
 (MM/DD(HH))            MM                    11/30(00) TO 11/30(00)
                                                 11/30(00) TO 11/30(00)0
                                                 11/30(00) TO 11/30(00)0

SNOWFALL (INCHES)
RECORDS
 TOTAL           19.2   2010
TOTALS            0.0               8.9

DEGREE_DAYS
HEATING TOTAL     863
COOLING TOTAL      78
.................................................

WIND (MPH)
HIGHEST WIND SPEED/DIRECTION    38/310    DATE  09/09
HIGHEST GUST SPEED/DIRECTION    49/310    DATE  09/09

SKY COVER
POSSIBLE SUNSHINE (PERCENT)   MM
NUMBER OF DAYS FAIR           34
NUMBER OF DAYS PC             18
NUMBER OF DAYS CLOUDY          9

AVERAGE RH (PERCENT)     65

WEATHER CONDITIONS. NUMBER OF DAYS WITH
THUNDERSTORM              0     MIXED PRECIP               0
HEAVY RAIN                5     RAIN                       6
LIGHT RAIN               22     FREEZING RAIN              0
LT FREEZING RAIN          0     HAIL                       0
HEAVY SNOW                0     SNOW                       0
LIGHT SNOW                3     SLEET                      0
FOG                      18     FOG W/VIS <= 1/4 MILE      0
HAZE                      4

-  INDICATES NEGATIVE NUMBERS.
R  INDICATES RECORD WAS SET OR TIED.
MM INDICATES DATA IS MISSING.
T  INDICATES TRACE AMOUNT.

$$
