000
CXUS53 KBIS 011355
CLSISN

CLIMATE REPORT
NATIONAL WEATHER SERVICE BISMARCK ND
750 AM CST SAT MAR 1 2014

...................................

...THE WILLISTON ND CLIMATE SUMMARY FOR THE SEASON, FROM 12/1/2013
TO 2/28/2014...

CLIMATE NORMAL PERIOD 1981 TO 2010
CLIMATE RECORD PERIOD 1894 TO 2014

WEATHER         OBSERVED          NORMAL  DEPART  LAST YEAR`S
                 VALUE   DATE(S)  VALUE   FROM    VALUE  DATE(S)
                                          NORMAL
................................................................
TEMPERATURE (F)
RECORD
 HIGH              66   02/27/1992
                        02/27/1932
 LOW              -50   12/23/1983
                        02/16/1936
HIGHEST            46   02/17        MM      MM       46  12/02
                        01/25
LOWEST            -30   12/23        MM      MM      -21  01/31
AVG. MAXIMUM     21.4              24.5    -3.1     24.7
AVG. MINIMUM     -0.3               3.2    -3.5      6.8
MEAN             10.6              13.8    -3.2     15.8
DAYS MAX >= 90      0               0.0     0.0        0
DAYS MAX <= 32     59              57.3     1.7       63
DAYS MIN <= 32     90              89.3     0.7       90
DAYS MIN <= 0      53              36.0    17.0       25

PRECIPITATION (INCHES)
RECORD
 MAXIMUM         4.76   2009
 MINIMUM         0.58   2012
TOTALS           1.51              1.60   -0.09     1.14
DAILY AVG.       0.02              0.02    0.00     0.01
DAYS >= .01        26              22.1     3.9       26
DAYS >= .10         5               4.5     0.5        2
DAYS >= .50         0               0.4    -0.4        0
DAYS >= 1.00        0               0.0     0.0        0
GREATEST
 24 HR. TOTAL    0.43   MM                       02/28 TO 02/28
                                                          02/28 TO 02/28
                                                          02/28 TO 02/28
 STORM TOTAL       MM                                 MM
 (MM/DD(HH))            MM                    02/28(00) TO 02/28(00)
                                                 02/28(00) TO 02/28(00)8
                                                 02/28(00) TO 02/28(00)8

SNOWFALL (INCHES)
RECORDS
 TOTAL           60.8   2011
TOTALS             MM              25.2

DEGREE_DAYS
HEATING TOTAL    4875
COOLING TOTAL       0
.........................................................

WIND (MPH)
HIGHEST WIND SPEED/DIRECTION    46/310    DATE  01/15
HIGHEST GUST SPEED/DIRECTION    62/310    DATE  01/15

SKY COVER
POSSIBLE SUNSHINE (PERCENT)   MM
NUMBER OF DAYS FAIR           34
NUMBER OF DAYS PC             36
NUMBER OF DAYS CLOUDY         20

AVERAGE RH (PERCENT)     72

WEATHER CONDITIONS. NUMBER OF DAYS WITH
THUNDERSTORM              0     MIXED PRECIP               0
HEAVY RAIN                0     RAIN                       0
LIGHT RAIN                7     FREEZING RAIN              0
LT FREEZING RAIN          1     HAIL                       0
HEAVY SNOW                1     SNOW                       4
LIGHT SNOW               44     SLEET                      0
FOG                      26     FOG W/VIS <= 1/4 MILE      2
HAZE                     36

-  INDICATES NEGATIVE NUMBERS.
R  INDICATES RECORD WAS SET OR TIED.
MM INDICATES DATA IS MISSING.
T  INDICATES TRACE AMOUNT.
...................................

$$
