000
CXUS53 KBIS 011337
CLSISN

CLIMATE REPORT
NATIONAL WEATHER SERVICE BISMARCK ND
826 AM CDT SUN JUN 1 2014

...................................

...THE WILLISTON ND CLIMATE SUMMARY FOR THE SEASON, FROM
3/1/2014 TO 5/31/2014...

CLIMATE NORMAL PERIOD 1981 TO 2010
CLIMATE RECORD PERIOD 1894 TO 2014

WEATHER         OBSERVED          NORMAL  DEPART  LAST YEAR`S
                 VALUE   DATE(S)  VALUE   FROM    VALUE  DATE(S)
                                          NORMAL
................................................................
TEMPERATURE (F)
RECORD
 HIGH             106   05/22/1980
 LOW              -35   03/14/1897
HIGHEST            87   05/24        MM      MM       88  05/13
                        05/23
LOWEST            -22   03/01        MM      MM      -12  03/25
AVG. MAXIMUM     52.9              55.0    -2.1     46.5
AVG. MINIMUM     27.6              29.5    -1.9     24.3
MEAN             40.2              42.2    -2.0     35.4
DAYS MAX >= 90      0               0.3    -0.3        0
DAYS MAX <= 32     14               8.7     5.3       26
DAYS MIN <= 32     58              52.0     6.0       65
DAYS MIN <= 0       3               3.1    -0.1        8

PRECIPITATION (INCHES)
RECORD
 MAXIMUM         9.25   2011
 MINIMUM         1.78   2009
TOTALS           3.65              3.63    0.02     7.24
DAILY AVG.       0.04              0.04    0.00     0.08
DAYS >= .01        26              25.3     0.7       33
DAYS >= .10        10               9.7     0.3       14
DAYS >= .50         3               1.3     1.7        6
DAYS >= 1.00        0               0.5    -0.5        2
GREATEST
 24 HR. TOTAL    1.07   MM                       05/30 TO 05/31
                                                          04/14 TO 04/14
                                                          04/14 TO 04/14
 STORM TOTAL       MM                                 MM
 (MM/DD(HH))            MM                    05/31(00) TO 05/31(00)
                                                 04/14(00) TO 04/14(00)4
                                                 04/14(00) TO 04/14(00)4

SNOWFALL (INCHES)
RECORDS
 TOTAL           26.3   2011
TOTALS             MM              11.2

DEGREE_DAYS
HEATING TOTAL    2280
COOLING TOTAL      21
.....................................................

WIND (MPH)
HIGHEST WIND SPEED/DIRECTION    35/090    DATE  04/26
HIGHEST GUST SPEED/DIRECTION    45/110    DATE  04/23

SKY COVER
POSSIBLE SUNSHINE (PERCENT)   MM
NUMBER OF DAYS FAIR           44
NUMBER OF DAYS PC             29
NUMBER OF DAYS CLOUDY         17

AVERAGE RH (PERCENT)     62

WEATHER CONDITIONS. NUMBER OF DAYS WITH
THUNDERSTORM              0     MIXED PRECIP               0
HEAVY RAIN                4     RAIN                       7
LIGHT RAIN               26     FREEZING RAIN              0
LT FREEZING RAIN          1     HAIL                       0
HEAVY SNOW                0     SNOW                       1
LIGHT SNOW               18     SLEET                      0
FOG                      29     FOG W/VIS <= 1/4 MILE      3
HAZE                     13

-  INDICATES NEGATIVE NUMBERS.
R  INDICATES RECORD WAS SET OR TIED.
MM INDICATES DATA IS MISSING.
T  INDICATES TRACE AMOUNT.
...................................

$$
