000
CXUS53 KBIS 011250
CLSISN

CLIMATE REPORT
NATIONAL WEATHER SERVICE BISMARCK ND
742 AM CDT MON SEP 1 2014

...................................

...THE WILLISTON ND CLIMATE SUMMARY FOR THE SEASON, FROM
6/1/2014 TO 8/31/2014...

CLIMATE NORMAL PERIOD 1981 TO 2010
CLIMATE RECORD PERIOD 1894 TO 2014

WEATHER         OBSERVED          NORMAL  DEPART  LAST YEAR`S
                 VALUE   DATE(S)  VALUE   FROM    VALUE  DATE(S)
                                          NORMAL
................................................................
TEMPERATURE (F)
RECORD
 HIGH             110   07/05/1936
 LOW               26   06/04/1998
HIGHEST            99   07/05        MM      MM       97  07/11
LOWEST             33   06/12        MM      MM       36  06/05
                                                          06/02
AVG. MAXIMUM     80.1              81.7    -1.6     79.1
AVG. MINIMUM     53.8              53.2     0.6     53.5
MEAN             66.9              67.4    -0.5     66.3
DAYS MAX >= 90     13              19.4    -6.4       13
DAYS MAX <= 32      0               0.0     0.0        0
DAYS MIN <= 32      0               0.4    -0.4        0
DAYS MIN <= 0       0               0.0     0.0        0

PRECIPITATION (INCHES)
RECORD
 MAXIMUM         8.81   2010
 MINIMUM         3.46   2012
TOTALS           4.34              6.51   -2.17     8.08
DAILY AVG.       0.05              0.07   -0.02     0.09
DAYS >= .01        29              28.7     0.3       33
DAYS >= .10        13              14.6    -1.6       20
DAYS >= .50         1               3.6    -2.6        5
DAYS >= 1.00        1               0.9     0.1        1
GREATEST
 24 HR. TOTAL    1.16   MM                       08/31 TO 08/31
                                                          08/31 TO 08/31
                                                          08/31 TO 08/31
 STORM TOTAL       MM                                 MM
 (MM/DD(HH))            MM                    08/31(00) TO 08/31(00)
                                                 08/31(00) TO 08/31(00)1
                                                 08/31(00) TO 08/31(00)1

SNOWFALL (INCHES)
RECORDS
 TOTAL              T   2012
                        2011
                        2008
TOTALS            0.0               0.0

DEGREE_DAYS
HEATING TOTAL     167
COOLING TOTAL     370
..................................................

WIND (MPH)
HIGHEST WIND SPEED/DIRECTION    39/280    DATE  06/29
HIGHEST GUST SPEED/DIRECTION    52/290    DATE  06/29

SKY COVER
POSSIBLE SUNSHINE (PERCENT)   MM
NUMBER OF DAYS FAIR           61
NUMBER OF DAYS PC             21
NUMBER OF DAYS CLOUDY         10

AVERAGE RH (PERCENT)     65

WEATHER CONDITIONS. NUMBER OF DAYS WITH
THUNDERSTORM              0     MIXED PRECIP               0
HEAVY RAIN                9     RAIN                       7
LIGHT RAIN               48     FREEZING RAIN              0
LT FREEZING RAIN          0     HAIL                       0
HEAVY SNOW                0     SNOW                       0
LIGHT SNOW                0     SLEET                      0
FOG                      39     FOG W/VIS <= 1/4 MILE      4
HAZE                     17

-  INDICATES NEGATIVE NUMBERS.
R  INDICATES RECORD WAS SET OR TIED.
MM INDICATES DATA IS MISSING.
T  INDICATES TRACE AMOUNT.

$$

ZH
